000
CXUS51 KCAR 040610
CLMMLT
CLIMATE REPORT
NATIONAL WEATHER SERVICE CARIBOU ME
210 AM EDT WED OCT 04 2023
...................................
...THE MILLINOCKET ME CLIMATE SUMMARY FOR THE MONTH OF SEPTEMBER 2023...
CLIMATE NORMAL PERIOD: 1991 TO 2020
CLIMATE RECORD PERIOD: 1903 TO 2023
WEATHER OBSERVED NORMAL DEPART LAST YEAR`S
VALUE DATE(S) VALUE FROM VALUE DATE(S)
NORMAL
................................................................
TEMPERATURE (F)
RECORD
HIGH 96 09/10/2002
LOW 22 09/30/1980
09/29/1980
HIGHEST 90 09/05 MM MM 83 09/11
LOWEST 37 09/26 MM MM 34 09/30
AVG. MAXIMUM 72.8 69.3 3.5 68.9
AVG. MINIMUM 52.2 47.1 5.1 48.9
MEAN 62.5 58.2 4.3 58.9
DAYS MAX >= 90 1 0.4 0.6 0
DAYS MAX <= 32 0 0.0 0.0 0
DAYS MIN <= 32 0 0.8 -0.8 0
DAYS MIN <= 0 0 0.0 0.0 0
PRECIPITATION (INCHES)
RECORD
MAXIMUM 7.28 2021
MINIMUM 4.25 2022
TOTALS 5.84 2.23
DAILY AVG. 0.19 0.12 0.07 0.14
DAYS >= .01 10 11.0 -1.0 9
DAYS >= .10 9 6.1 2.9 8
DAYS >= .50 5 2.5 2.5 3
DAYS >= 1.00 2 0.7 1.3 1
SNOWFALL (INCHES)
RECORDS
TOTAL MM MM
TOTALS MM MM MM MM
SINCE 7/1 MM MM MM MM
SNOWDEPTH AVG. MM MM
DAYS >= 1.0 MM MM MM MM
GREATEST
SNOW DEPTH MM MM MM
24 HR TOTAL MM MM
DEGREE DAYS
HEATING TOTAL 124 228 -104 193
SINCE 7/1 165 297 -132 MM
COOLING TOTAL 57 24 33 20
SINCE 1/1 416 292 124 MM
................................................................
WIND (MPH)
AVERAGE WIND SPEED 3.6
HIGHEST WIND SPEED/DIRECTION 30/350 DATE 09/16
HIGHEST GUST SPEED/DIRECTION 50/350 DATE 09/16
SKY COVER
POSSIBLE SUNSHINE (PERCENT) MM
AVERAGE SKY COVER 0.39
NUMBER OF DAYS FAIR 17
NUMBER OF DAYS PC 8
NUMBER OF DAYS CLOUDY 5
AVERAGE RH (PERCENT) 76
WEATHER CONDITIONS. NUMBER OF DAYS WITH
THUNDERSTORM 2 MIXED PRECIP 0
HEAVY RAIN 8 RAIN 8
LIGHT RAIN 12 FREEZING RAIN 0
LT FREEZING RAIN 0 HAIL 0
HEAVY SNOW 0 SNOW 0
LIGHT SNOW 0 SLEET 0
FOG 20 FOG W/VIS <= 1/4 MILE 7
HAZE 3
- INDICATES NEGATIVE NUMBERS.
* INDICATES RECORD WAS SET OR TIED.
MM INDICATES DATA IS MISSING.
T INDICATES TRACE AMOUNT.
$$