000
CXUS56 KPQR 011200
CF6MMV
PRELIMINARY LOCAL CLIMATOLOGICAL DATA (WS FORM: F-6)
STATION: MCMINNVILLE OR
MONTH: SEPTEMBER
YEAR: 2020
LATITUDE: 45 11 N
LONGITUDE: 123 8 W
TEMPERATURE IN F: :PCPN: SNOW: WIND :SUNSHINE: SKY :PK WND
================================================================================
1 2 3 4 5 6A 6B 7 8 9 10 11 12 13 14 15 16 17 18
12Z AVG MX 2MIN
DY MAX MIN AVG DEP HDD CDD WTR SNW DPTH SPD SPD DIR MIN PSBL S-S WX SPD DR
================================================================================
1 93 51 72 7 0 7 0.00 M M 6.1 17 20 M M 0 22 10
2 96 54 75 10 0 10 0.00 M M 4.8 16 30 M M 0 1 20 20
3 99 54 77 13 0 12 0.00 M M 5.1 14 350 M M 0 17 350
4 83 51 67 3 0 2 0.00 M M 8.1 20 220 M M 0 23 230
5 79 50 65 1 0 0 0.00 M M 2.5 10 10 M M 3 14 20
6 94 48 71 7 0 6 0.00 M M 4.9 18 30 M M 0 12 22 40
7 91 53 72 8 0 7 0.00 M M 8.3 25 60 M M 4 8 34 40
8 78 62 70 6 0 5 0.00 M M 15.5 28 40 M M 9 8 37 30
9 83 67 75 11 0 10 0.00 M M 10.9 18 30 M M 10 8 23 40
10 74 53 64 1 1 0 0.00 M M 3.5 12 220 M M 10 8 13 230
11 69 45 57 -6 8 0 0.00 M M 0.5 5 80 M M 10 128 8 10
12 63 44 54 -9 11 0 0.00 M M 1.9 6 140 M M 10 128 7 130
13 64 44 54 -9 11 0 0.00 M M 2.2 7 90 M M 9 128 11 140
14 73 50 62 0 3 0 0.00 M M 0.9 6 120 M M 10 128 9 70
15 78 55 67 5 0 2 0.00 M M 1.8 8 110 M M 10 128 11 100
16 73 50 62 0 3 0 0.00 M M 1.1 7 100 M M 10 128 12 90
17 76 52 64 2 1 0 0.35 M M 3.0 13 210 M M 10 1238 14 220
18 68 56 62 1 3 0 1.07 M M 2.9 22 220 M M 7 1238 29 220
19 72 54 63 2 2 0 0.01 M M 3.4 10 320 M M 8 128 14 320
20 76 52 64 3 1 0 0.00 M M 1.8 9 350 M M 3 13 330
21 75 49 62 2 3 0 0.00 M M 4.1 13 250 M M 5 12 16 210
22 74 55 65 5 0 0 0.00 M M 4.8 9 230 M M 4 13 110
23 70 56 63 3 2 0 0.33 M M 8.7 25 180 M M 9 1 36 180
24 72 54 63 4 2 0 T M M 8.0 17 230 M M 4 22 250
25 63 55 59 0 6 0 0.30 M M 10.5 24 180 M M 8 1 33 190
26 71 50 61 2 4 0 0.00 M M 5.8 16 260 M M 6 1 20 250
27 75 46 61 3 4 0 0.00 M M 7.3 15 350 M M 0 1 22 140
28 86 59 73 15 0 8 0.00 M M 10.4 16 10 M M 0 19 10
29 87 54 71 13 0 6 0.00 M M 3.0 10 350 M M 0 12 350
30 80 49 65 8 0 0 0.00 M M 2.3 9 270 M M 0 1 11 260
================================================================================
SM 2335 1572 65 75 2.06 M 154.1 M 159
================================================================================
AV 77.8 52.4 5.1 FASTST M M 5 MAX(MPH)
MISC ----> # 28 40 # 37 30
================================================================================
NOTES:
# LAST OF SEVERAL OCCURRENCES
COLUMN 17 PEAK WIND IN M.P.H.
PRELIMINARY LOCAL CLIMATOLOGICAL DATA (WS FORM: F-6) , PAGE 2
STATION: MCMINNVILLE OR
MONTH: SEPTEMBER
YEAR: 2020
LATITUDE: 45 11 N
LONGITUDE: 123 8 W
[TEMPERATURE DATA] [PRECIPITATION DATA] SYMBOLS USED IN COLUMN 16
AVERAGE MONTHLY: 65.1 TOTAL FOR MONTH: 2.06 1 = FOG OR MIST
DPTR FM NORMAL: 3.5 DPTR FM NORMAL: 0.68 2 = FOG REDUCING VISIBILITY
HIGHEST: 99 ON 3 GRTST 24HR 1.07 ON 18-18 TO 1/4 MILE OR LESS
LOWEST: 44 ON 13,12 3 = THUNDER
SNOW, ICE PELLETS, HAIL 4 = ICE PELLETS
TOTAL MONTH: M 5 = HAIL
GRTST 24HR M ON M 6 = FREEZING RAIN OR DRIZZLE
GRTST DEPTH: M ON M 7 = DUSTSTORM OR SANDSTORM:
VSBY 1/2 MILE OR LESS
8 = SMOKE OR HAZE
[NO. OF DAYS WITH] [WEATHER - DAYS WITH] 9 = BLOWING SNOW
X = TORNADO
MAX 32 OR BELOW: 0 0.01 INCH OR MORE: 5
MAX 90 OR ABOVE: 5 0.10 INCH OR MORE: 4
MIN 32 OR BELOW: 0 0.50 INCH OR MORE: 1
MIN 0 OR BELOW: 0 1.00 INCH OR MORE: 1
[HDD (BASE 65) ]
TOTAL THIS MO. 65 CLEAR (SCALE 0-3) 10
DPTR FM NORMAL -66 PTCLDY (SCALE 4-7) 9
TOTAL FM JUL 1 108 CLOUDY (SCALE 8-10) 11
DPTR FM NORMAL -108
[CDD (BASE 65) ]
TOTAL THIS MO. 75
DPTR FM NORMAL 45 [PRESSURE DATA]
TOTAL FM JAN 1 343 HIGHEST SLP 30.42 ON 27
DPTR FM NORMAL 129 LOWEST SLP 29.77 ON 23
[REMARKS]
#FINAL-09-20#