000
CXUS55 KBOU 010900
CF6MNH
PRELIMINARY LOCAL CLIMATOLOGICAL DATA (WS FORM: F-6)
STATION: ELBERT 6W CO
MONTH: AUGUST
YEAR: 2022
LATITUDE: 39 13 N
LONGITUDE: 104 38 W
TEMPERATURE IN F: :PCPN: SNOW: WIND :SUNSHINE: SKY :PK WND
================================================================================
1 2 3 4 5 6A 6B 7 8 9 10 11 12 13 14 15 16 17 18
12Z AVG MX 2MIN
DY MAX MIN AVG DEP HDD CDD WTR SNW DPTH SPD SPD DIR MIN PSBL S-S WX SPD DR
================================================================================
1 84 54 69 M 0 4 M M M 6.9 14 230 M M 1 20 210
2 86 57 72 M 0 7 M M M 8.8 14 340 M M 1 30 350
3 81 55 68 M 0 3 M M M 7.5 14 10 M M 3 24 130
4 86 54 70 M 0 5 M M M 10.2 27 160 M M 1 37 160
5 88 59 74 M 0 9 M M M 6.7 12 240 M M 1 M M
6 84 57 71 M 0 6 M M M 6.7 15 140 M M 3 23 140
7 70 55 63 M 2 0 M M M 8.5 12 260 M M 5 18 290
8 77 54 66 M 0 1 M M M 10.8 20 170 M M 1 3 24 180
9 81 57 69 M 0 4 0.00 M M 7.2 14 150 M M 2 20 150
10 81 55 68 M 0 3 0.00 M M 10.7 20 160 M M 0 24 160
11 82 55 69 M 0 4 0.00 M M 13.1 18 150 M M 0 25 160
12 82 55 69 M 0 4 0.00 M M 7.7 13 180 M M 1 22 70
13 82 55 69 M 0 4 0.00 M M 9.3 17 280 M M 3 28 270
14 84 55 70 M 0 5 0.00 M M 7.1 25 180 M M 2 31 180
15 77 52 65 M 0 0 1.78 M M 6.9 23 10 M M 5 13 44 10
16 61 54 58 M 7 0 0.00 M M 7.3 14 350 M M 9 17 350
17 72 48 60 M 5 0 0.00 M M 5.8 9 190 M M 3 M M
18 77 50 64 M 1 0 0.00 M M 6.5 12 360 M M 1 16 360
19 73 50 62 M 3 0 0.20 M M 7.9 14 220 M M 3 17 30
20 66 52 59 M 6 0 0.00 M M 11.9 24 160 M M 4 30 150
21 70 54 62 M 3 0 0.00 M M 12.9 21 170 M M 4 29 170
22 72 54 63 M 2 0 0.00 M M 9.3 14 190 M M 3 22 200
23 73 48 61 M 4 0 0.00 M M 8.5 12 160 M M 2 21 170
24 77 50 64 M 1 0 0.00 M M 7.3 12 170 M M 1 17 80
25 79 50 65 M 0 0 0.00 M M 8.8 15 290 M M 1 24 160
26 75 52 64 M 1 0 0.15 M M 5.6 13 210 M M 7 M M
27 77 50 64 M 1 0 0.00 M M 8.6 16 330 M M 0 21 330
28 79 52 66 M 0 1 0.00 M M 9.1 24 280 M M 2 36 280
29 77 50 64 M 1 0 0.00 M M 8.0 12 40 M M 2 21 40
30 81 52 67 M 0 2 0.00 M M 11.1 16 140 M M 1 24 140
31 81 54 68 M 0 3 0.22 M M 10.2 18 150 M M 1 3 44 150
================================================================================
SM 2415 1649 37 65 2.35 M 266.8 M 73
================================================================================
AV 77.9 53.2 8.6 FASTST M M 2 MAX(MPH)
MISC ----> 27 160 # 44 10
================================================================================
NOTES:
# LAST OF SEVERAL OCCURRENCES
COLUMN 17 PEAK WIND IN M.P.H.
PRELIMINARY LOCAL CLIMATOLOGICAL DATA (WS FORM: F-6) , PAGE 2
STATION: ELBERT 6W CO
MONTH: AUGUST
YEAR: 2022
LATITUDE: 39 13 N
LONGITUDE: 104 38 W
[TEMPERATURE DATA] [PRECIPITATION DATA] SYMBOLS USED IN COLUMN 16
AVERAGE MONTHLY: 65.5 TOTAL FOR MONTH: 2.35 1 = FOG OR MIST
DPTR FM NORMAL: 0.0 DPTR FM NORMAL: M 2 = FOG REDUCING VISIBILITY
HIGHEST: 88 ON 5 GRTST 24HR 1.78 ON 15-15 TO 1/4 MILE OR LESS
LOWEST: 48 ON 23,17 3 = THUNDER
SNOW, ICE PELLETS, HAIL 4 = ICE PELLETS
TOTAL MONTH: M 5 = HAIL
GRTST 24HR M ON M 6 = FREEZING RAIN OR DRIZZLE
GRTST DEPTH: M ON M 7 = DUSTSTORM OR SANDSTORM:
VSBY 1/2 MILE OR LESS
8 = SMOKE OR HAZE
[NO. OF DAYS WITH] [WEATHER - DAYS WITH] 9 = BLOWING SNOW
X = TORNADO
MAX 32 OR BELOW: 0 0.01 INCH OR MORE: 4
MAX 90 OR ABOVE: 0 0.10 INCH OR MORE: 4
MIN 32 OR BELOW: 0 0.50 INCH OR MORE: 1
MIN 0 OR BELOW: 0 1.00 INCH OR MORE: 1
[HDD (BASE 65) ]
TOTAL THIS MO. 37 CLEAR (SCALE 0-3) 23
DPTR FM NORMAL M PTCLDY (SCALE 4-7) 7
TOTAL FM JUL 1 50 CLOUDY (SCALE 8-10) 1
DPTR FM NORMAL M
[CDD (BASE 65) ]
TOTAL THIS MO. 65
DPTR FM NORMAL M [PRESSURE DATA]
TOTAL FM JAN 1 213 HIGHEST SLP M ON M
DPTR FM NORMAL M LOWEST SLP M ON M
[REMARKS]
#FINAL-08-22#