000
CXUS53 KBIS 010930
CF6MOT
PRELIMINARY LOCAL CLIMATOLOGICAL DATA (WS FORM: F-6)
STATION: MINOT ND
MONTH: NOVEMBER
YEAR: 2022
LATITUDE: 48 15 N
LONGITUDE: 101 16 W
TEMPERATURE IN F: :PCPN: SNOW: WIND :SUNSHINE: SKY :PK WND
================================================================================
1 2 3 4 5 6A 6B 7 8 9 10 11 12 13 14 15 16 17 18
12Z AVG MX 2MIN
DY MAX MIN AVG DEP HDD CDD WTR SNW DPTH SPD SPD DIR MIN PSBL S-S WX SPD DR
================================================================================
1 73 35 54 17 11 0 0.00 M M 6.8 15 130 M M 0 21 120
2 69 39 54 17 11 0 0.00 M M 10.0 28 280 M M 1 35 280
3 41 22 32 -4 33 0 0.00 M M 15.9 29 280 M M 4 39 280
4 49 17 33 -3 32 0 0.00 M M 9.7 22 190 M M 0 31 190
5 46 33 40 5 25 0 T M M 17.9 31 240 M M 6 47 230
6 37 19 28 -7 37 0 T M M 32.2 46 270 M M 7 67 270
7 29 15 22 -12 43 0 0.01 M M 14.6 30 100 M M 9 1 42 110
8 38 21 30 -4 35 0 0.00 M M 10.4 25 100 M M 4 34 100
9 24 17 21 -12 44 0 0.00 M M 15.6 22 290 M M 10 28 340
10 17 13 15 -18 50 0 M M M 22.6 32 310 M M 10 128 40 310
11 18 2 10 -22 55 0 0.00 M M 12.4 23 310 M M 3 29 320
12 10 -5 3 -29 62 0 T M M 5.7 12 230 M M 7 128 13 110
13 16 1 9 -22 56 0 T M M 7.3 15 120 M M 10 18 18 110
14 19 8 14 -17 51 0 T M M 4.7 14 290 M M 10 1 15 300
15 19 1 10 -20 55 0 T M M 10.2 16 230 M M 8 18 21 240
16 31 0 16 -14 49 0 T M M 17.7 31 290 M M 9 18 40 280
17 20 5 13 -16 52 0 M M M 22.8 30 300 M M 9 8 39 300
18 21 4 13 -16 52 0 T M M 22.4 37 290 M M 7 89 47 300
19 24 11 18 -10 47 0 T M M 14.5 24 300 M M 5 8 33 300
20 34 14 24 -4 41 0 0.00 M M 15.3 24 260 M M 1 34 270
21 28 14 21 -6 44 0 0.00 M M 9.4 16 300 M M 3 21 270
22 41 25 33 6 32 0 0.00 M M 13.4 21 220 M M 0 26 210
23 44 32 38 12 27 0 0.00 M M 12.5 22 280 M M 2 30 220
24 42 26 34 8 31 0 0.00 M M 13.4 22 280 M M 0 28 280
25 50 33 42 16 23 0 0.00 M M 16.2 25 220 M M 0 37 230
26 44 25 35 10 30 0 0.00 M M 14.9 25 290 M M 0 33 300
27 39 24 32 7 33 0 0.00 M M 12.6 26 180 M M 3 37 180
28 37 16 27 3 38 0 T M M 21.2 35 240 M M 5 48 240
29 21 9 15 -9 50 0 T M M 24.0 33 280 M M 6 44 290
30 15 6 11 -13 54 0 T M M 12.9 28 290 M M 2 36 300
================================================================================
SM 996 482 1203 0 0.01 M 439.2 M 141
================================================================================
AV 33.2 16.1 14.6 FASTST M M 5 MAX(MPH)
MISC ----> 46 270 67 270
================================================================================
NOTES:
# LAST OF SEVERAL OCCURRENCES
COLUMN 17 PEAK WIND IN M.P.H.
PRELIMINARY LOCAL CLIMATOLOGICAL DATA (WS FORM: F-6) , PAGE 2
STATION: MINOT ND
MONTH: NOVEMBER
YEAR: 2022
LATITUDE: 48 15 N
LONGITUDE: 101 16 W
[TEMPERATURE DATA] [PRECIPITATION DATA] SYMBOLS USED IN COLUMN 16
AVERAGE MONTHLY: 24.6 TOTAL FOR MONTH: 0.01 1 = FOG OR MIST
DPTR FM NORMAL: -5.6 DPTR FM NORMAL: -0.55 2 = FOG REDUCING VISIBILITY
HIGHEST: 73 ON 1 GRTST 24HR 0.01 ON 7- 7 TO 1/4 MILE OR LESS
LOWEST: -5 ON 12 3 = THUNDER
SNOW, ICE PELLETS, HAIL 4 = ICE PELLETS
TOTAL MONTH: M 5 = HAIL
GRTST 24HR M ON M 6 = FREEZING RAIN OR DRIZZLE
GRTST DEPTH: M ON M 7 = DUSTSTORM OR SANDSTORM:
VSBY 1/2 MILE OR LESS
8 = SMOKE OR HAZE
[NO. OF DAYS WITH] [WEATHER - DAYS WITH] 9 = BLOWING SNOW
X = TORNADO
MAX 32 OR BELOW: 15 0.01 INCH OR MORE: 1
MAX 90 OR ABOVE: 0 0.10 INCH OR MORE: 0
MIN 32 OR BELOW: 26 0.50 INCH OR MORE: 0
MIN 0 OR BELOW: 2 1.00 INCH OR MORE: 0
[HDD (BASE 65) ]
TOTAL THIS MO. 1203 CLEAR (SCALE 0-3) 12
DPTR FM NORMAL 158 PTCLDY (SCALE 4-7) 11
TOTAL FM JUL 1 1857 CLOUDY (SCALE 8-10) 7
DPTR FM NORMAL -32
[CDD (BASE 65) ]
TOTAL THIS MO. 0
DPTR FM NORMAL 0 [PRESSURE DATA]
TOTAL FM JAN 1 611 HIGHEST SLP 30.56 ON 7
DPTR FM NORMAL 59 LOWEST SLP 29.10 ON 5
[REMARKS]
#FINAL-11-22#