000
CXUS53 KMPX 011335
CLMMPX
CLIMATE REPORT
NATIONAL WEATHER SERVICE TWIN CITIES/CHANHASSEN MN
835 AM CDT SAT JUL 01 2023
...................................
...THE CHANHASSEN MN CLIMATE SUMMARY FOR THE MONTH OF JUNE 2023...
CLIMATE NORMAL PERIOD 1991 TO 2020
CLIMATE RECORD PERIOD 1995 TO 2023
WEATHER OBSERVED NORMAL DEPART LAST YEAR`S
VALUE DATE(S) VALUE FROM VALUE DATE(S)
NORMAL
................................................................
TEMPERATURE (F)
HIGHEST 91 06/22 MM MM 97 06/20
06/23
LOWEST 46 06/16 MM MM 47 06/01
AVG. MAXIMUM 82.5 77.4 5.1 80.5
AVG. MINIMUM 59.8 57.6 2.2 59.3
MEAN 71.1 67.5 3.6 69.9
DAYS MAX >= 90 2 5
DAYS MAX <= 32 0 0
DAYS MIN <= 32 0 0
DAYS MIN <= 0 0 0
PRECIPITATION (INCHES)
TOTALS 1.60 4.40 -2.80 1.25
DAILY AVG. 0.05 0.04
DAYS >= .01 9 9
DAYS >= .10 2 6
DAYS >= .50 1 0
DAYS >= 1.00 1 0
GREATEST
24 HR. TOTAL 1.23 06/25 TO 06/25 0.43
SNOWFALL (INCHES)
TOTALS 0.0 0.0 0.0 0.0
SINCE 7/1 102.3 54.7 47.6 MM
SNOWDEPTH AVG. 0 0
DAYS >= 1.0 0 0
GREATEST
SNOW DEPTH 0 0 MM
24 HR TOTAL 0.0
DEGREE DAYS
HEATING TOTAL 15 48 -33 29
SINCE 7/1 7912 7981 -69 MM
COOLING TOTAL 203 123 80 184
SINCE 1/1 258 153 105 MM
................................................................
- INDICATES NEGATIVE NUMBERS.
R INDICATES RECORD WAS SET OR TIED.
MM INDICATES DATA IS MISSING.
T INDICATES TRACE AMOUNT.
$$