000
CXUS52 KMHX 011939
CF6MRH
PRELIMINARY LOCAL CLIMATOLOGICAL DATA (WS FORM: F-6)
STATION: BEAUFORT/SMITH FIELD NC
MONTH: APRIL
YEAR: 2022
LATITUDE: 34 43 N
LONGITUDE: 76 39 W
TEMPERATURE IN F: :PCPN: SNOW: WIND :SUNSHINE: SKY :PK WND
================================================================================
1 2 3 4 5 6A 6B 7 8 9 10 11 12 13 14 15 16 17 18
12Z AVG MX 2MIN
DY MAX MIN AVG DEP HDD CDD WTR SNW DPTH SPD SPD DIR MIN PSBL S-S WX SPD DR
================================================================================
1 73 53 63 5 2 0 0.00 0.0 0 14.6 28 210 M M 2 1 34 210
2 62 44 53 -5 12 0 0.00 0.0 0 6.9 15 110 M M 0 19 70
3 73 53 63 5 2 0 0.00 0.0 0 9.3 18 330 M M 0 22 320
4 62 45 54 -5 11 0 0.00 0.0 0 7.1 16 20 M M 0 22 30
5 71 61 66 7 0 1 0.67 0.0 0 10.9 36 170 M M 6 1 48 180
6 73 64 69 10 0 4 0.00 0.0 0 15.4 31 220 M M 4 1 42 210
7 74 62 68 8 0 3 0.67 0.0 0 13.4 26 200 M M 5 1 34 200
8 69 53 61 1 4 0 0.00 0.0 0 13.1 31 210 M M 1 38 220
9 63 50 57 -3 8 0 T 0.0 0 15.1 23 280 M M 5 29 270
10 63 43 53 -8 12 0 0.00 0.0 0 13.8 24 310 M M 0 30 290
11 72 44 58 -3 7 0 0.00 0.0 0 10.4 21 210 M M 0 27 210
12 75 64 70 9 0 5 0.00 0.0 0 13.7 21 210 M M 2 27 210
13 76 65 71 9 0 6 0.00 0.0 0 12.8 22 210 M M 1 27 210
14 78 67 73 11 0 8 0.00 0.0 0 13.8 23 200 M M 3 29 200
15 72 53 63 1 2 0 0.00 0.0 0 11.0 24 360 M M 3 33 40
16 73 52 63 1 2 0 0.02 0.0 0 7.8 17 220 M M 1 22 210
17 70 58 64 1 1 0 0.00 0.0 0 13.6 22 50 M M 3 34 50
18 68 50 59 -4 6 0 1.39 0.0 0 14.2 24 160 M M 9 1 33 160
19 63 43 53 -10 12 0 0.00 0.0 0 13.6 24 300 M M 2 31 270
20 61 42 52 -12 13 0 0.00 0.0 0 7.1 15 20 M M 0 20 40
21 71 50 61 -3 4 0 0.00 0.0 0 5.9 13 130 M M 0 18 110
22 73 52 63 -1 2 0 0.00 0.0 0 4.1 14 180 M M 1 17 180
23 77 58 68 4 0 3 0.00 0.0 0 4.6 13 200 M M 2 17 210
24 77 64 71 6 0 6 0.00 0.0 0 10.6 17 220 M M 0 22 230
25 77 67 72 7 0 7 0.00 0.0 0 11.5 18 210 M M 0 24 200
26 77 65 71 6 0 6 0.01 0.0 0 10.6 22 210 M M 2 30 250
27 72 60 66 1 0 1 0.00 0.0 0 10.3 20 330 M M 4 22 320
28 69 51 60 -6 5 0 0.00 0.0 0 7.6 16 330 M M 1 20 320
29 68 51 60 -6 5 0 0.00 0.0 0 5.0 13 110 M M 1 15 120
30 75 55 65 -1 0 0 T 0.0 0 4.4 17 300 M M 6 22 290
================================================================================
SM 2127 1639 110 50 2.76 0.0 312.2 M 64
================================================================================
AV 70.9 54.6 10.4 FASTST M M 2 MAX(MPH)
MISC ----> 36 170 48 180
================================================================================
NOTES:
# LAST OF SEVERAL OCCURRENCES
COLUMN 17 PEAK WIND IN M.P.H.
PRELIMINARY LOCAL CLIMATOLOGICAL DATA (WS FORM: F-6) , PAGE 2
STATION: BEAUFORT/SMITH FIELD NC
MONTH: APRIL
YEAR: 2022
LATITUDE: 34 43 N
LONGITUDE: 76 39 W
[TEMPERATURE DATA] [PRECIPITATION DATA] SYMBOLS USED IN COLUMN 16
AVERAGE MONTHLY: 62.8 TOTAL FOR MONTH: 2.76 1 = FOG OR MIST
DPTR FM NORMAL: 0.7 DPTR FM NORMAL: -0.63 2 = FOG REDUCING VISIBILITY
HIGHEST: 78 ON 14 GRTST 24HR 1.39 ON 18-18 TO 1/4 MILE OR LESS
LOWEST: 42 ON 20 3 = THUNDER
SNOW, ICE PELLETS, HAIL 4 = ICE PELLETS
TOTAL MONTH: 0.0 INCH 5 = HAIL
GRTST 24HR 0.0 6 = FREEZING RAIN OR DRIZZLE
GRTST DEPTH: 0 7 = DUSTSTORM OR SANDSTORM:
VSBY 1/2 MILE OR LESS
8 = SMOKE OR HAZE
[NO. OF DAYS WITH] [WEATHER - DAYS WITH] 9 = BLOWING SNOW
X = TORNADO
MAX 32 OR BELOW: 0 0.01 INCH OR MORE: 5
MAX 90 OR ABOVE: 0 0.10 INCH OR MORE: 3
MIN 32 OR BELOW: 0 0.50 INCH OR MORE: 3
MIN 0 OR BELOW: 0 1.00 INCH OR MORE: 1
[HDD (BASE 65) ]
TOTAL THIS MO. 110 CLEAR (SCALE 0-3) 22
DPTR FM NORMAL -21 PTCLDY (SCALE 4-7) 7
TOTAL FM JUL 1 1970 CLOUDY (SCALE 8-10) 1
DPTR FM NORMAL -385
[CDD (BASE 65) ]
TOTAL THIS MO. 50
DPTR FM NORMAL 4 [PRESSURE DATA]
TOTAL FM JAN 1 77 HIGHEST SLP 30.51 ON 21
DPTR FM NORMAL 24 LOWEST SLP 29.53 ON 7
[REMARKS]
#FINAL-04-22#
CORRECTED TO FILL MISSING SNOW AND SNOW DEPTH DATA.