000
CXUS53 KMKX 020150
CF6MSN
PRELIMINARY LOCAL CLIMATOLOGICAL DATA (WS FORM: F-6)
STATION: MADISON WI
MONTH: DECEMBER
YEAR: 2020
LATITUDE: 43 7 N
LONGITUDE: 89 20 W
TEMPERATURE IN F: :PCPN: SNOW: WIND :SUNSHINE: SKY :PK WND
================================================================================
1 2 3 4 5 6A 6B 7 8 9 10 11 12 13 14 15 16 17 18
12Z AVG MX 2MIN
DY MAX MIN AVG DEP HDD CDD WTR SNW DPTH SPD SPD DIR MIN PSBL S-S WX SPD DR
================================================================================
1 34 16 25 -3 40 0 0.00 0.0 0 4.3 12 320 M M 0 16 330
2 44 17 31 3 34 0 0.00 0.0 0 2.5 12 270 M M 1 16 280
3 40 28 34 7 31 0 0.00 0.0 0 6.8 12 240 M M 7 22 240
4 43 19 31 4 34 0 0.00 0.0 0 4.3 15 10 M M 1 18 20
5 35 17 26 -1 39 0 0.00 0.0 0 2.5 8 90 M M 5 12 80
6 37 24 31 5 34 0 0.00 0.0 0 2.3 9 10 M M 8 11 340
7 34 30 32 6 33 0 T T 0 3.7 12 360 M M 10 16 360
8 34 29 32 7 33 0 0.00 0.0 0 6.2 14 240 M M 10 18 23 210
9 52 25 39 14 26 0 0.00 0.0 0 2.6 9 320 M M 2 1 15 300
10 52 23 38 14 27 0 0.00 0.0 0 2.9 15 180 M M 4 1 20 170
11 38 29 34 10 31 0 0.30 2.9 0 13.8 24 30 M M 7 1 33 30
12 32 24 28 4 37 0 0.23 3.5 2 17.3 29 20 M M 10 19 40 20
13 27 9 18 -6 47 0 0.00 0.0 5 3.4 14 310 M M 6 1 20 300
14 26 11 19 -4 46 0 0.00 0.0 5 6.3 15 300 M M 7 27 310
15 23 5 14 -9 51 0 0.00 0.0 5 4.1 9 50 M M 6 12 60
16 31 18 25 2 40 0 0.00 0.0 5 5.9 12 60 M M 8 13 60
17 31 15 23 1 42 0 0.00 0.0 5 0.8 6 80 M M 9 1 8 10
18 35 10 23 1 42 0 0.00 0.0 5 8.6 18 170 M M 7 18 25 190
19 35 32 34 12 31 0 0.00 0.0 5 4.0 12 180 M M 10 1 16 170
20 33 25 29 7 36 0 0.00 0.0 5 6.1 14 190 M M 9 1 22 220
21 40 29 35 14 30 0 T T 5 8.7 18 320 M M 9 30 300
22 38 25 32 11 33 0 0.00 0.0 5 9.7 20 170 M M 7 27 170
23 53 17 35 14 30 0 0.03 T 4 14.6 23 180 M M 6 43 220
24 17 3 10 -11 55 0 T 0.1 1 11.6 18 300 M M 9 1 31 240
25 20 4 12 -8 53 0 0.00 0.0 1 8.4 15 330 M M 4 24 330
26 27 14 21 1 44 0 0.00 0.0 1 4.3 12 300 M M 6 19 280
27 35 18 27 7 38 0 0.14 1.9 4 8.0 16 320 M M 8 1 24 330
28 28 14 21 1 44 0 0.00 0.0 3 6.0 14 320 M M 5 21 300
29 27 5 16 -4 49 0 0.39 4.6 3 8.3 21 170 M M 7 19 30 170
30 31 23 27 7 38 0 0.03 0.5 8 9.2 16 280 M M 10 1 30 280
31 23 16 20 0 45 0 0.01 T 7 5.4 13 170 M M 10 1 17 280
================================================================================
SM 1055 574 1193 0 1.13 13.5 202.6 M 208
================================================================================
AV 34.0 18.5 6.5 FASTST M M 7 MAX(MPH)
MISC ----> 29 20 43 220
================================================================================
NOTES:
# LAST OF SEVERAL OCCURRENCES
COLUMN 17 PEAK WIND IN M.P.H.
PRELIMINARY LOCAL CLIMATOLOGICAL DATA (WS FORM: F-6) , PAGE 2
STATION: MADISON WI
MONTH: DECEMBER
YEAR: 2020
LATITUDE: 43 7 N
LONGITUDE: 89 20 W
[TEMPERATURE DATA] [PRECIPITATION DATA] SYMBOLS USED IN COLUMN 16
AVERAGE MONTHLY: 26.3 TOTAL FOR MONTH: 1.13 1 = FOG OR MIST
DPTR FM NORMAL: 3.3 DPTR FM NORMAL: -0.61 2 = FOG REDUCING VISIBILITY
HIGHEST: 53 ON 23 GRTST 24HR 0.53 ON 11-12 TO 1/4 MILE OR LESS
LOWEST: 3 ON 24 3 = THUNDER
SNOW, ICE PELLETS, HAIL 4 = ICE PELLETS
TOTAL MONTH: 13.5 INCHES 5 = HAIL
GRTST 24HR 4.6 ON 29-29 6 = FREEZING RAIN OR DRIZZLE
GRTST DEPTH: 8 ON 30 7 = DUSTSTORM OR SANDSTORM:
VSBY 1/2 MILE OR LESS
8 = SMOKE OR HAZE
[NO. OF DAYS WITH] [WEATHER - DAYS WITH] 9 = BLOWING SNOW
X = TORNADO
MAX 32 OR BELOW: 13 0.01 INCH OR MORE: 7
MAX 90 OR ABOVE: 0 0.10 INCH OR MORE: 4
MIN 32 OR BELOW: 31 0.50 INCH OR MORE: 0
MIN 0 OR BELOW: 0 1.00 INCH OR MORE: 0
[HDD (BASE 65) ]
TOTAL THIS MO. 1193 CLEAR (SCALE 0-3) 4
DPTR FM NORMAL -107 PTCLDY (SCALE 4-7) 16
TOTAL FM JUL 1 2659 CLOUDY (SCALE 8-10) 11
DPTR FM NORMAL -221
[CDD (BASE 65) ]
TOTAL THIS MO. 0
DPTR FM NORMAL 0 [PRESSURE DATA]
TOTAL FM JAN 1 729 HIGHEST SLP 30.55 ON 29
DPTR FM NORMAL 161 LOWEST SLP 29.27 ON 23
[REMARKS]
#FINAL-12-20#