000
CXUS53 KMKX 011620
CLMMSN
CLIMATE REPORT
NATIONAL WEATHER SERVICE MILWAUKEE/SULLIVAN WI
1020 AM CST FRI DEC 01 2023
...................................
...THE MADISON WI CLIMATE SUMMARY FOR THE MONTH OF NOVEMBER 2023...
CLIMATE NORMAL PERIOD 1991 TO 2020
CLIMATE RECORD PERIOD 1871 TO 2023
WEATHER OBSERVED NORMAL DEPART LAST YEAR`S
VALUE DATE(S) VALUE FROM VALUE DATE(S)
NORMAL
................................................................
TEMPERATURE (F)
RECORD
HIGH 76 11/03/1964
11/01/1933
11/07/1915
LOW -14 11/28/1887
HIGHEST 67 11/06 63 4 72 11/02
LOWEST 9 11/28 9 0 10 11/20
AVG. MAXIMUM 47.7 44.8 2.9 47.7
AVG. MINIMUM 28.0 28.7 -0.7 29.5
MEAN 37.8 36.7 1.1 38.6
DAYS MAX >= 90 0 0.0 0.0 0
DAYS MAX <= 32 5 4.1 0.9 5
DAYS MIN <= 32 21 19.7 1.3 19
DAYS MIN <= 0 0 0.1 -0.1 0
PRECIPITATION (INCHES)
RECORD
MAXIMUM 7.86 1934
MINIMUM 0.03 1904
TOTALS 1.04 2.22 -1.18 3.37
DAILY AVG. 0.03 0.07 -0.04 0.11
DAYS >= .01 4 9.6 -5.6 9
DAYS >= .10 3 5.0 -2.0 5
DAYS >= .50 0 1.4 -1.4 3
DAYS >= 1.00 0 0.5 -0.5 1
GREATEST
24 HR. TOTAL 0.43 11/08 TO 11/08 2.06 11/04 TO 11/05
SNOWFALL (INCHES)
RECORDS
TOTAL 18.3 1985
TOTALS 2.5 3.0 -0.5 4.6
SINCE 7/1 2.6 3.6 -1.0 4.8
SNOWDEPTH AVG. 0 0
DAYS >= 1.0 1 1.0 0.0 2
GREATEST
SNOW DEPTH 2 11/27 2 11/16
11/18
24 HR TOTAL 2.2 11/26 TO 11/26 2.8 11/15 TO 11/15
DEGREE DAYS
HEATING TOTAL 809 848 -39 784
SINCE 7/1 1312 1506 -194 1375
COOLING TOTAL 0 0 0 0
SINCE 1/1 780 628 152 787
................................................................
WIND (MPH)
AVERAGE WIND SPEED 6.6
HIGHEST WIND SPEED/DIRECTION 22/190 DATE 11/12
22/200 11/16
HIGHEST GUST SPEED/DIRECTION 40/220 DATE 11/16
SKY COVER
AVERAGE SKY COVER 0.49
NUMBER OF DAYS FAIR 11
NUMBER OF DAYS PC 15
NUMBER OF DAYS CLOUDY 4
AVERAGE RH (PERCENT) 65
WEATHER CONDITIONS. NUMBER OF DAYS WITH
THUNDERSTORM 1 MIXED PRECIP 0
HEAVY RAIN 1 RAIN 8
LIGHT RAIN 8 FREEZING RAIN 0
LT FREEZING RAIN 0 HAIL 0
HEAVY SNOW 0 SNOW 4
LIGHT SNOW 4 SLEET 0
FOG 4 FOG W/VIS <= 1/4 MILE 0
HAZE 0
- INDICATES NEGATIVE NUMBERS.
R INDICATES RECORD WAS SET OR TIED.
MM INDICATES DATA IS MISSING.
T INDICATES TRACE AMOUNT.
$$