000
CXUS55 KMSO 012226
CLMMSO
CLIMATE REPORT
NATIONAL WEATHER SERVICE MISSOULA MT
426 PM MDT TUE AUG 01 2023
...................................
...THE MISSOULA MT CLIMATE SUMMARY FOR THE MONTH OF JULY 2023...
CLIMATE NORMAL PERIOD 1991 TO 2020
CLIMATE RECORD PERIOD 1893 TO 2023
WEATHER OBSERVED NORMAL DEPART LAST YEAR`S
VALUE DATE(S) VALUE FROM VALUE
NORMAL
..............................................................
TEMPERATURE (F)
RECORD
HIGH 107 07/06/2007
LOW 31 07/07/1971
HIGHEST 101 07/22 MM MM 104
LOWEST 47 07/03 MM MM 48
AVG. MAXIMUM 91.3 85.4 5.9 91.9
AVG. MINIMUM 54.5 51.5 3.0 53.9
MEAN 72.9 68.4 4.5 72.9
DAYS MAX >= 90 17 12.2 4.8 20
DAYS MAX <= 32 0 0.0 0.0 0
DAYS MIN <= 32 0 0.0 0.0 0
DAYS MIN <= 0 0 0.0 0.0 0
PRECIPITATION (INCHES)
RECORD
MAXIMUM 3.51 1909
MINIMUM 0.00 1917
TOTALS 0.16 0.85 -0.69 0.27
DAILY AVG. 0.01 0.03 -0.02 0.01
DAYS >= .01 2 6.0 -4.0 4
DAYS >= .10 1 2.6 -1.6 0
DAYS >= .50 0 0.4 -0.4 0
DAYS >= 1.00 0 0.0 0.0 0
GREATEST
24 HR. TOTAL 0.12 07/25 TO 07/25 0.17
SNOWFALL (INCHES)
TOTALS 0.0 0.0 0.0 0.0
SINCE 7/1 0.0 0.0 0.0 MM
DAYS >= TRACE 0 0.0 0.0 0
DAYS >= 1.0 0 0.0 0.0 0
GREATEST
SNOW DEPTH 0 0
24 HR TOTAL MM MM
DEGREE DAYS
HEATING TOTAL 0 39 -39
SINCE 7/1 0 36 -36
COOLING TOTAL 254 146 108
SINCE 1/1 339 177 162
..............................................................
WIND (MPH)
AVERAGE WIND SPEED 5.7
HIGHEST WIND SPEED/DIRECTION 30/280 DATE 07/17
30/240 07/30
HIGHEST GUST SPEED/DIRECTION 42/280 DATE 07/17
SKY COVER
POSSIBLE SUNSHINE (PERCENT) MM
AVERAGE SKY COVER 0.05
NUMBER OF DAYS FAIR 31
NUMBER OF DAYS PC 0
NUMBER OF DAYS CLOUDY 0
AVERAGE RH (PERCENT) 45
WEATHER CONDITIONS. NUMBER OF DAYS WITH
THUNDERSTORM 5 MIXED PRECIP 0
HEAVY RAIN 1 RAIN 1
LIGHT RAIN 3 FREEZING RAIN 0
LT FREEZING RAIN 0 HAIL 0
HEAVY SNOW 0 SNOW 0
LIGHT SNOW 0 SLEET 0
FOG 0 FOG W/VIS <= 1/4 MILE 0
HAZE 2
- INDICATES NEGATIVE NUMBERS.
R INDICATES RECORD WAS SET OR TIED.
MM INDICATES DATA IS MISSING.
T INDICATES TRACE AMOUNT.
$$