000
CXUS51 KBTV 010700
CF6MSS
PRELIMINARY LOCAL CLIMATOLOGICAL DATA (WS FORM: F-6)
STATION: MASSENA NY
MONTH: JUNE
YEAR: 2023
LATITUDE: 44 55 N
LONGITUDE: 74 51 W
TEMPERATURE IN F: :PCPN: SNOW: WIND :SUNSHINE: SKY :PK WND
================================================================================
1 2 3 4 5 6A 6B 7 8 9 10 11 12 13 14 15 16 17 18
12Z AVG MX 2MIN
DY MAX MIN AVG DEP HDD CDD WTR SNW DPTH SPD SPD DIR MIN PSBL S-S WX SPD DR
================================================================================
1 92 52 72 11 0 7 0.00 M M 3.7 13 50 M M 0 12 16 60
2 89 57 73 12 0 8 0.02 M M 5.7 25 60 M M 1 13 32 40
3 67 47 57 -4 8 0 0.00 M M 13.5 26 60 M M 4 33 50
4 68 34 51 -11 14 0 0.00 M M 7.6 20 60 M M 0 25 60
5 70 40 55 -7 10 0 0.00 M M 1.2 7 230 M M 2 18 10 230
6 69 46 58 -4 7 0 0.00 M M 5.4 21 10 M M 4 1238 34 360
7 61 48 55 -8 10 0 0.02 M M 5.8 14 310 M M 9 18 19 350
8 65 49 57 -6 8 0 0.19 M M 4.0 17 100 M M 9 123 20 40
9 67 48 58 -5 7 0 T M M 3.8 9 40 M M 8 12 M M
10 73 44 59 -4 6 0 0.00 M M 2.1 10 280 M M 3 12 16 310
11 79 46 63 -1 2 0 T M M 3.2 10 270 M M 3 1 14 250
12 84 60 72 8 0 7 0.03 M M 6.7 13 130 M M 6 1 17 120
13 72 46 59 -5 6 0 0.68 M M 7.6 18 230 M M 7 1 22 220
14 68 43 56 -8 9 0 0.17 M M 4.1 12 40 M M 6 1 15 50
15 80 57 69 4 0 4 T M M 7.7 16 260 M M 5 1 23 240
16 76 56 66 1 0 1 0.00 M M 6.1 18 30 M M 5 138 22 30
17 63 58 61 -4 4 0 0.25 M M 6.5 14 30 M M 10 18 17 300
18 68 56 62 -4 3 0 0.00 M M 4.4 14 30 M M 9 18 30
19 72 51 62 -4 3 0 0.06 M M 6.4 12 70 M M 5 1 15 40
20 79 47 63 -3 2 0 0.00 M M 4.6 13 50 M M 2 12 17 40
21 81 55 68 2 0 3 0.00 M M 6.7 16 30 M M 2 1 20 40
22 83 52 68 1 0 3 0.00 M M 3.3 12 30 M M 0 1 15 20
23 84 54 69 2 0 4 T M M 1.9 9 190 M M 2 1 12 10
24 79 68 74 7 0 9 0.13 M M 3.3 8 220 M M 9 1 12 30
25 80 67 74 7 0 9 T M M 5.1 14 60 M M 8 18 17 60
26 86 64 75 7 0 10 T M M 7.1 15 170 M M 4 38 22 180
27 79 64 72 4 0 7 0.32 M M 2.7 12 140 M M 5 13 15 150
28 68 60 64 -4 1 0 0.02 M M 7.3 15 270 M M 10 1 20 240
29 81 61 71 3 0 6 0.00 M M 6.4 13 270 M M 6 18 17 280
30 80 54 67 -1 0 2 T M M 2.3 12 320 M M 3 18 14 310
================================================================================
SM 2263 1584 100 80 1.89 M 156.2 M 147
================================================================================
AV 75.4 52.8 5.2 FASTST M M 5 MAX(MPH)
MISC ----> 26 60 34 360
================================================================================
NOTES:
# LAST OF SEVERAL OCCURRENCES
COLUMN 17 PEAK WIND IN M.P.H.
PRELIMINARY LOCAL CLIMATOLOGICAL DATA (WS FORM: F-6) , PAGE 2
STATION: MASSENA NY
MONTH: JUNE
YEAR: 2023
LATITUDE: 44 55 N
LONGITUDE: 74 51 W
[TEMPERATURE DATA] [PRECIPITATION DATA] SYMBOLS USED IN COLUMN 16
AVERAGE MONTHLY: 64.1 TOTAL FOR MONTH: 1.89 1 = FOG OR MIST
DPTR FM NORMAL: -0.7 DPTR FM NORMAL: -1.82 2 = FOG REDUCING VISIBILITY
HIGHEST: 92 ON 1 GRTST 24HR 0.68 ON 12-13 TO 1/4 MILE OR LESS
LOWEST: 34 ON 4 3 = THUNDER
SNOW, ICE PELLETS, HAIL 4 = ICE PELLETS
TOTAL MONTH: M 5 = HAIL
GRTST 24HR M ON M 6 = FREEZING RAIN OR DRIZZLE
GRTST DEPTH: M ON M 7 = DUSTSTORM OR SANDSTORM:
VSBY 1/2 MILE OR LESS
8 = SMOKE OR HAZE
[NO. OF DAYS WITH] [WEATHER - DAYS WITH] 9 = BLOWING SNOW
X = TORNADO
MAX 32 OR BELOW: 0 0.01 INCH OR MORE: 11
MAX 90 OR ABOVE: 1 0.10 INCH OR MORE: 6
MIN 32 OR BELOW: 0 0.50 INCH OR MORE: 1
MIN 0 OR BELOW: 0 1.00 INCH OR MORE: 0
[HDD (BASE 65) ]
TOTAL THIS MO. 100 CLEAR (SCALE 0-3) 10
DPTR FM NORMAL 16 PTCLDY (SCALE 4-7) 13
TOTAL FM JUL 1 7243 CLOUDY (SCALE 8-10) 7
DPTR FM NORMAL -745
[CDD (BASE 65) ]
TOTAL THIS MO. 80
DPTR FM NORMAL 2 [PRESSURE DATA]
TOTAL FM JAN 1 88 HIGHEST SLP M ON M
DPTR FM NORMAL -8 LOWEST SLP 29.48 ON 14
[REMARKS]
#FINAL-06-23#