000
CXUS52 KKEY 010600
CF6MTH
PRELIMINARY LOCAL CLIMATOLOGICAL DATA (WS FORM: F-6)
STATION: MARATHON
MONTH: MAY
YEAR: 2021
LATITUDE: 24 43 N
LONGITUDE: 81 5 W
TEMPERATURE IN F: :PCPN: SNOW: WIND :SUNSHINE: SKY :PK WND
================================================================================
1 2 3 4 5 6A 6B 7 8 9 10 11 12 13 14 15 16 17 18
12Z AVG MX 2MIN
DY MAX MIN AVG DEP HDD CDD WTR SNW DPTH SPD SPD DIR MIN PSBL S-S WX SPD DR
================================================================================
1 89 73 81 1 0 16 0.00 0.0 0 2.8 8 190 M M 2 13 190
2 88 79 84 4 0 19 0.00 0.0 0 8.9 15 140 M M 0 26 160
3 88 80 84 4 0 19 0.00 0.0 0 9.5 15 150 M M 2 25 150
4 89 80 85 5 0 20 0.00 0.0 0 9.2 14 130 M M 1 23 130
5 89 80 85 4 0 20 0.00 0.0 0 7.0 12 160 M M 1 18 120
6 90 79 85 4 0 20 0.00 0.0 0 4.9 8 200 M M 1 14 130
7 88 78 83 2 0 18 0.03 0.0 0 5.8 15 330 M M 2 3 22 310
8 88 75 82 1 0 17 T 0.0 0 8.7 21 70 M M 3 26 80
9 90 77 84 3 0 19 0.01 0.0 0 9.0 15 120 M M 2 25 130
10 89 78 84 3 0 19 0.02 0.0 0 7.7 15 110 M M 1 23 120
11 91 77 84 3 0 19 0.06 0.0 0 6.5 13 120 M M 2 20 110
12 90 81 86 5 0 21 0.00 0.0 0 5.3 12 120 M M 2 18 130
13 90 77 84 3 0 19 0.00 0.0 0 5.3 16 60 M M 1 22 60
14 87 79 83 2 0 18 0.00 0.0 0 9.0 14 50 M M 3 19 30
15 88 74 81 -1 0 16 0.19 0.0 0 12.9 30 50 M M 4 8 42 50
16 87 77 82 0 0 17 0.00 0.0 0 12.5 20 50 M M 2 28 60
17 87 77 82 0 0 17 0.00 0.0 0 11.9 18 70 M M 2 29 100
18 87 77 82 0 0 17 0.00 0.0 0 13.3 21 80 M M 3 32 80
19 84 75 80 -2 0 15 0.04 0.0 0 16.5 24 70 M M 7 1 35 70
20 86 76 81 -1 0 16 0.00 0.0 0 16.3 25 70 M M 5 37 70
21 84 77 81 -1 0 16 0.00 0.0 0 16.9 25 70 M M 3 36 70
22 86 72 79 -3 0 14 0.04 0.0 0 14.5 23 70 M M 4 1 34 70
23 86 74 80 -2 0 15 0.03 0.0 0 12.1 20 70 M M 4 28 100
24 87 76 82 -1 0 17 0.00 0.0 0 9.9 16 70 M M 1 22 120
25 87 77 82 -1 0 17 0.00 0.0 0 10.7 17 70 M M 1 25 100
26 87 76 82 -1 0 17 0.00 0.0 0 9.7 15 100 M M 1 25 100
27 88 77 83 0 0 18 0.00 0.0 0 7.5 12 90 M M 3 18 100
28 87 77 82 -1 0 17 0.00 0.0 0 5.3 9 120 M M 1 15 140
29 87 77 82 -1 0 17 0.00 0.0 0 4.6 12 130 M M 1 18 110
30 89 78 84 1 0 19 0.00 0.0 0 4.6 8 110 M M 1 13 130
31 91 77 84 1 0 19 0.00 0.0 0 8.4 17 60 M M 2 27 100
================================================================================
SM 2724 2387 0 548 0.42 0.0 287.2 M 68
================================================================================
AV 87.9 77.0 9.3 FASTST M M 2 MAX(MPH)
MISC ----> 30 50 42 50
================================================================================
NOTES:
# LAST OF SEVERAL OCCURRENCES
COLUMN 17 PEAK WIND IN M.P.H.
PRELIMINARY LOCAL CLIMATOLOGICAL DATA (WS FORM: F-6) , PAGE 2
STATION: MARATHON
MONTH: MAY
YEAR: 2021
LATITUDE: 24 43 N
LONGITUDE: 81 5 W
[TEMPERATURE DATA] [PRECIPITATION DATA] SYMBOLS USED IN COLUMN 16
AVERAGE MONTHLY: 82.4 TOTAL FOR MONTH: 0.42 1 = FOG OR MIST
DPTR FM NORMAL: 0.7 DPTR FM NORMAL: -2.94 2 = FOG REDUCING VISIBILITY
HIGHEST: 91 ON 31,11 GRTST 24HR 0.19 ON 15-15 TO 1/4 MILE OR LESS
LOWEST: 72 ON 22 3 = THUNDER
SNOW, ICE PELLETS, HAIL 4 = ICE PELLETS
TOTAL MONTH: 0.0 INCH 5 = HAIL
GRTST 24HR 0.0 6 = FREEZING RAIN OR DRIZZLE
GRTST DEPTH: 0 7 = DUSTSTORM OR SANDSTORM:
VSBY 1/2 MILE OR LESS
8 = SMOKE OR HAZE
[NO. OF DAYS WITH] [WEATHER - DAYS WITH] 9 = BLOWING SNOW
X = TORNADO
MAX 32 OR BELOW: 0 0.01 INCH OR MORE: 8
MAX 90 OR ABOVE: 6 0.10 INCH OR MORE: 1
MIN 32 OR BELOW: 0 0.50 INCH OR MORE: 0
MIN 0 OR BELOW: 0 1.00 INCH OR MORE: 0
[HDD (BASE 65) ]
TOTAL THIS MO. 0 CLEAR (SCALE 0-3) 26
DPTR FM NORMAL 0 PTCLDY (SCALE 4-7) 5
TOTAL FM JUL 1 36 CLOUDY (SCALE 8-10) 0
DPTR FM NORMAL -35
[CDD (BASE 65) ]
TOTAL THIS MO. 548
DPTR FM NORMAL 32 [PRESSURE DATA]
TOTAL FM JAN 1 1731 HIGHEST SLP M ON M
DPTR FM NORMAL 108 LOWEST SLP 29.91 ON 29
[REMARKS]
#FINAL-05-21#