000
CXUS55 KGJT 010910
CF6MTJ
PRELIMINARY LOCAL CLIMATOLOGICAL DATA (WS FORM: F-6)
STATION: MONTROSE CO
MONTH: JULY
YEAR: 2022
LATITUDE: 38 30 N
LONGITUDE: 107 53 W
TEMPERATURE IN F: :PCPN: SNOW: WIND :SUNSHINE: SKY :PK WND
================================================================================
1 2 3 4 5 6A 6B 7 8 9 10 11 12 13 14 15 16 17 18
12Z AVG MX 2MIN
DY MAX MIN AVG DEP HDD CDD WTR SNW DPTH SPD SPD DIR MIN PSBL S-S WX SPD DR
================================================================================
1 81 55 68 -5 0 3 0.01 M M 7.9 23 200 M M 2 3 30 210
2 89 51 70 -3 0 5 0.00 M M 6.9 23 180 M M 1 30 170
3 86 62 74 1 0 9 T M M 11.2 28 160 M M 5 3 37 180
4 91 60 76 3 0 11 0.00 M M 7.7 17 260 M M 3 23 280
5 82 58 70 -3 0 5 T M M 8.0 29 170 M M 4 38 170
6 86 55 71 -3 0 6 0.18 M M 8.8 38 180 M M 2 3 50 180
7 89 51 70 -4 0 5 0.00 M M 6.5 15 290 M M 0 23 290
8 93 56 75 1 0 10 0.00 M M 6.6 15 150 M M 0 21 160
9 97 57 77 3 0 12 0.00 M M 4.9 26 130 M M 0 37 140
10 92 65 79 5 0 14 T M M 7.9 44 160 M M 2 3 53 160
11 95 56 76 2 0 11 0.00 M M 8.2 20 110 M M 0 28 110
12 91 63 77 3 0 12 0.00 M M 6.2 16 280 M M 0 3 23 290
13 92 64 78 4 0 13 T M M 7.9 22 150 M M 0 3 29 180
14 93 65 79 5 0 14 T M M 8.4 28 210 M M 1 38 40 210
15 91 65 78 4 0 13 0.04 M M 8.2 28 160 M M 2 3 35 160
16 92 60 76 2 0 11 0.00 M M 5.6 14 320 M M 0 8 19 10
17 96 61 79 5 0 14 T M M 9.7 30 170 M M 0 3 38 160
18 96 70 83 9 0 18 0.00 M M 8.6 22 310 M M 1 3 29 320
19 95 63 79 5 0 14 T M M 6.7 18 230 M M 1 3 25 250
20 93 64 79 5 0 14 T M M 6.6 20 320 M M 0 27 340
21 95 61 78 4 0 13 0.00 M M 6.7 15 150 M M 0 18 350
22 98 61 80 6 0 15 T M M 7.1 22 260 M M 0 34 260
23 95 72 84 10 0 19 0.01 M M 10.7 25 150 M M 2 33 150
24 83 64 74 0 0 9 0.01 M M 7.2 25 340 M M 2 3 33 340
25 83 62 73 -1 0 8 0.06 M M 5.7 15 120 M M 5 138 20 140
26 88 60 74 0 0 9 0.00 M M 6.8 21 150 M M 1 27 160
27 89 61 75 1 0 10 0.00 M M 7.5 32 170 M M 1 8 41 170
28 74 62 68 -6 0 3 0.14 M M 6.3 20 120 M M 7 1 27 90
29 82 61 72 -2 0 7 0.05 M M 7.1 26 120 M M 3 34 110
30 82 61 72 -2 0 7 T M M 6.4 20 300 M M 3 3 25 300
31 87 55 71 -3 0 6 0.00 M M 6.9 22 210 M M 1 29 210
================================================================================
SM 2776 1881 0 320 0.50 M 230.9 M 49
================================================================================
AV 89.5 60.7 7.4 FASTST M M 2 MAX(MPH)
MISC ----> 44 160 53 160
================================================================================
NOTES:
# LAST OF SEVERAL OCCURRENCES
COLUMN 17 PEAK WIND IN M.P.H.
PRELIMINARY LOCAL CLIMATOLOGICAL DATA (WS FORM: F-6) , PAGE 2
STATION: MONTROSE CO
MONTH: JULY
YEAR: 2022
LATITUDE: 38 30 N
LONGITUDE: 107 53 W
[TEMPERATURE DATA] [PRECIPITATION DATA] SYMBOLS USED IN COLUMN 16
AVERAGE MONTHLY: 75.1 TOTAL FOR MONTH: 0.50 1 = FOG OR MIST
DPTR FM NORMAL: 1.1 DPTR FM NORMAL: -0.30 2 = FOG REDUCING VISIBILITY
HIGHEST: 98 ON 22 GRTST 24HR 0.19 ON 28-29 TO 1/4 MILE OR LESS
LOWEST: 51 ON 7, 2 3 = THUNDER
SNOW, ICE PELLETS, HAIL 4 = ICE PELLETS
TOTAL MONTH: M 5 = HAIL
GRTST 24HR M ON M 6 = FREEZING RAIN OR DRIZZLE
GRTST DEPTH: M ON M 7 = DUSTSTORM OR SANDSTORM:
VSBY 1/2 MILE OR LESS
8 = SMOKE OR HAZE
[NO. OF DAYS WITH] [WEATHER - DAYS WITH] 9 = BLOWING SNOW
X = TORNADO
MAX 32 OR BELOW: 0 0.01 INCH OR MORE: 8
MAX 90 OR ABOVE: 17 0.10 INCH OR MORE: 2
MIN 32 OR BELOW: 0 0.50 INCH OR MORE: 0
MIN 0 OR BELOW: 0 1.00 INCH OR MORE: 0
[HDD (BASE 65) ]
TOTAL THIS MO. 0 CLEAR (SCALE 0-3) 26
DPTR FM NORMAL 0 PTCLDY (SCALE 4-7) 5
TOTAL FM JUL 1 0 CLOUDY (SCALE 8-10) 0
DPTR FM NORMAL 0
[CDD (BASE 65) ]
TOTAL THIS MO. 320
DPTR FM NORMAL 41 [PRESSURE DATA]
TOTAL FM JAN 1 514 HIGHEST SLP M ON M
DPTR FM NORMAL 68 LOWEST SLP 29.73 ON 22
[REMARKS]
#FINAL-07-22#