000
CXUS53 KILX 011534
CLSMTO
CLIMATE REPORT
NATIONAL WEATHER SERVICE LINCOLN IL
1034 AM CDT WED JUN 01 2022
...................................
...THE MATTOON IL AIRPORT CLIMATE SUMMARY FOR THE SEASON, FROM
3/1/2022 TO 5/31/2022...
CLIMATE NORMAL PERIOD 1991 TO 2020
CLIMATE RECORD PERIOD 9999 TO 9999
WEATHER OBSERVED NORMAL DEPART LAST YEAR`S
VALUE DATE(S) VALUE FROM VALUE
NORMAL
..............................................................
TEMPERATURE (F)
RECORD
HIGH MM MM
LOW MM MM
HIGHEST 91 05/11 MM MM 85
LOWEST 11 03/12 MM MM 22
AVG. MAXIMUM 63.8 63.4 0.4 64.2
AVG. MINIMUM 44.6 43.4 1.2 44.0
MEAN 54.2 53.4 0.8 54.1
DAYS MAX >= 90 1 0.4 0.6 0
DAYS MAX <= 32 2 1.5 0.5 0
DAYS MIN <= 32 14 19.7 -5.7 13
DAYS MIN <= 0 0 0.1 -0.1 0
PRECIPITATION (INCHES)
RECORD
MAXIMUM MM MM
MINIMUM MM MM
TOTALS 11.88 10.22 1.66 11.36
DAILY AVG. 0.13 0.13
DAYS >= .01 40 31.7 8.3 33
DAYS >= .10 20 19.6 0.4 23
DAYS >= .50 9 6.1 2.9 5
DAYS >= 1.00 2 2.2 -0.2 1
GREATEST
24 HR. TOTAL 2.20 3.38
DEGREE DAYS
HEATING TOTAL 1123 1175 -52 1075
SINCE 7/1 4934 5285 -351 MM
COOLING TOTAL 154 106 48 100
SINCE 1/1 154 106 48 MM
FREEZE DATES
RECORD
EARLIEST MM
LATEST MM
EARLIEST 11/02
LATEST 04/21
..............................................................
WIND (MPH)
AVERAGE WIND SPEED 10.7
HIGHEST WIND SPEED/DIRECTION 36/300 DATE 03/26
HIGHEST GUST SPEED/DIRECTION 50/200 DATE 03/22
SKY COVER
POSSIBLE SUNSHINE (PERCENT) MM
AVERAGE SKY COVER 0.42
NUMBER OF DAYS FAIR 45
NUMBER OF DAYS PC 26
NUMBER OF DAYS CLOUDY 21
AVERAGE RH (PERCENT) 66
WEATHER CONDITIONS. NUMBER OF DAYS WITH
THUNDERSTORM 9 MIXED PRECIP 0
HEAVY RAIN 14 RAIN 18
LIGHT RAIN 49 FREEZING RAIN 0
LT FREEZING RAIN 0 HAIL 0
HEAVY SNOW 0 SNOW 0
LIGHT SNOW 6 SLEET 0
FOG 37 FOG W/VIS <= 1/4 MILE 2
HAZE 10
- INDICATES NEGATIVE NUMBERS.
R INDICATES RECORD WAS SET OR TIED.
MM INDICATES DATA IS MISSING.
T INDICATES TRACE AMOUNT.
$$
ERWIN