000
CXUS51 KBTV 010800
CF6MVL
PRELIMINARY LOCAL CLIMATOLOGICAL DATA (WS FORM: F-6)
STATION: MORRISVILLE VT
MONTH: JANUARY
YEAR: 2023
LATITUDE: 44 31 N
LONGITUDE: 72 37 W
TEMPERATURE IN F: :PCPN: SNOW: WIND :SUNSHINE: SKY :PK WND
================================================================================
1 2 3 4 5 6A 6B 7 8 9 10 11 12 13 14 15 16 17 18
12Z AVG MX 2MIN
DY MAX MIN AVG DEP HDD CDD WTR SNW DPTH SPD SPD DIR MIN PSBL S-S WX SPD DR
================================================================================
1 47 33 40 22 25 0 0.12 M M 3.6 14 330 M M 10 12 18 320
2 41 31 36 18 29 0 T M M 2.5 12 210 M M 10 15 200
3 38 27 33 15 32 0 T M M 3.3 8 170 M M 6 1 11 200
4 41 35 38 21 27 0 0.43 M M 3.9 12 40 M M 10 1 15 30
5 40 35 38 21 27 0 0.22 M M 2.5 12 200 M M 10 1 19 200
6 39 32 36 19 29 0 0.06 M M 2.3 8 170 M M 10 1 10 180
7 35 18 27 10 38 0 0.01 M M 8.4 17 360 M M 10 18 22 350
8 28 9 19 3 46 0 T M M 2.4 13 340 M M 3 1 20 330
9 33 10 22 6 43 0 T M M 3.1 13 310 M M 6 1 19 310
10 33 3 18 2 47 0 T M M 6.5 18 340 M M 5 1 28 310
11 27 -1 13 -3 52 0 0.01 M M 0.9 6 180 M M 2 18 7 180
12 35 23 29 13 36 0 0.07 M M 4.3 18 180 M M 10 1 27 190
13 35 23 29 13 36 0 0.70 M M 5.7 17 340 M M 10 1 24 360
14 23 21 22 6 43 0 T M M 10.2 15 330 M M 10 18 22 320
15 27 8 18 3 47 0 T M M 6.9 15 10 M M 3 19 360
16 23 10 17 2 48 0 T M M 7.4 17 360 M M 7 23 330
17 40 17 29 14 36 0 T M M 1.2 13 20 M M 6 8 16 20
18 35 26 31 16 34 0 T M M 1.7 13 20 M M 8 1 14 20
19 33 27 30 15 35 0 T M M 2.3 13 20 M M 9 1 16 20
20 34 29 32 17 33 0 0.40 M M 2.3 8 10 M M 10 1 10 10
21 29 23 26 11 39 0 T M M 3.8 13 30 M M 10 1 16 20
22 29 24 27 12 38 0 T M M 3.3 13 170 M M 10 1 16 170
23 31 27 29 14 36 0 T M M 7.3 17 320 M M 10 1 28 320
24 34 27 31 16 34 0 0.21 M M 7.0 15 340 M M 10 1 22 320
25 28 15 22 7 43 0 T M M 1.9 9 30 M M 8 1 13 10
26 36 22 29 14 36 0 0.26 M M 3.4 18 340 M M 10 16 24 350
27 32 14 23 8 42 0 T M M 2.3 10 200 M M 7 15 320
28 38 20 29 14 36 0 0.07 M M 5.2 16 230 M M 8 1 25 210
29 36 18 27 12 38 0 0.08 M M 2.6 16 20 M M 9 16 18 10
30 23 9 16 1 49 0 T M M 2.7 16 20 M M 8 18 21 20
31 19 -1 9 -6 56 0 T M M 4.9 17 330 M M 5 18 24 340
================================================================================
SM 1022 614 1190 0 2.64 M 125.8 M 250
================================================================================
AV 33.0 19.8 4.1 FASTST M M 8 MAX(MPH)
MISC ----> # 18 340 # 28 310
================================================================================
NOTES:
# LAST OF SEVERAL OCCURRENCES
COLUMN 17 PEAK WIND IN M.P.H.
PRELIMINARY LOCAL CLIMATOLOGICAL DATA (WS FORM: F-6) , PAGE 2
STATION: MORRISVILLE VT
MONTH: JANUARY
YEAR: 2023
LATITUDE: 44 31 N
LONGITUDE: 72 37 W
[TEMPERATURE DATA] [PRECIPITATION DATA] SYMBOLS USED IN COLUMN 16
AVERAGE MONTHLY: 26.4 TOTAL FOR MONTH: 2.64 1 = FOG OR MIST
DPTR FM NORMAL: 10.7 DPTR FM NORMAL: 0.40 2 = FOG REDUCING VISIBILITY
HIGHEST: 47 ON 1 GRTST 24HR 0.90 ON 4- 5 TO 1/4 MILE OR LESS
LOWEST: -1 ON 31,11 3 = THUNDER
SNOW, ICE PELLETS, HAIL 4 = ICE PELLETS
TOTAL MONTH: M 5 = HAIL
GRTST 24HR M ON M 6 = FREEZING RAIN OR DRIZZLE
GRTST DEPTH: M ON M 7 = DUSTSTORM OR SANDSTORM:
VSBY 1/2 MILE OR LESS
8 = SMOKE OR HAZE
[NO. OF DAYS WITH] [WEATHER - DAYS WITH] 9 = BLOWING SNOW
X = TORNADO
MAX 32 OR BELOW: 12 0.01 INCH OR MORE: 13
MAX 90 OR ABOVE: 0 0.10 INCH OR MORE: 7
MIN 32 OR BELOW: 28 0.50 INCH OR MORE: 1
MIN 0 OR BELOW: 2 1.00 INCH OR MORE: 0
[HDD (BASE 65) ]
TOTAL THIS MO. 1190 CLEAR (SCALE 0-3) 2
DPTR FM NORMAL -338 PTCLDY (SCALE 4-7) 9
TOTAL FM JUL 1 3883 CLOUDY (SCALE 8-10) 20
DPTR FM NORMAL -819
[CDD (BASE 65) ]
TOTAL THIS MO. 0
DPTR FM NORMAL 0 [PRESSURE DATA]
TOTAL FM JAN 1 0 HIGHEST SLP 30.36 ON 8
DPTR FM NORMAL 0 LOWEST SLP 29.32 ON 26
[REMARKS]
#FINAL-01-23#