000
CXUS56 KOTX 010910
CF6MWH
PRELIMINARY LOCAL CLIMATOLOGICAL DATA (WS FORM: F-6)
STATION: MOSES LAKE WA AIRPORT
MONTH: AUGUST
YEAR: 2021
LATITUDE: 47 12 N
LONGITUDE: 119 19 W
TEMPERATURE IN F: :PCPN: SNOW: WIND :SUNSHINE: SKY :PK WND
================================================================================
1 2 3 4 5 6A 6B 7 8 9 10 11 12 13 14 15 16 17 18
12Z AVG MX 2MIN
DY MAX MIN AVG DEP HDD CDD WTR SNW DPTH SPD SPD DIR MIN PSBL S-S WX SPD DR
================================================================================
1 88 70 79 4 0 14 0.01 M M 5.9 17 360 M M 10 8 23 300
2 96 64 80 5 0 15 0.00 M M 3.8 10 180 M M 7 18 15 190
3 100 62 81 6 0 16 0.00 M M 6.4 21 330 M M 0 8 26 330
4 99 66 83 8 0 18 0.00 M M 5.9 15 30 M M 0 8 19 10
5 95 63 79 4 0 14 0.00 M M 6.5 13 230 M M 0 8 16 250
6 90 65 78 4 0 13 0.00 M M 12.0 28 250 M M 0 34 240
7 89 63 76 2 0 11 0.00 M M 10.5 22 290 M M 3 27 290
8 76 55 66 -8 0 1 0.13 M M 9.3 26 340 M M 4 31 330
9 83 49 66 -8 0 1 0.00 M M 5.2 14 180 M M 0 18 170
10 91 55 73 -1 0 8 0.00 M M 3.9 10 160 M M 0 14 200
11 102 61 82 8 0 17 0.00 M M 5.3 17 10 M M 0 21 10
12 102 68 85 12 0 20 0.00 M M 10.0 21 360 M M 6 8 24 10
13 97 63 80 7 0 15 0.00 M M 3.6 10 210 M M 8 8 13 200
14 101 61 81 8 0 16 0.00 M M 6.5 16 180 M M 1 8 20 190
15 102 65 84 11 0 19 0.00 M M 5.7 16 300 M M 0 8 21 300
16 97 69 83 11 0 18 0.00 M M 11.1 24 330 M M 1 8 30 330
17 76 58 67 -5 0 2 0.02 M M 10.4 23 350 M M 5 138 30 350
18 82 54 68 -4 0 3 0.00 M M 6.7 13 190 M M 2 20 230
19 86 52 69 -3 0 4 0.00 M M 4.3 13 230 M M 1 16 230
20 79 53 66 -6 0 1 0.00 M M 5.8 15 150 M M 1 8 19 150
21 78 53 66 -5 0 1 0.00 M M 7.2 17 340 M M 3 20 350
22 79 52 66 -5 0 1 0.00 M M 9.3 24 290 M M 0 30 200
23 75 52 64 -7 1 0 0.00 M M 8.4 14 210 M M 2 18 20
24 82 46 64 -6 1 0 0.00 M M 6.1 13 250 M M 0 16 40
25 82 48 65 -5 0 0 0.00 M M 4.7 10 190 M M 0 16 210
26 81 56 69 -1 0 4 0.00 M M 6.9 17 240 M M 1 21 250
27 79 57 68 -2 0 3 0.00 M M 7.3 16 320 M M 2 20 300
28 83 51 67 -2 0 2 0.00 M M 3.5 12 20 M M 0 15 10
29 86 50 68 -1 0 3 0.00 M M 4.3 9 200 M M 0 13 190
30 85 49 67 -2 0 2 0.00 M M 8.1 22 240 M M 1 8 27 230
31 74 51 63 -5 2 0 0.00 M M 8.4 22 270 M M 0 27 270
================================================================================
SM 2715 1781 4 242 0.16 M 213.0 M 58
================================================================================
AV 87.6 57.5 6.9 FASTST M M 2 MAX(MPH)
MISC ----> 28 250 34 240
================================================================================
NOTES:
# LAST OF SEVERAL OCCURRENCES
COLUMN 17 PEAK WIND IN M.P.H.
PRELIMINARY LOCAL CLIMATOLOGICAL DATA (WS FORM: F-6) , PAGE 2
STATION: MOSES LAKE WA AIRPORT
MONTH: AUGUST
YEAR: 2021
LATITUDE: 47 12 N
LONGITUDE: 119 19 W
[TEMPERATURE DATA] [PRECIPITATION DATA] SYMBOLS USED IN COLUMN 16
AVERAGE MONTHLY: 72.5 TOTAL FOR MONTH: 0.16 1 = FOG OR MIST
DPTR FM NORMAL: 0.3 DPTR FM NORMAL: 0.01 2 = FOG REDUCING VISIBILITY
HIGHEST: 102 ON 15,12 GRTST 24HR 0.13 ON 8- 8 TO 1/4 MILE OR LESS
LOWEST: 46 ON 24 3 = THUNDER
SNOW, ICE PELLETS, HAIL 4 = ICE PELLETS
TOTAL MONTH: M 5 = HAIL
GRTST 24HR M ON M 6 = FREEZING RAIN OR DRIZZLE
GRTST DEPTH: M ON M 7 = DUSTSTORM OR SANDSTORM:
VSBY 1/2 MILE OR LESS
8 = SMOKE OR HAZE
[NO. OF DAYS WITH] [WEATHER - DAYS WITH] 9 = BLOWING SNOW
X = TORNADO
MAX 32 OR BELOW: 0 0.01 INCH OR MORE: 3
MAX 90 OR ABOVE: 12 0.10 INCH OR MORE: 1
MIN 32 OR BELOW: 0 0.50 INCH OR MORE: 0
MIN 0 OR BELOW: 0 1.00 INCH OR MORE: 0
[HDD (BASE 65) ]
TOTAL THIS MO. 4 CLEAR (SCALE 0-3) 24
DPTR FM NORMAL -5 PTCLDY (SCALE 4-7) 5
TOTAL FM JUL 1 4 CLOUDY (SCALE 8-10) 2
DPTR FM NORMAL -8
[CDD (BASE 65) ]
TOTAL THIS MO. 242
DPTR FM NORMAL 10 [PRESSURE DATA]
TOTAL FM JAN 1 1015 HIGHEST SLP M ON M
DPTR FM NORMAL 392 LOWEST SLP 29.60 ON 16
[REMARKS]
#FINAL-08-21#