000
CXUS56 KOTX 010910
CF6MWH
PRELIMINARY LOCAL CLIMATOLOGICAL DATA (WS FORM: F-6)
STATION: MOSES LAKE WA AIRPORT
MONTH: AUGUST
YEAR: 2023
LATITUDE: 47 12 N
LONGITUDE: 119 19 W
TEMPERATURE IN F: :PCPN: SNOW: WIND :SUNSHINE: SKY :PK WND
================================================================================
1 2 3 4 5 6A 6B 7 8 9 10 11 12 13 14 15 16 17 18
12Z AVG MX 2MIN
DY MAX MIN AVG DEP HDD CDD WTR SNW DPTH SPD SPD DIR MIN PSBL S-S WX SPD DR
================================================================================
1 90 50 70 -5 0 5 0.00 M M 3.7 12 190 M M 0 16 180
2 94 53 74 -1 0 9 0.00 M M 5.1 13 210 M M 0 16 210
3 93 56 75 0 0 10 0.00 M M 5.7 10 220 M M 0 15 240
4 88 60 74 -1 0 9 0.00 M M 7.1 18 170 M M 0 24 180
5 76 67 72 -3 0 7 0.03 M M 6.3 15 280 M M 6 19 280
6 86 64 75 1 0 10 0.11 M M 6.0 16 250 M M 2 1 20 250
7 74 63 69 -5 0 4 0.57 M M 5.3 15 250 M M 5 13 18 240
8 85 60 73 -1 0 8 0.00 M M 5.2 13 200 M M 0 18 17 190
9 88 63 76 2 0 11 0.00 M M 7.9 20 280 M M 1 24 290
10 85 57 71 -3 0 6 0.00 M M 6.2 14 180 M M 0 20 190
11 88 54 71 -3 0 6 0.00 M M 5.8 14 210 M M 0 17 240
12 94 60 77 4 0 12 0.00 M M 7.3 17 340 M M 0 24 340
13 98 62 80 7 0 15 0.00 M M 7.4 17 10 M M 0 21 20
14 103 62 83 10 0 18 0.00 M M 5.2 12 210 M M 0 14 40
15 104 63 84 11 0 19 0.00 M M 5.6 14 180 M M 0 17 190
16 104 64 84 12 0 19 0.00 M M 4.5 13 190 M M 2 8 17 200
17 100 65 83 11 0 18 T M M 6.6 18 240 M M 1 8 24 240
18 93 61 77 5 0 12 0.00 M M 11.7 23 230 M M 1 8 30 250
19 85 51 68 -4 0 3 0.00 M M 10.1 20 360 M M 10 8 24 360
20 87 52 70 -2 0 5 0.00 M M 4.6 12 340 M M 10 8 16 340
21 84 57 71 0 0 6 0.01 M M 6.8 13 170 M M 8 8 15 180
22 74 60 67 -4 0 2 0.08 M M 11.3 18 140 M M 4 8 24 140
23 78 M M M M M 0.00 M M 7.7 22 150 M M 0 128 25 160
24 85 47 66 -4 0 1 0.00 M M 5.9 13 360 M M 0 16 340
25 84 57 71 1 0 6 0.00 M M 6.4 21 50 M M 0 25 50
26 93 55 74 4 0 9 0.00 M M 7.5 15 280 M M 0 20 340
27 100 63 82 12 0 17 0.00 M M 6.8 12 10 M M 0 14 330
28 102 61 82 13 0 17 0.00 M M 6.0 13 20 M M 0 18 90
29 75 60 68 -1 0 3 0.06 M M 6.1 28 310 M M 3 38 34 310
30 80 59 70 1 0 5 0.02 M M 8.8 22 250 M M 6 8 26 250
31 68 56 62 -6 3 0 T M M 5.8 15 170 M M 4 18 170
================================================================================
SM 2738 1762 3 272 0.88 M 206.4 M 63
================================================================================
AV 88.3 58.7 6.7 FASTST M M 2 MAX(MPH)
MISC ----> 28 310 34 310
================================================================================
NOTES:
# LAST OF SEVERAL OCCURRENCES
COLUMN 17 PEAK WIND IN M.P.H.
PRELIMINARY LOCAL CLIMATOLOGICAL DATA (WS FORM: F-6) , PAGE 2
STATION: MOSES LAKE WA AIRPORT
MONTH: AUGUST
YEAR: 2023
LATITUDE: 47 12 N
LONGITUDE: 119 19 W
[TEMPERATURE DATA] [PRECIPITATION DATA] SYMBOLS USED IN COLUMN 16
AVERAGE MONTHLY: 73.5 TOTAL FOR MONTH: 0.88 1 = FOG OR MIST
DPTR FM NORMAL: 1.3 DPTR FM NORMAL: 0.73 2 = FOG REDUCING VISIBILITY
HIGHEST: 104 ON 16,15 GRTST 24HR 0.57 ON 7- 7 TO 1/4 MILE OR LESS
LOWEST: 47 ON 24 3 = THUNDER
SNOW, ICE PELLETS, HAIL 4 = ICE PELLETS
TOTAL MONTH: M 5 = HAIL
GRTST 24HR M ON M 6 = FREEZING RAIN OR DRIZZLE
GRTST DEPTH: M ON M 7 = DUSTSTORM OR SANDSTORM:
VSBY 1/2 MILE OR LESS
8 = SMOKE OR HAZE
[NO. OF DAYS WITH] [WEATHER - DAYS WITH] 9 = BLOWING SNOW
X = TORNADO
MAX 32 OR BELOW: 0 0.01 INCH OR MORE: 7
MAX 90 OR ABOVE: 13 0.10 INCH OR MORE: 2
MIN 32 OR BELOW: 0 0.50 INCH OR MORE: 1
MIN 0 OR BELOW: 0 1.00 INCH OR MORE: 0
[HDD (BASE 65) ]
TOTAL THIS MO. 3 CLEAR (SCALE 0-3) 23
DPTR FM NORMAL -6 PTCLDY (SCALE 4-7) 6
TOTAL FM JUL 1 3 CLOUDY (SCALE 8-10) 2
DPTR FM NORMAL -9
[CDD (BASE 65) ]
TOTAL THIS MO. 272
DPTR FM NORMAL 40 [PRESSURE DATA]
TOTAL FM JAN 1 827 HIGHEST SLP M ON M
DPTR FM NORMAL 204 LOWEST SLP 29.58 ON 18
[REMARKS]
#FINAL-08-23#