000
CXUS54 KFWD 010730
CF6MWL
PRELIMINARY LOCAL CLIMATOLOGICAL DATA (WS FORM: F-6)
STATION: MINERAL WELLS
MONTH: JUNE
YEAR: 2021
LATITUDE: 32 46 N
LONGITUDE: 98 4 W
TEMPERATURE IN F: :PCPN: SNOW: WIND :SUNSHINE: SKY :PK WND
================================================================================
1 2 3 4 5 6A 6B 7 8 9 10 11 12 13 14 15 16 17 18
12Z AVG MX 2MIN
DY MAX MIN AVG DEP HDD CDD WTR SNW DPTH SPD SPD DIR MIN PSBL S-S WX SPD DR
================================================================================
1 74 61 68 -9 0 3 0.00 M M 5.9 15 350 M M 6 1 19 340
2 79 57 68 -10 0 3 0.14 M M 4.4 18 280 M M 2 123 26 270
3 82 63 73 -5 0 8 0.00 M M 4.7 14 130 M M 1 17 120
4 79 63 71 -7 0 6 0.00 M M 5.2 16 130 M M 4 1 20 130
5 83 67 75 -3 0 10 0.09 M M 5.6 15 180 M M 4 3 21 170
6 86 66 76 -2 0 11 0.00 M M 8.8 18 120 M M 4 23 110
7 85 66 76 -3 0 11 1.57 M M 9.2 25 360 M M 3 13 35 10
8 89 68 79 0 0 14 0.15 M M 8.6 31 120 M M 2 13 39 120
9 91 73 82 3 0 17 0.00 M M 8.5 17 160 M M 4 24 180
10 92 75 84 5 0 19 0.00 M M 9.9 16 150 M M 3 23 140
11 94 73 84 5 0 19 0.00 M M 11.1 20 180 M M 1 29 180
12 92 73 83 3 0 18 0.00 M M 8.1 15 150 M M 2 22 160
13 94 72 83 3 0 18 0.00 M M 2.4 12 310 M M 0 17 130
14 95 76 86 6 0 21 0.52 M M 5.7 10 360 M M 2 3 33 70
15 95 71 83 3 0 18 0.00 M M 4.3 22 160 M M 0 13 33 70
16 94 69 82 2 0 17 0.00 M M 3.7 12 110 M M 0 14 110
17 94 69 82 2 0 17 0.00 M M 4.3 12 120 M M 0 17 150
18 93 72 83 3 0 18 0.00 M M 6.5 14 130 M M 1 18 120
19 93 67 80 -1 0 15 0.00 M M 5.6 13 130 M M 0 17 130
20 95 69 82 1 0 17 0.00 M M 10.1 17 170 M M 0 25 160
21 89 69 79 -2 0 14 T M M 10.8 24 30 M M 5 34 30
22 83 62 73 -8 0 8 0.00 M M 6.9 13 150 M M 5 20 120
23 95 71 83 2 0 18 0.00 M M 11.2 20 160 M M 3 1 28 150
24 95 76 86 5 0 21 0.00 M M 11.5 20 160 M M 0 27 150
25 95 76 86 5 0 21 0.00 M M 12.9 23 160 M M 0 30 150
26 94 75 85 3 0 20 0.00 M M 11.8 20 160 M M 3 33 180
27 92 73 83 1 0 18 T M M 6.3 17 140 M M 2 25 140
28 85 71 78 -4 0 13 0.42 M M 5.2 14 130 M M 5 13 19 130
29 86 72 79 -3 0 14 0.68 M M 6.6 16 200 M M 8 13 23 140
30 91 72 82 0 0 17 0.00 M M 4.6 10 130 M M 3 12 14 140
================================================================================
SM 2684 2087 0 444 3.57 M 220.4 M 73
================================================================================
AV 89.5 69.6 7.3 FASTST M M 2 MAX(MPH)
MISC ----> 31 120 39 120
================================================================================
NOTES:
# LAST OF SEVERAL OCCURRENCES
COLUMN 17 PEAK WIND IN M.P.H.
PRELIMINARY LOCAL CLIMATOLOGICAL DATA (WS FORM: F-6) , PAGE 2
STATION: MINERAL WELLS
MONTH: JUNE
YEAR: 2021
LATITUDE: 32 46 N
LONGITUDE: 98 4 W
[TEMPERATURE DATA] [PRECIPITATION DATA] SYMBOLS USED IN COLUMN 16
AVERAGE MONTHLY: 79.5 TOTAL FOR MONTH: 3.57 1 = FOG OR MIST
DPTR FM NORMAL: -0.4 DPTR FM NORMAL: 0.02 2 = FOG REDUCING VISIBILITY
HIGHEST: 95 ON 25,24 GRTST 24HR 1.70 ON 7- 8 TO 1/4 MILE OR LESS
LOWEST: 57 ON 2 3 = THUNDER
SNOW, ICE PELLETS, HAIL 4 = ICE PELLETS
TOTAL MONTH: M 5 = HAIL
GRTST 24HR M ON M 6 = FREEZING RAIN OR DRIZZLE
GRTST DEPTH: M ON M 7 = DUSTSTORM OR SANDSTORM:
VSBY 1/2 MILE OR LESS
8 = SMOKE OR HAZE
[NO. OF DAYS WITH] [WEATHER - DAYS WITH] 9 = BLOWING SNOW
X = TORNADO
MAX 32 OR BELOW: 0 0.01 INCH OR MORE: 7
MAX 90 OR ABOVE: 18 0.10 INCH OR MORE: 6
MIN 32 OR BELOW: 0 0.50 INCH OR MORE: 3
MIN 0 OR BELOW: 0 1.00 INCH OR MORE: 1
[HDD (BASE 65) ]
TOTAL THIS MO. 0 CLEAR (SCALE 0-3) 19
DPTR FM NORMAL 0 PTCLDY (SCALE 4-7) 11
TOTAL FM JUL 1 2569 CLOUDY (SCALE 8-10) 0
DPTR FM NORMAL 160
[CDD (BASE 65) ]
TOTAL THIS MO. 444
DPTR FM NORMAL -5 [PRESSURE DATA]
TOTAL FM JAN 1 701 HIGHEST SLP M ON M
DPTR FM NORMAL -142 LOWEST SLP 29.65 ON 20
[REMARKS]
#FINAL-06-21#