000
CXUS54 KLZK 011130
CF6MWT
PRELIMINARY LOCAL CLIMATOLOGICAL DATA (WS FORM: F-6)
STATION: MOUNT IDA
MONTH: MAY
YEAR: 2021
LATITUDE: 34 32 N
LONGITUDE: 93 35 W
TEMPERATURE IN F: :PCPN: SNOW: WIND :SUNSHINE: SKY :PK WND
================================================================================
1 2 3 4 5 6A 6B 7 8 9 10 11 12 13 14 15 16 17 18
12Z AVG MX 2MIN
DY MAX MIN AVG DEP HDD CDD WTR SNW DPTH SPD SPD DIR MIN PSBL S-S WX SPD DR
================================================================================
1 76 48 62 -3 3 0 0.00 0.0 0 1.7 10 150 M M 5 12 15 140
2 71 59 65 -1 0 0 0.86 0.0 0 1.6 7 130 M M 9 1 M M
3 84 58 71 5 0 6 T 0.0 M 2.8 10 200 M M 7 1 20 210
4 77 57 67 1 0 2 0.15 0.0 0 3.9 12 320 M M 6 28 320
5 76 46 61 -5 4 0 0.00 0.0 0 1.5 5 99 M M 1 M M
6 80 48 64 -3 1 0 0.00 0.0 0 3.5 7 99 M M 0 20 99
7 79 44 62 -5 3 0 0.00 0.0 0 0.5 4 110 M M 3 M M
8 84 54 69 2 0 4 0.00 0.0 0 5.2 13 210 M M 1 25 160
9 83 61 72 5 0 7 T 0.0 M 6.8 15 220 M M 6 29 230
10 61 53 57 -11 8 0 0.01 0.0 M 2.7 7 99 M M 10 1 M M
11 60 54 57 -11 8 0 1.07 0.0 M 2.8 15 140 M M 10 1 21 140
12 69 54 62 -6 3 0 0.00 0.0 0 2.2 9 50 M M 10 1 14 90
13 73 48 61 -7 4 0 0.00 0.0 0 1.3 8 130 M M 5 12 130
14 75 43 59 -10 6 0 M M M 1.2 10 140 M M 0 13 150
15 79 48 64 -5 1 0 0.00 0.0 M 1.4 10 170 M M 2 17 160
16 80 57 69 0 0 4 0.54 0.0 M 3.7 12 140 M M 5 1 23 140
17 75 66 71 1 0 6 1.32 0.0 M 2.7 9 190 M M 9 1 15 140
18 80 64 72 2 0 7 1.35 0.0 0 3.5 13 320 M M 7 1 28 99
19 74 65 70 0 0 5 0.28 0.0 0 4.4 13 140 M M 9 1 19 130
20 77 68 73 3 0 8 0.66 0.0 0 6.6 17 140 M M 9 18 23 130
21 72 68 70 -1 0 5 0.12 0.0 M 3.5 14 160 M M 9 1 24 200
22 83 65 74 3 0 9 0.00 0.0 0 2.3 10 140 M M 3 1 14 140
23 85 64 75 4 0 10 0.00 0.0 0 1.1 5 99 M M 1 1 M M
24 82 63 73 1 0 8 M 0.0 M 2.6 8 180 M M 2 M M
25 82 70 76 4 0 11 0.50 0.0 0 3.0 10 170 M M 8 1 20 99
26 86 65 76 4 0 11 T 0.0 M 1.6 7 270 M M 4 1 13 250
27 87 66 77 5 0 12 1.12 0.0 0 3.1 16 340 M M 2 1 27 360
28 83 60 72 -1 0 7 0.31 0.0 0 3.5 15 140 M M 4 1 24 340
29 73 55 64 -9 1 0 0.00 0.0 0 3.7 9 110 M M 4 16 140
30 73 53 63 -10 2 0 0.00 0.0 0 2.3 9 140 M M 4 12 80
31 76 50 63 -11 2 0 0.00 0.0 0 1.2 9 140 M M 2 13 140
================================================================================
SM 2395 1774 46 122 8.29 0.0 87.9 M 157
================================================================================
AV 77.3 57.2 2.8 FASTST M M 5 MAX(MPH)
MISC ----> 17 140 29 230
================================================================================
NOTES:
# LAST OF SEVERAL OCCURRENCES
COLUMN 17 PEAK WIND IN M.P.H.
PRELIMINARY LOCAL CLIMATOLOGICAL DATA (WS FORM: F-6) , PAGE 2
STATION: MOUNT IDA
MONTH: MAY
YEAR: 2021
LATITUDE: 34 32 N
LONGITUDE: 93 35 W
[TEMPERATURE DATA] [PRECIPITATION DATA] SYMBOLS USED IN COLUMN 16
AVERAGE MONTHLY: 67.2 TOTAL FOR MONTH: 8.29 1 = FOG OR MIST
DPTR FM NORMAL: -2.2 DPTR FM NORMAL: 2.85 2 = FOG REDUCING VISIBILITY
HIGHEST: 87 ON 27 GRTST 24HR 1.86 ON 16-17 TO 1/4 MILE OR LESS
LOWEST: 43 ON 14 3 = THUNDER
SNOW, ICE PELLETS, HAIL 4 = ICE PELLETS
TOTAL MONTH: 0.0 INCH 5 = HAIL
GRTST 24HR 0.0 6 = FREEZING RAIN OR DRIZZLE
GRTST DEPTH: 0 7 = DUSTSTORM OR SANDSTORM:
VSBY 1/2 MILE OR LESS
8 = SMOKE OR HAZE
[NO. OF DAYS WITH] [WEATHER - DAYS WITH] 9 = BLOWING SNOW
X = TORNADO
MAX 32 OR BELOW: 0 0.01 INCH OR MORE: 13
MAX 90 OR ABOVE: 0 0.10 INCH OR MORE: 12
MIN 32 OR BELOW: 0 0.50 INCH OR MORE: 8
MIN 0 OR BELOW: 0 1.00 INCH OR MORE: 4
[HDD (BASE 65) ]
TOTAL THIS MO. 46 CLEAR (SCALE 0-3) 11
DPTR FM NORMAL 12 PTCLDY (SCALE 4-7) 12
TOTAL FM JUL 1 3155 CLOUDY (SCALE 8-10) 8
DPTR FM NORMAL 73
[CDD (BASE 65) ]
TOTAL THIS MO. 122
DPTR FM NORMAL -49 [PRESSURE DATA]
TOTAL FM JAN 1 167 HIGHEST SLP M ON M
DPTR FM NORMAL -73 LOWEST SLP 29.54 ON 3
[REMARKS]
#FINAL-05-21#