000
CXUS55 KBOI 011657
CF6MYL
PRELIMINARY LOCAL CLIMATOLOGICAL DATA (WS FORM: F-6)
STATION: MCCALL ID
MONTH: JANUARY
YEAR: 2022
LATITUDE: 44 52 N
LONGITUDE: 116 6 W
TEMPERATURE IN F: :PCPN: SNOW: WIND :SUNSHINE: SKY :PK WND
================================================================================
1 2 3 4 5 6A 6B 7 8 9 10 11 12 13 14 15 16 17 18
12Z AVG MX 2MIN
DY MAX MIN AVG DEP HDD CDD WTR SNW DPTH SPD SPD DIR MIN PSBL S-S WX SPD DR
================================================================================
1 10 -15 -2 -23 67 0 0.00 M M 0.6 7 60 M M 4 18 7 60
2 19 3 11 -10 54 0 0.00 M M 1.3 6 30 M M 5 18 8 70
3 32 2 17 -4 48 0 0.25 M M 10.8 32 190 M M 6 128 46 170
4 26 18 22 1 43 0 0.13 M M 4.4 15 240 M M 10 1 21 250
5 29 23 26 5 39 0 0.45 M M 1.9 7 300 M M 10 18 12 310
6 37 24 31 9 34 0 0.25 M M 5.5 15 180 M M 10 1 23 180
7 38 25 32 10 33 0 0.22 M M 10.5 26 190 M M 9 1 34 210
8 28 7 18 -4 47 0 0.00 M M 1.9 9 260 M M 2 18 14 260
9 23 -1 11 -11 54 0 0.00 M M 0.8 7 190 M M 1 18 8 190
10 23 -1 11 -11 54 0 T M M 0.5 6 60 M M 4 18 6 210
11 32 9 21 -1 44 0 0.00 M M 1.6 9 260 M M 10 12 250
12 38 18 28 6 37 0 0.00 M M 0.9 7 70 M M 6 128 8 80
13 43 19 31 9 34 0 0.00 M M 2.6 10 250 M M 4 8 14 290
14 37 12 25 3 40 0 0.00 M M 1.2 7 200 M M 1 128 8 40
15 33 12 23 1 42 0 0.00 M M 0.0 5 60 M M 5 28 5 190
16 29 10 20 -2 45 0 0.00 M M 0.7 6 190 M M 0 1 7 190
17 28 13 21 -1 44 0 0.00 M M 0.6 6 220 M M 5 18 7 210
18 29 8 19 -3 46 0 0.00 M M 1.8 8 270 M M 7 128 10 270
19 34 14 24 2 41 0 0.00 M M 2.2 10 280 M M 6 15 280
20 28 15 22 0 43 0 0.42 M M 0.6 9 320 M M 10 12 11 320
21 35 13 24 2 41 0 T M M 5.7 15 10 M M 5 18 24 360
22 28 13 21 -1 44 0 0.00 M M 2.4 8 190 M M 0 M M
23 26 8 17 -5 48 0 0.00 M M M M M M M M M M
24 30 7 19 -3 46 0 T M M M M M M M M M M
25 30 3 17 -5 48 0 0.00 M M M M M M M M M M
26 26 2 14 -9 51 0 0.00 M M M M M M M M M M
27 26 -6 10 -13 55 0 0.00 M M M M M M M M M M
28 25 -10 8 -15 57 0 0.00 M M M M M M M M M M
29 24 -9 8 -15 57 0 0.00 M M M M M M M M M M
30 30 -5 13 -10 52 0 0.00 M M M M M M M M M M
31 25 11 18 -5 47 0 0.15 M M M M M M M M M M
================================================================================
SM 901 242 1435 0 1.87 M 58.5 M 120
================================================================================
AV 29.1 7.8 2.7 FASTST M M 5 MAX(MPH)
MISC ----> 32 190 46 170
================================================================================
NOTES:
# LAST OF SEVERAL OCCURRENCES
COLUMN 17 PEAK WIND IN M.P.H.
PRELIMINARY LOCAL CLIMATOLOGICAL DATA (WS FORM: F-6) , PAGE 2
STATION: MCCALL ID
MONTH: JANUARY
YEAR: 2022
LATITUDE: 44 52 N
LONGITUDE: 116 6 W
[TEMPERATURE DATA] [PRECIPITATION DATA] SYMBOLS USED IN COLUMN 16
AVERAGE MONTHLY: 18.4 TOTAL FOR MONTH: 1.87 1 = FOG OR MIST
DPTR FM NORMAL: -3.7 DPTR FM NORMAL: -0.59 2 = FOG REDUCING VISIBILITY
HIGHEST: 43 ON 13 GRTST 24HR 0.45 ON 5- 5 TO 1/4 MILE OR LESS
LOWEST: -15 ON 1 3 = THUNDER
SNOW, ICE PELLETS, HAIL 4 = ICE PELLETS
TOTAL MONTH: M 5 = HAIL
GRTST 24HR M ON M 6 = FREEZING RAIN OR DRIZZLE
GRTST DEPTH: M ON M 7 = DUSTSTORM OR SANDSTORM:
VSBY 1/2 MILE OR LESS
8 = SMOKE OR HAZE
[NO. OF DAYS WITH] [WEATHER - DAYS WITH] 9 = BLOWING SNOW
X = TORNADO
MAX 32 OR BELOW: 23 0.01 INCH OR MORE: 7
MAX 90 OR ABOVE: 0 0.10 INCH OR MORE: 7
MIN 32 OR BELOW: 31 0.50 INCH OR MORE: 0
MIN 0 OR BELOW: 7 1.00 INCH OR MORE: 0
[HDD (BASE 65) ]
TOTAL THIS MO. 1435 CLEAR (SCALE 0-3) 5
DPTR FM NORMAL 103 PTCLDY (SCALE 4-7) 11
TOTAL FM JUL 1 4690 CLOUDY (SCALE 8-10) 15
DPTR FM NORMAL -216
[CDD (BASE 65) ]
TOTAL THIS MO. 0
DPTR FM NORMAL 0 [PRESSURE DATA]
TOTAL FM JAN 1 0 HIGHEST SLP M ON M
DPTR FM NORMAL 0 LOWEST SLP 29.49 ON 7
[REMARKS]
#FINAL-01-22#