000
CXUS56 KSTO 011401
CF6MYV
PRELIMINARY LOCAL CLIMATOLOGICAL DATA (WS FORM: F-6)
STATION: MARYSVILLE
MONTH: NOVEMBER
YEAR: 2023
LATITUDE: 39 6 N
LONGITUDE: 121-34 E
TEMPERATURE IN F: :PCPN: SNOW: WIND :SUNSHINE: SKY :PK WND
================================================================================
1 2 3 4 5 6A 6B 7 8 9 10 11 12 13 14 15 16 17 18
12Z AVG MX 2MIN
DY MAX MIN AVG DEP HDD CDD WTR SNW DPTH SPD SPD DIR MIN PSBL S-S WX SPD DR
================================================================================
1 76 40 58 0 7 0 0.00 M M 1.2 7 280 M M 0 8 10 310
2 75 44 60 2 5 0 0.00 0.0 M 2.7 9 330 M M 0 12 330
3 82 51 67 10 0 2 0.00 M M 3.0 7 90 M M 0 10 350
4 81 51 66 9 0 1 T M M 6.9 21 150 M M 0 8 26 150
5 73 59 66 9 0 1 0.02 M M 9.7 17 150 M M 8 1 23 150
6 74 52 63 7 2 0 T M M 13.1 22 180 M M 4 28 180
7 69 43 56 0 9 0 0.00 M M 5.9 16 320 M M 2 12 20 320
8 73 44 59 4 6 0 0.00 M M 9.5 17 330 M M 0 22 340
9 66 34 50 -5 15 0 0.00 M M 1.8 8 250 M M 0 8 11 150
10 70 42 56 1 9 0 0.00 M M 2.4 10 300 M M 3 13 320
11 74 40 57 3 8 0 0.00 M M 1.3 8 320 M M 0 11 300
12 72 41 57 3 8 0 0.00 M M 2.4 10 130 M M 0 13 190
13 71 45 58 5 7 0 0.00 M M 2.9 10 140 M M 0 12 130
14 68 42 55 2 10 0 0.00 0.0 M 4.5 12 340 M M 1 16 340
15 64 47 56 3 9 0 0.02 M M 4.6 12 140 M M 5 14 130
16 72 49 61 9 4 0 T M M 5.4 13 310 M M 4 1 15 310
17 73 47 60 8 5 0 0.12 M M 3.7 9 210 M M 4 13 12 120
18 62 49 56 4 9 0 0.29 M M 10.8 24 170 M M 8 1 32 170
19 64 41 53 2 12 0 0.00 M M 9.8 24 330 M M 0 8 29 340
20 65 42 54 3 11 0 0.00 M M 8.1 29 330 M M 0 37 330
21 68 38 53 2 12 0 0.00 M M 2.4 9 330 M M 0 18 11 320
22 67 35 51 1 14 0 0.00 M M 0.9 7 270 M M 1 18 8 270
23 71 41 56 6 9 0 T M M 8.9 25 330 M M 1 1 36 310
24 62 43 53 3 12 0 0.00 M M 13.5 24 330 M M 0 31 340
25 63 31 47 -2 18 0 0.00 M M 4.9 13 330 M M 0 28 330
26 64 31 48 -1 17 0 0.00 M M 3.4 8 330 M M 0 12 340
27 63 29 46 -3 19 0 0.00 M M 2.0 6 280 M M 0 10 310
28 64 31 48 -1 17 0 0.00 M M 1.1 6 310 M M 0 1 8 30
29 66 36 51 3 14 0 T M M 3.3 9 330 M M 4 8 12 40
30 63 37 50 2 15 0 T M M 3.5 10 160 M M 2 13 140
================================================================================
SM 2075 1255 283 4 0.45 0.0 153.6 M 47
================================================================================
AV 69.2 41.8 5.1 FASTST M M 2 MAX(MPH)
MISC ----> 29 330 37 330
================================================================================
NOTES:
# LAST OF SEVERAL OCCURRENCES
COLUMN 17 PEAK WIND IN M.P.H.
PRELIMINARY LOCAL CLIMATOLOGICAL DATA (WS FORM: F-6) , PAGE 2
STATION: MARYSVILLE
MONTH: NOVEMBER
YEAR: 2023
LATITUDE: 39 6 N
LONGITUDE: 121-34 E
[TEMPERATURE DATA] [PRECIPITATION DATA] SYMBOLS USED IN COLUMN 16
AVERAGE MONTHLY: 55.5 TOTAL FOR MONTH: 0.45 1 = FOG OR MIST
DPTR FM NORMAL: 2.8 DPTR FM NORMAL: -1.76 2 = FOG REDUCING VISIBILITY
HIGHEST: 82 ON 3 GRTST 24HR 0.40 ON 17-18 TO 1/4 MILE OR LESS
LOWEST: 29 ON 27 3 = THUNDER
SNOW, ICE PELLETS, HAIL 4 = ICE PELLETS
TOTAL MONTH: 0.0 INCH 5 = HAIL
GRTST 24HR 0.0 6 = FREEZING RAIN OR DRIZZLE
GRTST DEPTH: M ON M 7 = DUSTSTORM OR SANDSTORM:
VSBY 1/2 MILE OR LESS
8 = SMOKE OR HAZE
[NO. OF DAYS WITH] [WEATHER - DAYS WITH] 9 = BLOWING SNOW
X = TORNADO
MAX 32 OR BELOW: 0 0.01 INCH OR MORE: 4
MAX 90 OR ABOVE: 0 0.10 INCH OR MORE: 2
MIN 32 OR BELOW: 4 0.50 INCH OR MORE: 0
MIN 0 OR BELOW: 0 1.00 INCH OR MORE: 0
[HDD (BASE 65) ]
TOTAL THIS MO. 283 CLEAR (SCALE 0-3) 23
DPTR FM NORMAL -85 PTCLDY (SCALE 4-7) 7
TOTAL FM JUL 1 351 CLOUDY (SCALE 8-10) 0
DPTR FM NORMAL -109
[CDD (BASE 65) ]
TOTAL THIS MO. 4
DPTR FM NORMAL 3 [PRESSURE DATA]
TOTAL FM JAN 1 1598 HIGHEST SLP 30.44 ON 21
DPTR FM NORMAL 99 LOWEST SLP 29.78 ON 15
[REMARKS]
#FINAL-11-23#