000
CXUS51 KOKX 030031
CF6NYC
PRELIMINARY LOCAL CLIMATOLOGICAL DATA (WS FORM: F-6)
STATION: CENTRAL PARK NY
MONTH: JULY
YEAR: 2023
LATITUDE: 40 46 N
LONGITUDE: 73 58 W
TEMPERATURE IN F: :PCPN: SNOW: WIND :SUNSHINE: SKY :PK WND
================================================================================
1 2 3 4 5 6A 6B 7 8 9 10 11 12 13 14 15 16 17 18
12Z AVG MX 2MIN
DY MAX MIN AVG DEP HDD CDD WTR SNW DPTH SPD SPD DIR MIN PSBL S-S WX SPD DR
================================================================================
1 82 69 76 0 0 11 0.00 0.0 0 2.5 9 150 M M 3 8 M M
2 88 70 79 3 0 14 0.58 0.0 0 2.3 10 270 M M 6 138 22 270
3 89 72 81 4 0 16 0.45 0.0 0 2.7 9 350 M M 3 13 16 170
4 83 73 78 1 0 13 0.63 0.0 0 0.6 10 230 M M 4 1238 14 230
5 93 72 83 6 0 18 0.00 0.0 0 1.7 8 240 M M 0 18 12 230
6 90 75 83 6 0 18 0.00 0.0 0 1.4 9 240 M M 0 M M
7 87 74 81 4 0 16 0.00 0.0 0 M M M M M 4 M M
8 88 76 82 5 0 17 0.00 0.0 0 M M M M M 4 M M
9 82 72 77 0 0 12 0.98 0.0 M 1.7 10 120 M M 7 13 19 180
10 84 71 78 0 0 13 T 0.0 0 3.7 12 300 M M 5 1 17 290
11 89 68 79 1 0 14 0.00 0.0 0 2.9 9 270 M M 0 14 250
12 91 76 84 6 0 19 0.00 0.0 0 3.2 10 250 M M 1 16 270
13 88 77 83 5 0 18 0.00 0.0 0 2.4 8 190 M M 0 19 120
14 84 71 78 0 0 13 0.48 0.0 0 4.5 16 50 M M 6 13 30 230
15 88 71 80 2 0 15 0.04 0.0 0 1.5 9 120 M M 4 13 28 100
16 78 74 76 -2 0 11 1.32 0.0 0 1.6 8 220 M M 8 123 22 120
17 88 74 81 3 0 16 0.00 0.0 0 2.6 8 230 M M 2 18 14 200
18 84 73 79 1 0 14 0.22 0.0 0 1.4 9 220 M M 2 138 16 200
19 80 72 76 -2 0 11 T 0.0 0 1.3 8 130 M M 4 18 11 260
20 88 72 80 2 0 15 0.00 0.0 0 2.6 8 60 M M 2 18 14 210
21 84 71 78 0 0 13 0.15 0.0 0 3.1 10 280 M M 4 13 17 260
22 85 70 78 0 0 13 0.00 0.0 0 3.1 10 30 M M 1 15 290
23 88 69 79 1 0 14 0.00 0.0 0 1.5 9 220 M M 1 15 220
24 85 74 80 2 0 15 0.00 0.0 0 3.2 12 210 M M 0 18 230
25 86 68 77 -1 0 12 0.28 0.0 0 3.0 13 280 M M 2 13 24 270
26 87 68 78 0 0 13 0.00 0.0 0 2.0 9 200 M M 0 1 15 220
27 92 75 84 6 0 19 0.15 0.0 0 4.9 14 230 M M 4 13 26 240
28 92 75 84 6 0 19 T 0.0 0 2.4 12 240 M M 2 13 24 230
29 89 70 80 2 0 15 0.06 0.0 0 5.1 15 280 M M 3 38 27 290
30 80 66 73 -5 0 8 0.00 0.0 0 4.7 13 300 M M 2 19 300
31 85 66 76 -2 0 11 0.00 0.0 0 3.0 10 40 M M 1 17 300
================================================================================
SM 2677 2224 0 446 5.34 0.0 76.6 M 85
================================================================================
AV 86.4 71.7 2.6 FASTST M M 3 MAX(MPH)
MISC ----> 16 50 30 230
================================================================================
NOTES:
# LAST OF SEVERAL OCCURRENCES
COLUMN 17 PEAK WIND IN M.P.H.
PRELIMINARY LOCAL CLIMATOLOGICAL DATA (WS FORM: F-6) , PAGE 2
STATION: CENTRAL PARK NY
MONTH: JULY
YEAR: 2023
LATITUDE: 40 46 N
LONGITUDE: 73 58 W
[TEMPERATURE DATA] [PRECIPITATION DATA] SYMBOLS USED IN COLUMN 16
AVERAGE MONTHLY: 79.0 TOTAL FOR MONTH: 5.34 1 = FOG OR MIST
DPTR FM NORMAL: 1.5 DPTR FM NORMAL: 0.74 2 = FOG REDUCING VISIBILITY
HIGHEST: 93 ON 5 GRTST 24HR 1.36 ON 15-16 TO 1/4 MILE OR LESS
LOWEST: 66 ON 31,30 3 = THUNDER
SNOW, ICE PELLETS, HAIL 4 = ICE PELLETS
TOTAL MONTH: 0.0 INCH 5 = HAIL
GRTST 24HR 0.0 6 = FREEZING RAIN OR DRIZZLE
GRTST DEPTH: 0 7 = DUSTSTORM OR SANDSTORM:
VSBY 1/2 MILE OR LESS
8 = SMOKE OR HAZE
[NO. OF DAYS WITH] [WEATHER - DAYS WITH] 9 = BLOWING SNOW
X = TORNADO
MAX 32 OR BELOW: 0 0.01 INCH OR MORE: 12
MAX 90 OR ABOVE: 5 0.10 INCH OR MORE: 10
MIN 32 OR BELOW: 0 0.50 INCH OR MORE: 4
MIN 0 OR BELOW: 0 1.00 INCH OR MORE: 1
[HDD (BASE 65) ]
TOTAL THIS MO. 0 CLEAR (SCALE 0-3) 18
DPTR FM NORMAL 0 PTCLDY (SCALE 4-7) 13
TOTAL FM JUL 1 0 CLOUDY (SCALE 8-10) 0
DPTR FM NORMAL 0
[CDD (BASE 65) ]
TOTAL THIS MO. 446
DPTR FM NORMAL 58 [PRESSURE DATA]
TOTAL FM JAN 1 699 HIGHEST SLP 30.13 ON 26
DPTR FM NORMAL 4 LOWEST SLP 29.63 ON 29
[REMARKS]
#FINAL-07-23#