000
CXUS51 KOKX 010910
CF6NYC
PRELIMINARY LOCAL CLIMATOLOGICAL DATA (WS FORM: F-6)
STATION: CENTRAL PARK NY
MONTH: MARCH
YEAR: 2023
LATITUDE: 40 46 N
LONGITUDE: 73 58 W
TEMPERATURE IN F: :PCPN: SNOW: WIND :SUNSHINE: SKY :PK WND
================================================================================
1 2 3 4 5 6A 6B 7 8 9 10 11 12 13 14 15 16 17 18
12Z AVG MX 2MIN
DY MAX MIN AVG DEP HDD CDD WTR SNW DPTH SPD SPD DIR MIN PSBL S-S WX SPD DR
================================================================================
1 44 33 39 0 26 0 0.00 0.0 1 5.9 13 120 M M 5 18 22 130
2 54 39 47 8 18 0 T 0.0 0 5.6 15 60 M M 6 18 24 300
3 47 37 42 3 23 0 0.15 0.0 0 5.7 20 100 M M 4 1 31 120
4 45 38 42 2 23 0 0.99 0.0 0 8.1 23 60 M M 10 1 35 110
5 53 38 46 6 19 0 0.00 0.0 0 8.0 17 310 M M 5 29 300
6 52 40 46 6 19 0 0.00 0.0 0 5.4 14 320 M M 2 21 280
7 47 33 40 0 25 0 0.06 0.1 T 10.7 24 300 M M 6 18 36 300
8 48 31 40 0 25 0 0.00 0.0 0 8.5 16 360 M M 2 26 300
9 51 33 42 1 23 0 0.00 0.0 0 7.8 16 30 M M 1 26 30
10 46 35 41 0 24 0 0.36 0.0 0 3.9 14 30 M M 6 1 18 20
11 45 35 40 -1 25 0 0.40 T 0 8.2 17 20 M M 10 1 27 40
12 48 34 41 -1 24 0 0.00 0.0 0 4.2 13 20 M M 2 20 40
13 45 38 42 0 23 0 0.67 0.0 0 7.1 20 60 M M 10 1 27 50
14 38 33 36 -6 29 0 0.13 T 0 10.3 22 280 M M 10 18 33 270
15 45 34 40 -2 25 0 0.00 0.0 0 13.0 24 300 M M 1 41 300
16 59 34 47 4 18 0 0.00 0.0 0 6.2 13 240 M M 0 19 230
17 60 47 54 11 11 0 T 0.0 0 3.4 14 240 M M 4 21 230
18 56 40 48 5 17 0 0.02 0.0 0 6.9 15 270 M M 4 26 290
19 40 29 35 -9 30 0 0.00 0.0 0 8.8 18 270 M M 2 33 300
20 51 31 41 -3 24 0 0.00 0.0 0 4.8 13 240 M M 0 22 90
21 63 40 52 8 13 0 0.00 0.0 0 5.8 15 230 M M 0 23 200
22 62 48 55 11 10 0 0.00 0.0 M 3.6 12 230 M M 1 24 360
23 60 48 54 9 11 0 0.09 0.0 0 4.7 13 300 M M 6 18 22 270
24 55 44 50 5 15 0 0.00 0.0 0 5.1 14 80 M M 2 24 280
25 47 42 45 -1 20 0 0.15 0.0 0 8.0 18 90 M M 8 18 29 110
26 63 44 54 8 11 0 0.00 0.0 0 6.1 16 270 M M 2 1 26 270
27 62 43 53 7 12 0 0.29 0.0 0 5.7 15 70 M M 4 1 20 60
28 52 42 47 0 18 0 T 0.0 0 4.1 10 310 M M 8 16 10
29 55 39 47 0 18 0 T 0.0 0 5.8 10 230 M M 0 20 99
30 46 31 39 -8 26 0 0.01 0.0 0 7.3 17 300 M M 1 32 310
31 57 38 48 0 17 0 0.00 0.0 0 2.4 13 180 M M 7 23 180
================================================================================
SM 1596 1171 622 0 3.32 0.1 201.1 M 129
================================================================================
AV 51.5 37.8 6.5 FASTST M M 4 MAX(MPH)
MISC ----> # 24 300 41 300
================================================================================
NOTES:
# LAST OF SEVERAL OCCURRENCES
COLUMN 17 PEAK WIND IN M.P.H.
PRELIMINARY LOCAL CLIMATOLOGICAL DATA (WS FORM: F-6) , PAGE 2
STATION: CENTRAL PARK NY
MONTH: MARCH
YEAR: 2023
LATITUDE: 40 46 N
LONGITUDE: 73 58 W
[TEMPERATURE DATA] [PRECIPITATION DATA] SYMBOLS USED IN COLUMN 16
AVERAGE MONTHLY: 44.6 TOTAL FOR MONTH: 3.32 1 = FOG OR MIST
DPTR FM NORMAL: 1.8 DPTR FM NORMAL: -0.97 2 = FOG REDUCING VISIBILITY
HIGHEST: 63 ON 26,21 GRTST 24HR 1.14 ON 3- 4 TO 1/4 MILE OR LESS
LOWEST: 29 ON 19 3 = THUNDER
SNOW, ICE PELLETS, HAIL 4 = ICE PELLETS
TOTAL MONTH: 1.0 INCH 5 = HAIL
GRTST 24HR 0.1 ON 7- 7 6 = FREEZING RAIN OR DRIZZLE
GRTST DEPTH: 2 ON M 7 = DUSTSTORM OR SANDSTORM:
VSBY 1/2 MILE OR LESS
8 = SMOKE OR HAZE
[NO. OF DAYS WITH] [WEATHER - DAYS WITH] 9 = BLOWING SNOW
X = TORNADO
MAX 32 OR BELOW: 0 0.01 INCH OR MORE: 12
MAX 90 OR ABOVE: 0 0.10 INCH OR MORE: 8
MIN 32 OR BELOW: 4 0.50 INCH OR MORE: 2
MIN 0 OR BELOW: 0 1.00 INCH OR MORE: 0
[HDD (BASE 65) ]
TOTAL THIS MO. 622 CLEAR (SCALE 0-3) 14
DPTR FM NORMAL -66 PTCLDY (SCALE 4-7) 12
TOTAL FM JUL 1 3465 CLOUDY (SCALE 8-10) 5
DPTR FM NORMAL -597
[CDD (BASE 65) ]
TOTAL THIS MO. 0
DPTR FM NORMAL -1 [PRESSURE DATA]
TOTAL FM JAN 1 0 HIGHEST SLP M ON M
DPTR FM NORMAL -1 LOWEST SLP 29.27 ON 4
[REMARKS]
#FINAL-03-23#