000
CXUS55 KPSR 010945
CLMNYL
CLIMATE REPORT
NATIONAL WEATHER SERVICE PHOENIX AZ
245 AM MST TUE AUG 01 2023
...................................
...THE YUMA AZ CLIMATE SUMMARY FOR THE MONTH OF JULY 2023...
CLIMATE NORMAL PERIOD 1991 TO 2020
CLIMATE RECORD PERIOD 1876 TO 2023
WEATHER OBSERVED NORMAL DEPART LAST YEAR`S
VALUE DATE(S) VALUE FROM VALUE
NORMAL
..............................................................
TEMPERATURE (F)
RECORD
HIGH 124 07/28/1995
LOW 61 07/09/1926
07/27/1913
07/04/1912
HIGHEST 116 07/20 115 1
LOWEST 75 07/05 74 1
07/07
AVG. MAXIMUM 110.7 106.7 4.0
AVG. MINIMUM 84.3 82.6 1.7
MEAN 97.5 94.6 2.9
DAYS MAX >= 90 31 31.0 0.0
DAYS MAX >= 100 31
DAYS MAX >= 110 22
DAYS MIN <= 32 0 0.0 0.0
DAYS MIN >= 90 4
PRECIPITATION (INCHES)
RECORD
MAXIMUM 2.55 1989
MINIMUM 0.00 2020
TOTALS T 0.24 -0.24
DAYS >= .01 0 1.2 -1.2
DAYS >= .10 0 0.4 -0.4
DAYS >= .50 0 0.1 -0.1
DAYS >= 1.00 0 0.0 0.0
GREATEST
24 HR. TOTAL T 07/31 TO 07/31
DEGREE DAYS
HEATING TOTAL 0 0 0
SINCE 7/1 0 0 0
COOLING TOTAL 1015 919 96
SINCE 1/1 2363 2544 -181
..............................................................
WIND (MPH)
AVERAGE WIND SPEED 8.4
HIGHEST GUST SPEED/DIRECTION 56/140 DATE 07/31
AVERAGE RH (PERCENT) 32
WEATHER CONDITIONS. NUMBER OF DAYS WITH
THUNDERSTORM 2 HEAVY RAIN 0
RAIN 1 LIGHT RAIN 1
FOG W/VIS <= 1/4 MILE 0
- INDICATES NEGATIVE NUMBERS.
R INDICATES RECORD WAS SET OR TIED.
MM INDICATES DATA IS MISSING.
T INDICATES TRACE AMOUNT.
$$