000
CXHW52 PHFO 011250
CF6OGG
PRELIMINARY LOCAL CLIMATOLOGICAL DATA (WS FORM: F-6)
STATION: KAHULUI HI
MONTH: MAY
YEAR: 2023
LATITUDE: 20 53 N
LONGITUDE: 156 26 W
TEMPERATURE IN F: :PCPN: SNOW: WIND :SUNSHINE: SKY :PK WND
================================================================================
1 2 3 4 5 6A 6B 7 8 9 10 11 12 13 14 15 16 17 18
12Z AVG MX 2MIN
DY MAX MIN AVG DEP HDD CDD WTR SNW DPTH SPD SPD DIR MIN PSBL S-S WX SPD DR
================================================================================
1 88 67 78 2 0 13 0.00 M M 8.0 22 30 M M 4 27 60
2 86 64 75 -1 0 10 0.00 M M 7.5 16 10 M M 3 21 10
3 87 64 76 0 0 11 0.00 M M 13.7 26 70 M M 2 34 70
4 86 70 78 2 0 13 T M M 19.9 31 70 M M 4 46 70
5 85 71 78 2 0 13 T M M 19.2 32 60 M M 3 8 41 60
6 84 71 78 2 0 13 T M M 19.1 31 70 M M 3 43 80
7 84 71 78 2 0 13 0.00 M M 18.9 30 70 M M 2 41 70
8 86 66 76 0 0 11 0.00 M M 18.5 31 40 M M 1 39 40
9 86 63 75 -2 0 10 0.00 M M 14.9 26 60 M M 2 35 60
10 85 70 78 1 0 13 T M M 14.8 29 40 M M 3 18 34 40
11 88 64 76 -1 0 11 0.00 M M 10.1 24 40 M M 3 28 30
12 87 63 75 -2 0 10 0.00 M M 8.7 21 30 M M 2 25 40
13 83 62 73 -4 0 8 0.00 M M 8.7 17 30 M M 3 23 30
14 83 69 76 -1 0 11 0.07 M M 11.0 23 30 M M 6 1 26 30
15 84 70 77 0 0 12 T M M 11.6 22 40 M M 5 26 50
16 85 63 74 -3 0 9 0.00 M M 11.2 24 40 M M 3 29 30
17 86 63 75 -2 0 10 0.00 M M 10.4 25 40 M M 2 31 30
18 88 65 77 0 0 12 0.01 M M 5.8 18 40 M M 2 22 30
19 85 70 78 1 0 13 0.14 M M 6.2 14 360 M M 3 1 19 340
20 90 66 78 1 0 13 T M M 7.7 24 30 M M 2 28 40
21 88 69 79 2 0 14 T M M 14.8 30 40 M M 3 37 50
22 86 73 80 2 0 15 T M M 18.9 29 60 M M 2 39 80
23 87 74 81 3 0 16 0.01 M M 19.6 32 50 M M 1 43 60
24 86 72 79 1 0 14 0.00 M M 17.3 31 40 M M 3 38 40
25 84 70 77 -1 0 12 T M M 15.1 31 40 M M 5 37 40
26 85 70 78 0 0 13 0.00 M M 13.4 25 40 M M 4 30 40
27 84 70 77 -1 0 12 0.00 M M 11.2 22 30 M M 4 27 30
28 87 65 76 -2 0 11 0.00 M M 11.1 25 40 M M 4 29 40
29 88 66 77 -1 0 12 0.00 M M 14.8 29 40 M M 3 33 50
30 86 71 79 1 0 14 0.00 M M 14.3 25 50 M M 3 33 50
31 89 68 79 1 0 14 T M M 11.1 25 40 M M 4 34 50
================================================================================
SM 2666 2100 0 376 0.23 M 407.5 M 94
================================================================================
AV 86.0 67.7 13.1 FASTST M M 3 MAX(MPH)
MISC ----> # 32 60 46 70
================================================================================
NOTES:
# LAST OF SEVERAL OCCURRENCES
COLUMN 17 PEAK WIND IN M.P.H.
PRELIMINARY LOCAL CLIMATOLOGICAL DATA (WS FORM: F-6) , PAGE 2
STATION: KAHULUI HI
MONTH: MAY
YEAR: 2023
LATITUDE: 20 53 N
LONGITUDE: 156 26 W
[TEMPERATURE DATA] [PRECIPITATION DATA] SYMBOLS USED IN COLUMN 16
AVERAGE MONTHLY: 76.9 TOTAL FOR MONTH: 0.23 1 = FOG OR MIST
DPTR FM NORMAL: -0.2 DPTR FM NORMAL: -0.48 2 = FOG REDUCING VISIBILITY
HIGHEST: 90 ON 20 GRTST 24HR 0.15 ON 18-19 TO 1/4 MILE OR LESS
LOWEST: 62 ON 13 3 = THUNDER
SNOW, ICE PELLETS, HAIL 4 = ICE PELLETS
TOTAL MONTH: M 5 = HAIL
GRTST 24HR M ON M 6 = FREEZING RAIN OR DRIZZLE
GRTST DEPTH: M ON M 7 = DUSTSTORM OR SANDSTORM:
VSBY 1/2 MILE OR LESS
8 = SMOKE OR HAZE
[NO. OF DAYS WITH] [WEATHER - DAYS WITH] 9 = BLOWING SNOW
X = TORNADO
MAX 32 OR BELOW: 0 0.01 INCH OR MORE: 4
MAX 90 OR ABOVE: 1 0.10 INCH OR MORE: 1
MIN 32 OR BELOW: 0 0.50 INCH OR MORE: 0
MIN 0 OR BELOW: 0 1.00 INCH OR MORE: 0
[HDD (BASE 65) ]
TOTAL THIS MO. 0 CLEAR (SCALE 0-3) 16
DPTR FM NORMAL 0 PTCLDY (SCALE 4-7) 15
TOTAL FM JUL 1 0 CLOUDY (SCALE 8-10) 0
DPTR FM NORMAL 0
[CDD (BASE 65) ]
TOTAL THIS MO. 376
DPTR FM NORMAL 1 [PRESSURE DATA]
TOTAL FM JAN 1 1447 HIGHEST SLP 30.15 ON 31
DPTR FM NORMAL 8 LOWEST SLP 29.88 ON 3
[REMARKS]
#FINAL-05-23#