000
CXHW52 PHFO 020021
CLMOGG
CLIMATE REPORT
NATIONAL WEATHER SERVICE HONOLULU HI
221 PM HST WED NOV 01 2023
...................................
...THE KAHULUI HI CLIMATE SUMMARY FOR THE MONTH OF OCTOBER 2023...
CLIMATE NORMAL PERIOD 1991 TO 2020
CLIMATE RECORD PERIOD 1954 TO 2023
WEATHER OBSERVED NORMAL DEPART LAST YEAR`S
VALUE DATE(S) VALUE FROM VALUE DATE(S)
NORMAL
................................................................
TEMPERATURE (F)
RECORD
HIGH 96 10/25/2020
10/05/1973
LOW 58 10/13/1964
HIGHEST 91 10/02 87 4 94 10/21
LOWEST 63 10/23 69 -6 66 10/17
AVG. MAXIMUM 87.7 88.7 -1.0 89.7
AVG. MINIMUM 67.5 70.1 -2.6 72.6
MEAN 77.6 79.4 -1.8 81.2
DAYS MAX >= 93 0 16
DAYS MAX >= 90 6 3
DAYS MAX <= 80 0 0
DAYS MIN >= 72 4 21
DAYS MIN <= 60 0 0
DAYS MIN <= 55 0 0
PRECIPITATION (INCHES)
RECORD
MAXIMUM 5.66 1985
MINIMUM T 2013
TOTALS 0.08 0.83 -0.75 0.28
DAILY AVG. 0.00 0.03 -0.03 0.01
DAYS >= .01 3 6.5 -3.5 5
DAYS >= .10 0 1.6 -1.6 1
DAYS >= .50 0 0.3 -0.3 0
DAYS >= 1.00 0 0.1 -0.1 0
GREATEST
24 HR. TOTAL 0.04 10/21 TO 10/21 0.12
SNOWFALL (INCHES)
RECORDS
TOTAL MM MM
TOTALS MM MM MM MM
SINCE 7/1 MM MM MM MM
SNOWDEPTH AVG. MM MM
DAYS >= 1.0 MM MM MM MM
GREATEST
SNOW DEPTH MM MM MM
24 HR TOTAL MM MM
DEGREE DAYS
HEATING TOTAL 0 0 0 0
SINCE 7/1 0 0 0 MM
COOLING TOTAL 360 446 -86 508
SINCE 1/1 3657 3761 -104 MM
................................................................
WIND (MPH)
AVERAGE WIND SPEED 10.0
HIGHEST WIND SPEED/DIRECTION 31/040 DATE 10/01
HIGHEST GUST SPEED/DIRECTION 39/070 DATE 10/01
SKY COVER
POSSIBLE SUNSHINE (PERCENT) MM
AVERAGE SKY COVER 0.24
NUMBER OF DAYS FAIR 25
NUMBER OF DAYS PC 6
NUMBER OF DAYS CLOUDY 0
AVERAGE RH (PERCENT) 70
WEATHER CONDITIONS. NUMBER OF DAYS WITH
THUNDERSTORM 0 MIXED PRECIP 0
HEAVY RAIN 0 RAIN 0
LIGHT RAIN 2 FREEZING RAIN 0
LT FREEZING RAIN 0 HAIL 0
HEAVY SNOW 0 SNOW 0
LIGHT SNOW 0 SLEET 0
FOG 2 FOG W/VIS <= 1/4 MILE 0
HAZE 5
- INDICATES NEGATIVE NUMBERS.
R INDICATES RECORD WAS SET OR TIED.
MM INDICATES DATA IS MISSING.
T INDICATES TRACE AMOUNT.
$$