000
CXUS54 KOUN 011220
CLMOKC
CLIMATE REPORT
NATIONAL WEATHER SERVICE NORMAN OK
720 AM CDT FRI SEP 01 2023
...................................
...THE OKLAHOMA CITY CLIMATE SUMMARY FOR THE MONTH OF AUGUST 2023...
CLIMATE NORMAL PERIOD 1991 TO 2020
CLIMATE RECORD PERIOD 1890 TO 2023
WEATHER OBSERVED NORMAL DEPART LAST YEAR`S
VALUE DATE(S) VALUE FROM VALUE
NORMAL
..............................................................
TEMPERATURE (F)
RECORD
HIGH 113 08/03/2012
08/11/1936
LOW 49 08/30/1915
08/23/1891
HIGHEST 107 102 5 104
LOWEST 60 60 0 60
AVG. MAXIMUM 96.9 92.2 4.7 95.2
AVG. MINIMUM 71.4 69.1 2.3 70.2
MEAN 84.2 80.7 3.5 82.7
DAYS MAX >= 90 27 22.1 4.9 27
DAYS MAX <= 32 0 0.0 0.0 0
DAYS MIN <= 32 0 0.0 0.0 0
DAYS MIN <= 0 0 0.0 0.0 0
PRECIPITATION (INCHES)
RECORD
MAXIMUM 9.95 2008
MINIMUM 0.00 2000
TOTALS 0.77 3.60 -2.83 2.04
DAILY AVG. 0.02 0.12 -0.10 0.07
DAYS >= .01 7 6.7 0.3 7
DAYS >= .10 1 4.9 -3.9 4
DAYS >= .50 0 2.4 -2.4 2
DAYS >= 1.00 0 1.1 -1.1 0
GREATEST
24 HR. TOTAL 0.42 08/08 TO 08/09
DEGREE DAYS
COOLING TOTAL 600 485 115 559
SINCE 1/1 1680 1555 125 MM
..............................................................
WIND (MPH)
AVERAGE WIND SPEED 9.4
HIGHEST WIND SPEED/DIRECTION 39/310 DATE 08/13
HIGHEST GUST SPEED/DIRECTION 53/310 DATE 08/13
WEATHER CONDITIONS. NUMBER OF DAYS WITH
THUNDERSTORM 7 MIXED PRECIP 0
HEAVY RAIN 1 RAIN 4
LIGHT RAIN 8 FREEZING RAIN 0
LT FREEZING RAIN 0 HAIL 0
HEAVY SNOW 0 SNOW 0
LIGHT SNOW 0 SLEET 0
FOG 4 FOG W/VIS <= 1/4 MILE 0
HAZE 0
- INDICATES NEGATIVE NUMBERS.
R INDICATES RECORD WAS SET OR TIED.
MM INDICATES DATA IS MISSING.
T INDICATES TRACE AMOUNT.
..............................................................
RECORDS/REMARKS
RECORD HIGH TEMPERATURE OF 107 DEGREES SET AUG 19.
RECORD HIGH TEMPERATURE OF 106 DEGREES SET AUG 20.
JAN-AUG 2023 PRECIPITATION TOAL IS 27.80 INCHES.
$$