000
CXUS55 KSEW 011030
CF6OLM
PRELIMINARY LOCAL CLIMATOLOGICAL DATA (WS FORM: F-6)
STATION: OLYMPIA WA AIRPORT
MONTH: FEBRUARY
YEAR: 2022
LATITUDE: 46 58 N
LONGITUDE: 122 54 W
TEMPERATURE IN F: :PCPN: SNOW: WIND :SUNSHINE: SKY :PK WND
================================================================================
1 2 3 4 5 6A 6B 7 8 9 10 11 12 13 14 15 16 17 18
12Z AVG MX 2MIN
DY MAX MIN AVG DEP HDD CDD WTR SNW DPTH SPD SPD DIR MIN PSBL S-S WX SPD DR
================================================================================
1 44 26 35 -5 30 0 0.00 M M 2.8 13 210 M M 4 1 18 210
2 42 25 34 -6 31 0 0.00 M M 3.7 10 200 M M 10 12 15 180
3 49 41 45 5 20 0 0.04 M M 6.7 13 200 M M 10 1 18 170
4 47 39 43 3 22 0 0.07 M M 8.1 16 200 M M 9 1 23 210
5 49 29 39 -1 26 0 0.00 M M 3.4 14 210 M M 8 12 18 210
6 43 30 37 -3 28 0 0.00 M M 1.3 7 70 M M 10 12 9 80
7 51 33 42 2 23 0 0.01 M M 7.2 15 260 M M 6 18 20 210
8 48 32 40 0 25 0 0.00 M M 1.9 8 180 M M 9 128 11 210
9 54 34 44 4 21 0 0.00 M M 2.3 10 10 M M 6 18 14 10
10 47 33 40 0 25 0 0.00 M M 3.7 13 30 M M 10 12 16 30
11 51 29 40 0 25 0 0.00 M M 7.5 16 20 M M 6 12 23 40
12 56 26 41 1 24 0 0.00 M M 3.2 14 30 M M 3 12 19 40
13 61 23 42 2 23 0 0.00 M M 1.8 8 150 M M 0 1 13 210
14 49 31 40 0 25 0 0.35 M M 6.5 15 180 M M 6 12 20 230
15 52 29 41 0 24 0 0.00 M M 3.0 12 220 M M 9 12 17 230
16 52 29 41 0 24 0 0.00 M M 1.3 10 210 M M 7 12 14 210
17 48 28 38 -3 27 0 0.00 M M 4.7 15 200 M M 10 12 21 210
18 50 36 43 2 22 0 0.00 M M 1.1 8 360 M M 9 12 12 360
19 47 39 43 2 22 0 0.03 M M 10.0 17 190 M M 10 1 27 220
20 50 35 43 2 22 0 T M M 10.4 17 260 M M 5 1 25 250
21 44 32 38 -3 27 0 0.04 M M 7.4 16 40 M M 8 1 23 20
22 38 27 33 -8 32 0 T M M 10.8 20 60 M M 7 29 30
23 40 14 27 -14 38 0 0.00 M M 2.7 10 200 M M 2 15 20
24 42 21 32 -9 33 0 0.00 M M 1.8 13 200 M M 6 17 180
25 48 16 32 -10 33 0 0.00 M M 2.6 9 10 M M 0 1 13 360
26 41 23 32 -10 33 0 0.38 M M 1.5 7 260 M M 5 1 9 250
27 50 39 45 3 20 0 1.33 M M 9.7 20 200 M M 10 1 28 190
28 55 50 53 11 12 0 3.12 M M 10.6 20 200 M M 10 1 31 200
================================================================================
SM 1348 849 717 0 5.37 M 137.7 M 195
================================================================================
AV 48.1 30.3 4.9 FASTST M M 7 MAX(MPH)
MISC ----> # 20 60 31 200
================================================================================
NOTES:
# LAST OF SEVERAL OCCURRENCES
COLUMN 17 PEAK WIND IN M.P.H.
PRELIMINARY LOCAL CLIMATOLOGICAL DATA (WS FORM: F-6) , PAGE 2
STATION: OLYMPIA WA AIRPORT
MONTH: FEBRUARY
YEAR: 2022
LATITUDE: 46 58 N
LONGITUDE: 122 54 W
[TEMPERATURE DATA] [PRECIPITATION DATA] SYMBOLS USED IN COLUMN 16
AVERAGE MONTHLY: 39.2 TOTAL FOR MONTH: 5.37 1 = FOG OR MIST
DPTR FM NORMAL: -1.5 DPTR FM NORMAL: 0.28 2 = FOG REDUCING VISIBILITY
HIGHEST: 61 ON 13 GRTST 24HR 3.29 ON 27-28 TO 1/4 MILE OR LESS
LOWEST: 14 ON 23 3 = THUNDER
SNOW, ICE PELLETS, HAIL 4 = ICE PELLETS
TOTAL MONTH: M 5 = HAIL
GRTST 24HR M ON M 6 = FREEZING RAIN OR DRIZZLE
GRTST DEPTH: M ON M 7 = DUSTSTORM OR SANDSTORM:
VSBY 1/2 MILE OR LESS
8 = SMOKE OR HAZE
[NO. OF DAYS WITH] [WEATHER - DAYS WITH] 9 = BLOWING SNOW
X = TORNADO
MAX 32 OR BELOW: 0 0.01 INCH OR MORE: 9
MAX 90 OR ABOVE: 0 0.10 INCH OR MORE: 4
MIN 32 OR BELOW: 18 0.50 INCH OR MORE: 2
MIN 0 OR BELOW: 0 1.00 INCH OR MORE: 2
[HDD (BASE 65) ]
TOTAL THIS MO. 717 CLEAR (SCALE 0-3) 4
DPTR FM NORMAL 37 PTCLDY (SCALE 4-7) 12
TOTAL FM JUL 1 3497 CLOUDY (SCALE 8-10) 12
DPTR FM NORMAL -214
[CDD (BASE 65) ]
TOTAL THIS MO. 0
DPTR FM NORMAL 0 [PRESSURE DATA]
TOTAL FM JAN 1 0 HIGHEST SLP 30.65 ON 8
DPTR FM NORMAL 0 LOWEST SLP 29.84 ON 21
[REMARKS]
#FINAL-02-22#