000
CXUS55 KTWC 170855
CF6OLS
PRELIMINARY LOCAL CLIMATOLOGICAL DATA (WS FORM: F-6)
STATION: NOGALES AZ AIRPORT
MONTH: APRIL
YEAR: 2024
LATITUDE: 31 25 N
LONGITUDE: 110 51 W
TEMPERATURE IN F: :PCPN: SNOW: WIND :SUNSHINE: SKY :PK WND
================================================================================
1 2 3 4 5 6A 6B 7 8 9 10 11 12 13 14 15 16 17 18
12Z AVG MX 2MIN
DY MAX MIN AVG DEP HDD CDD WTR SNW DPTH SPD SPD DIR MIN PSBL S-S WX SPD DR
================================================================================
1 52 41 47 -13 18 0 0.25 M M 6.2 26 220 M M 9 1 33 220
2 66 40 53 -7 12 0 0.02 M M 5.6 15 40 M M 5 24 330
3 75 39 57 -3 8 0 0.00 M M 4.8 14 330 M M 0 20 320
4 81 41 61 1 4 0 0.00 M M 6.2 24 210 M M 0 31 220
5 73 47 60 0 5 0 0.00 M M 16.3 38 220 M M 1 54 210
6 61 39 50 -10 15 0 0.01 M M 7.7 20 230 M M 2 1 27 230
7 73 30 52 -8 13 0 0.00 M M 4.1 17 220 M M 0 24 300
8 66 41 54 -7 11 0 0.01 M M 6.5 20 250 M M 2 3 26 250
9 70 39 55 -6 10 0 T M M 7.1 18 350 M M 2 29 340
10 79 40 60 -1 5 0 0.00 M M 4.8 14 290 M M 0 25 300
11 86 42 64 3 1 0 0.00 M M 4.9 17 200 M M 0 24 190
12 82 49 66 5 0 1 0.00 M M 10.0 29 190 M M 0 41 180
13 81 46 64 3 1 0 0.00 M M 6.9 18 210 M M 0 27 210
14 82 43 63 1 2 0 0.00 M M 7.2 22 220 M M 0 33 190
15 73 41 57 -5 8 0 0.00 M M 6.8 22 290 M M 0 31 280
16 80 37 59 -3 6 0 0.00 M M 4.7 12 320 M M 0 21 300
================================================================================
SM 1180 655 119 1 0.29 M 109.8 M 21
================================================================================
AV 73.8 40.9 6.9 FASTST M M 1 MAX(MPH)
MISC ----> 38 220 54 210
================================================================================
NOTES:
# LAST OF SEVERAL OCCURRENCES
COLUMN 17 PEAK WIND IN M.P.H.
PRELIMINARY LOCAL CLIMATOLOGICAL DATA (WS FORM: F-6) , PAGE 2
STATION: NOGALES AZ AIRPORT
MONTH: APRIL
YEAR: 2024
LATITUDE: 31 25 N
LONGITUDE: 110 51 W
[TEMPERATURE DATA] [PRECIPITATION DATA] SYMBOLS USED IN COLUMN 16
AVERAGE MONTHLY: 57.3 TOTAL FOR MONTH: 0.29 1 = FOG OR MIST
DPTR FM NORMAL: -3.4 DPTR FM NORMAL: 0.09 2 = FOG REDUCING VISIBILITY
HIGHEST: 86 ON 11 GRTST 24HR 0.57 ON 31- 1 TO 1/4 MILE OR LESS
LOWEST: 30 ON 7 3 = THUNDER
SNOW, ICE PELLETS, HAIL 4 = ICE PELLETS
TOTAL MONTH: M 5 = HAIL
GRTST 24HR M ON M 6 = FREEZING RAIN OR DRIZZLE
GRTST DEPTH: M ON M 7 = DUSTSTORM OR SANDSTORM:
VSBY 1/2 MILE OR LESS
8 = SMOKE OR HAZE
[NO. OF DAYS WITH] [WEATHER - DAYS WITH] 9 = BLOWING SNOW
X = TORNADO
MAX 32 OR BELOW: 0 0.01 INCH OR MORE: 4
MAX 90 OR ABOVE: 0 0.10 INCH OR MORE: 1
MIN 32 OR BELOW: 1 0.50 INCH OR MORE: 0
MIN 0 OR BELOW: 0 1.00 INCH OR MORE: 0
[HDD (BASE 65) ]
TOTAL THIS MO. 119 CLEAR (SCALE 0-3) 14
DPTR FM NORMAL 42 PTCLDY (SCALE 4-7) 1
TOTAL FM JUL 1 1920 CLOUDY (SCALE 8-10) 1
DPTR FM NORMAL -53
[CDD (BASE 65) ]
TOTAL THIS MO. 1
DPTR FM NORMAL -10 [PRESSURE DATA]
TOTAL FM JAN 1 3 HIGHEST SLP M ON M
DPTR FM NORMAL -14 LOWEST SLP 29.68 ON 5
[REMARKS]