000
CXUS55 KTWC 010855
CF6OLS
PRELIMINARY LOCAL CLIMATOLOGICAL DATA (WS FORM: F-6)
STATION: NOGALES AZ AIRPORT
MONTH: JULY
YEAR: 2023
LATITUDE: 31 25 N
LONGITUDE: 110 51 W
TEMPERATURE IN F: :PCPN: SNOW: WIND :SUNSHINE: SKY :PK WND
================================================================================
1 2 3 4 5 6A 6B 7 8 9 10 11 12 13 14 15 16 17 18
12Z AVG MX 2MIN
DY MAX MIN AVG DEP HDD CDD WTR SNW DPTH SPD SPD DIR MIN PSBL S-S WX SPD DR
================================================================================
1 102 59 81 -1 0 16 0.00 M M 4.1 13 310 M M 0 20 280
2 105 63 84 2 0 19 0.00 M M 5.9 15 270 M M 0 24 260
3 105 68 87 5 0 22 0.00 M M 6.8 17 340 M M 0 31 330
4 103 68 86 4 0 21 0.00 M M 2.5 8 150 M M 0 10 200
5 102 68 85 3 0 20 0.00 M M 5.6 14 310 M M 0 22 330
6 106 68 87 5 0 22 0.00 M M 5.2 16 260 M M 0 24 230
7 105 71 88 7 0 23 0.00 M M 4.5 17 240 M M 0 26 230
8 103 72 88 7 0 23 0.00 M M 7.0 22 160 M M 1 34 150
9 100 73 87 6 0 22 T M M 5.8 32 160 M M 2 3 49 150
10 103 69 86 5 0 21 0.04 M M 7.3 38 170 M M 2 13 50 180
11 99 71 85 4 0 20 0.00 M M 5.0 16 170 M M 1 23 240
12 97 75 86 5 0 21 0.00 M M 5.1 16 210 M M 2 23 160
13 101 78 90 9 0 25 T M M 5.1 21 340 M M 1 3 30 330
14 100 71 86 5 0 21 0.59 M M 5.2 35 70 M M 2 138 50 80
15 105 70 88 7 0 23 0.15 M M 6.8 32 120 M M 2 3 46 150
16 104 70 87 7 0 22 T M M 4.0 12 240 M M 1 3 17 220
17 104 71 88 8 0 23 T M M 4.7 29 50 M M 1 3 43 50
18 107 68 88 8 0 23 0.00 M M 4.9 22 40 M M 0 37 50
19 104 72 88 8 0 23 0.01 M M 4.4 23 320 M M 1 3 36 340
20 108 68 88 8 0 23 T M M 7.8 41 80 M M 0 56 80
21 106 70 88 8 0 23 0.02 M M 7.7 31 170 M M M 3 43 170
22 105 70 88 8 0 23 0.13 M M 5.3 24 170 M M M 3 35 160
23 99 68 84 4 0 19 1.18 M M 5.1 36 70 M M M 3 57 60
24 101 71 86 6 0 21 0.11 M M 4.0 30 60 M M 1 3 14 90
25 103 67 85 5 0 20 0.06 M M 4.6 15 210 M M M 3 21 270
26 102 68 85 5 0 20 0.00 M M 4.9 24 130 M M M 3 38 150
27 100 69 85 6 0 20 T M M 4.4 18 60 M M 2 3 28 290
28 103 71 87 8 0 22 0.26 M M 4.5 21 350 M M 1 13 38 10
29 99 70 85 6 0 20 0.47 M M 4.7 33 90 M M 1 3 49 80
30 98 67 83 4 0 18 0.00 M M 4.5 22 180 M M 1 3 39 210
31 96 68 82 3 0 17 T M M 4.8 16 240 M M 1 23 230
================================================================================
SM 3175 2152 0 656 3.02 M 162.2 M 23
================================================================================
AV102.4 69.4 5.2 FASTST M M 1 MAX(MPH)
MISC ----> 41 80 57 60
================================================================================
NOTES:
# LAST OF SEVERAL OCCURRENCES
COLUMN 17 PEAK WIND IN M.P.H.
PRELIMINARY LOCAL CLIMATOLOGICAL DATA (WS FORM: F-6) , PAGE 2
STATION: NOGALES AZ AIRPORT
MONTH: JULY
YEAR: 2023
LATITUDE: 31 25 N
LONGITUDE: 110 51 W
[TEMPERATURE DATA] [PRECIPITATION DATA] SYMBOLS USED IN COLUMN 16
AVERAGE MONTHLY: 85.9 TOTAL FOR MONTH: 3.02 1 = FOG OR MIST
DPTR FM NORMAL: 5.4 DPTR FM NORMAL: -1.16 2 = FOG REDUCING VISIBILITY
HIGHEST: 108 ON 20 GRTST 24HR 1.29 ON 22-23 TO 1/4 MILE OR LESS
LOWEST: 59 ON 1 3 = THUNDER
SNOW, ICE PELLETS, HAIL 4 = ICE PELLETS
TOTAL MONTH: M 5 = HAIL
GRTST 24HR M ON M 6 = FREEZING RAIN OR DRIZZLE
GRTST DEPTH: M ON M 7 = DUSTSTORM OR SANDSTORM:
VSBY 1/2 MILE OR LESS
8 = SMOKE OR HAZE
[NO. OF DAYS WITH] [WEATHER - DAYS WITH] 9 = BLOWING SNOW
X = TORNADO
MAX 32 OR BELOW: 0 0.01 INCH OR MORE: 11
MAX 90 OR ABOVE: 31 0.10 INCH OR MORE: 7
MIN 32 OR BELOW: 0 0.50 INCH OR MORE: 2
MIN 0 OR BELOW: 0 1.00 INCH OR MORE: 1
[HDD (BASE 65) ]
TOTAL THIS MO. 0 CLEAR (SCALE 0-3) 26
DPTR FM NORMAL 0 PTCLDY (SCALE 4-7) 0
TOTAL FM JUL 1 0 CLOUDY (SCALE 8-10) 5
DPTR FM NORMAL 0
[CDD (BASE 65) ]
TOTAL THIS MO. 656
DPTR FM NORMAL 176 [PRESSURE DATA]
TOTAL FM JAN 1 1201 HIGHEST SLP M ON M
DPTR FM NORMAL 72 LOWEST SLP 29.62 ON 7
[REMARKS]
#FINAL-07-23#