000
CXUS56 KOTX 010910
CF6OMK
PRELIMINARY LOCAL CLIMATOLOGICAL DATA (WS FORM: F-6)
STATION: OMAK WA AIRPORT
MONTH: JUNE
YEAR: 2022
LATITUDE: 48 27 N
LONGITUDE: 119 31 W
TEMPERATURE IN F: :PCPN: SNOW: WIND :SUNSHINE: SKY :PK WND
================================================================================
1 2 3 4 5 6A 6B 7 8 9 10 11 12 13 14 15 16 17 18
12Z AVG MX 2MIN
DY MAX MIN AVG DEP HDD CDD WTR SNW DPTH SPD SPD DIR MIN PSBL S-S WX SPD DR
================================================================================
1 78 52 65 3 0 0 T M M 8.3 18 360 M M 4 23 360
2 80 59 70 8 0 5 0.32 M M 9.3 18 360 M M 7 1 30 330
3 71 57 64 2 1 0 0.41 M M 7.0 16 10 M M 8 13 21 350
4 67 55 61 -2 4 0 0.76 M M 7.8 18 140 M M 9 1 23 140
5 69 53 61 -2 4 0 0.23 M M 3.9 14 180 M M 7 13 17 190
6 76 46 61 -2 4 0 0.00 M M 4.8 13 300 M M 2 18 180
7 77 52 65 2 0 0 0.00 M M 8.5 16 350 M M 1 19 360
8 78 56 67 4 0 2 0.00 M M 6.8 16 200 M M 3 19 210
9 63 50 57 -7 8 0 0.03 M M 3.8 15 180 M M 7 18 190
10 78 52 65 1 0 0 T M M 6.4 20 170 M M 2 27 170
11 80 54 67 3 0 2 0.00 M M 7.6 18 110 M M 2 25 150
12 75 54 65 1 0 0 0.15 M M 8.0 22 360 M M 6 1 27 350
13 68 49 59 -5 6 0 0.20 M M 5.2 17 300 M M 7 23 280
14 69 43 56 -8 9 0 T M M 4.2 12 360 M M 3 22 80
15 72 43 58 -7 7 0 0.00 M M 5.2 15 160 M M 0 20 210
16 77 53 65 0 0 0 0.11 M M 8.7 23 360 M M 6 1 31 10
17 70 56 63 -2 2 0 0.00 M M 15.0 25 350 M M 1 34 350
18 73 52 63 -2 2 0 0.16 M M 6.7 22 310 M M 6 13 28 300
19 72 53 63 -3 2 0 0.08 M M 4.8 14 20 M M 8 33 10
20 80 50 65 -1 0 0 0.00 M M 6.7 14 300 M M 5 36 10
21 84 51 68 2 0 3 0.00 M M 5.6 20 150 M M 1 29 140
22 86 55 71 5 0 6 0.00 M M 8.3 20 170 M M 1 26 190
23 75 55 65 -2 0 0 0.00 M M 13.8 24 10 M M 0 8 31 20
24 80 48 64 -3 1 0 0.00 M M 10.8 22 40 M M 3 29 30
25 85 55 70 3 0 5 0.00 M M 7.0 13 300 M M 1 17 220
26 90 50 70 2 0 5 0.00 M M 5.9 14 10 M M 0 18 360
27 95 50 73 5 0 8 0.00 M M 6.5 13 300 M M 0 16 180
28 90 57 74 6 0 9 T M M 8.9 28 190 M M 1 34 190
29 83 48 66 -3 0 1 0.00 M M 9.0 21 10 M M 1 26 10
30 86 59 73 4 0 8 0.00 M M 8.2 18 350 M M 1 23 360
================================================================================
SM 2327 1567 50 54 2.45 M 222.7 M 103
================================================================================
AV 77.6 52.2 7.4 FASTST M M 3 MAX(MPH)
MISC ----> 28 190 36 10
================================================================================
NOTES:
# LAST OF SEVERAL OCCURRENCES
COLUMN 17 PEAK WIND IN M.P.H.
PRELIMINARY LOCAL CLIMATOLOGICAL DATA (WS FORM: F-6) , PAGE 2
STATION: OMAK WA AIRPORT
MONTH: JUNE
YEAR: 2022
LATITUDE: 48 27 N
LONGITUDE: 119 31 W
[TEMPERATURE DATA] [PRECIPITATION DATA] SYMBOLS USED IN COLUMN 16
AVERAGE MONTHLY: 64.9 TOTAL FOR MONTH: 2.45 1 = FOG OR MIST
DPTR FM NORMAL: -0.2 DPTR FM NORMAL: 1.47 2 = FOG REDUCING VISIBILITY
HIGHEST: 95 ON 27 GRTST 24HR 1.08 ON 3- 4 TO 1/4 MILE OR LESS
LOWEST: 43 ON 15,14 3 = THUNDER
SNOW, ICE PELLETS, HAIL 4 = ICE PELLETS
TOTAL MONTH: M 5 = HAIL
GRTST 24HR M ON M 6 = FREEZING RAIN OR DRIZZLE
GRTST DEPTH: M ON M 7 = DUSTSTORM OR SANDSTORM:
VSBY 1/2 MILE OR LESS
8 = SMOKE OR HAZE
[NO. OF DAYS WITH] [WEATHER - DAYS WITH] 9 = BLOWING SNOW
X = TORNADO
MAX 32 OR BELOW: 0 0.01 INCH OR MORE: 10
MAX 90 OR ABOVE: 3 0.10 INCH OR MORE: 8
MIN 32 OR BELOW: 0 0.50 INCH OR MORE: 1
MIN 0 OR BELOW: 0 1.00 INCH OR MORE: 0
[HDD (BASE 65) ]
TOTAL THIS MO. 50 CLEAR (SCALE 0-3) 17
DPTR FM NORMAL -28 PTCLDY (SCALE 4-7) 11
TOTAL FM JUL 1 6368 CLOUDY (SCALE 8-10) 2
DPTR FM NORMAL 191
[CDD (BASE 65) ]
TOTAL THIS MO. 54
DPTR FM NORMAL -27 [PRESSURE DATA]
TOTAL FM JAN 1 54 HIGHEST SLP M ON M
DPTR FM NORMAL -48 LOWEST SLP 29.56 ON 12
[REMARKS]
#FINAL-06-22#