000
CXUS56 KBOI 011002
CF6ONO
PRELIMINARY LOCAL CLIMATOLOGICAL DATA (WS FORM: F-6)
STATION: ONTARIO OR
MONTH: NOVEMBER
YEAR: 2022
LATITUDE: 44 1 N
LONGITUDE: 117 1 W
TEMPERATURE IN F: :PCPN: SNOW: WIND :SUNSHINE: SKY :PK WND
================================================================================
1 2 3 4 5 6A 6B 7 8 9 10 11 12 13 14 15 16 17 18
12Z AVG MX 2MIN
DY MAX MIN AVG DEP HDD CDD WTR SNW DPTH SPD SPD DIR MIN PSBL S-S WX SPD DR
================================================================================
1 57 30 44 -1 21 0 0.02 M M 5.5 24 260 M M 4 32 250
2 52 29 41 -4 24 0 T M M 5.5 22 280 M M 5 29 280
3 49 24 37 -7 28 0 0.00 M M 4.7 12 260 M M 2 16 300
4 42 36 39 -5 26 0 0.41 M M 7.8 16 160 M M 10 1 22 140
5 54 33 44 0 21 0 0.01 M M 9.1 26 290 M M 5 40 290
6 56 26 41 -2 24 0 T M M 8.0 28 160 M M 3 38 170
7 55 38 47 4 18 0 T M M 10.9 29 250 M M 6 40 250
8 50 31 41 -1 24 0 T M M 4.1 13 330 M M 4 17 250
9 44 28 36 -6 29 0 0.21 M M 12.3 29 320 M M 7 1 39 310
10 39 20 30 -12 35 0 0.00 M M 0.6 6 70 M M 0 8 50
11 35 19 27 -14 38 0 0.00 M M 3.1 8 360 M M 4 1 11 40
12 41 26 34 -7 31 0 0.00 M M 2.9 8 30 M M 2 11 30
13 49 23 36 -4 29 0 0.00 M M 4.9 16 320 M M 1 23 320
14 42 22 32 -8 33 0 0.00 M M 3.7 13 280 M M 0 15 280
15 40 20 30 -10 35 0 0.00 M M 2.7 8 250 M M 0 10 250
16 40 18 29 -10 36 0 0.00 M M 2.3 7 260 M M 0 18 9 250
17 34 18 26 -13 39 0 T M M 3.1 13 360 M M 7 128 17 360
18 41 20 31 -8 34 0 T M M 2.8 9 320 M M 3 12 330
19 37 15 26 -12 39 0 0.00 M M 3.4 7 260 M M 0 9 250
20 36 13 25 -13 40 0 0.00 M M 3.0 8 150 M M 0 18 14 170
21 37 14 26 -12 39 0 0.00 M M 1.9 7 250 M M 0 8 8 270
22 36 15 26 -11 39 0 T M M 3.1 8 240 M M 3 18 11 230
23 49 19 34 -3 31 0 0.00 M M 2.5 9 260 M M 1 18 12 260
24 46 20 33 -3 32 0 0.00 M M 2.5 8 270 M M 0 10 250
25 41 19 30 -6 35 0 0.00 M M 3.2 9 260 M M 1 12 280
26 51 24 38 2 27 0 T M M 4.5 12 340 M M 5 1 M M
27 39 23 31 -5 34 0 0.04 M M 3.3 14 10 M M 8 1 21 350
28 38 26 32 -3 33 0 0.03 M M 4.2 16 330 M M 6 18 21 310
29 38 23 31 -4 34 0 0.00 M M 6.3 9 130 M M 6 M M
30 44 30 37 2 28 0 0.01 M M 8.8 17 140 M M 9 1 31 130
================================================================================
SM 1312 702 936 0 0.73 M 140.7 M 102
================================================================================
AV 43.7 23.4 4.7 FASTST M M 3 MAX(MPH)
MISC ----> # 29 250 # 40 290
================================================================================
NOTES:
# LAST OF SEVERAL OCCURRENCES
COLUMN 17 PEAK WIND IN M.P.H.
PRELIMINARY LOCAL CLIMATOLOGICAL DATA (WS FORM: F-6) , PAGE 2
STATION: ONTARIO OR
MONTH: NOVEMBER
YEAR: 2022
LATITUDE: 44 1 N
LONGITUDE: 117 1 W
[TEMPERATURE DATA] [PRECIPITATION DATA] SYMBOLS USED IN COLUMN 16
AVERAGE MONTHLY: 33.6 TOTAL FOR MONTH: 0.73 1 = FOG OR MIST
DPTR FM NORMAL: -6.1 DPTR FM NORMAL: -0.15 2 = FOG REDUCING VISIBILITY
HIGHEST: 57 ON 1 GRTST 24HR 0.41 ON 4- 4 TO 1/4 MILE OR LESS
LOWEST: 13 ON 20 3 = THUNDER
SNOW, ICE PELLETS, HAIL 4 = ICE PELLETS
TOTAL MONTH: M 5 = HAIL
GRTST 24HR M ON M 6 = FREEZING RAIN OR DRIZZLE
GRTST DEPTH: M ON M 7 = DUSTSTORM OR SANDSTORM:
VSBY 1/2 MILE OR LESS
8 = SMOKE OR HAZE
[NO. OF DAYS WITH] [WEATHER - DAYS WITH] 9 = BLOWING SNOW
X = TORNADO
MAX 32 OR BELOW: 0 0.01 INCH OR MORE: 7
MAX 90 OR ABOVE: 0 0.10 INCH OR MORE: 2
MIN 32 OR BELOW: 27 0.50 INCH OR MORE: 0
MIN 0 OR BELOW: 0 1.00 INCH OR MORE: 0
[HDD (BASE 65) ]
TOTAL THIS MO. 936 CLEAR (SCALE 0-3) 16
DPTR FM NORMAL 176 PTCLDY (SCALE 4-7) 12
TOTAL FM JUL 1 1249 CLOUDY (SCALE 8-10) 2
DPTR FM NORMAL 30
[CDD (BASE 65) ]
TOTAL THIS MO. 0
DPTR FM NORMAL 0 [PRESSURE DATA]
TOTAL FM JAN 1 1410 HIGHEST SLP M ON M
DPTR FM NORMAL 310 LOWEST SLP 29.41 ON 7
[REMARKS]
#FINAL-11-22#