000
CXUS56 KSGX 011245
CF6ONT
PRELIMINARY LOCAL CLIMATOLOGICAL DATA (WS FORM: F-6)
STATION: ONTARIO INTL AIRPORT CA
MONTH: SEPTEMBER
YEAR: 2020
LATITUDE: 34 2 N
LONGITUDE: 117 37 W
TEMPERATURE IN F: :PCPN: SNOW: WIND :SUNSHINE: SKY :PK WND
================================================================================
1 2 3 4 5 6A 6B 7 8 9 10 11 12 13 14 15 16 17 18
12Z AVG MX 2MIN
DY MAX MIN AVG DEP HDD CDD WTR SNW DPTH SPD SPD DIR MIN PSBL S-S WX SPD DR
================================================================================
1 89 61 75 -4 0 10 0.00 0.0 0 7.4 16 270 M M 1 18 20 260
2 91 62 77 -2 0 12 0.00 0.0 0 5.5 15 210 M M 1 8 22 260
3 95 65 80 1 0 15 0.00 0.0 0 5.1 16 260 M M 0 8 20 260
4 103 69 86 8 0 21 0.00 0.0 0 4.1 17 270 M M 1 8 24 270
5 118 73 96 18 0 31 0.00 0.0 0 4.7 17 270 M M 3 22 270
6 117 82 100 22 0 35 0.00 0.0 0 5.3 16 280 M M 5 19 280
7 94 72 83 5 0 18 0.00 0.0 0 5.1 14 250 M M 7 19 240
8 83 69 76 -2 0 11 0.00 0.0 0 5.0 12 270 M M 9 18 14 270
9 92 67 80 2 0 15 0.00 0.0 0 8.1 22 20 M M 6 8 31 30
10 91 61 76 -1 0 11 0.00 0.0 0 3.2 14 250 M M 7 8 17 250
11 96 65 81 4 0 16 0.00 0.0 0 4.1 16 280 M M 10 8 21 270
12 94 64 79 2 0 14 0.00 0.0 0 4.1 15 270 M M 10 8 18 270
13 97 62 80 3 0 15 0.00 0.0 0 4.3 17 260 M M 7 8 20 280
14 97 66 82 6 0 17 0.00 0.0 0 4.2 16 270 M M 5 8 20 250
15 98 67 83 7 0 18 0.00 0.0 0 4.1 14 270 M M 3 8 17 260
16 100 66 83 7 0 18 0.00 0.0 0 M M M M M M 16 M
17 102 63 83 7 0 18 0.00 0.0 0 3.3 13 260 M M 4 8 15 250
18 102 70 86 10 0 21 0.00 0.0 0 4.4 17 260 M M 4 20 260
19 97 70 84 9 0 19 0.00 0.0 0 5.1 17 260 M M 0 22 270
20 94 64 79 4 0 14 0.00 0.0 0 5.5 20 270 M M 0 23 260
21 93 63 78 3 0 13 0.00 0.0 0 5.6 17 280 M M 1 18 22 280
22 94 63 79 5 0 14 0.00 0.0 0 4.4 17 260 M M 0 18 23 270
23 93 65 79 5 0 14 0.00 0.0 0 3.8 16 240 M M 2 8 21 240
24 95 66 81 7 0 16 0.00 0.0 0 4.4 17 270 M M 1 8 23 270
25 90 64 77 3 0 12 0.00 0.0 0 4.9 16 260 M M 1 8 21 260
26 89 61 75 2 0 10 0.00 0.0 0 5.5 15 260 M M 1 18 19 270
27 92 63 78 5 0 13 0.00 0.0 0 6.0 17 270 M M 5 18 20 250
28 99 64 82 9 0 17 0.00 0.0 0 5.1 16 260 M M 0 18 19 260
29 104 67 86 14 0 21 0.00 0.0 0 3.1 15 280 M M 0 8 19 270
30 108 70 89 17 0 24 0.00 0.0 0 4.0 20 280 M M 0 23 280
================================================================================
SM 2907 1984 0 503 0.00 0.0 139.4 M 94
================================================================================
AV 96.9 66.1 4.8 FASTST M M 3 MAX(MPH)
MISC ----> # 22 20 # 31 30
================================================================================
NOTES:
# LAST OF SEVERAL OCCURRENCES
COLUMN 17 PEAK WIND IN M.P.H.
PRELIMINARY LOCAL CLIMATOLOGICAL DATA (WS FORM: F-6) , PAGE 2
STATION: ONTARIO INTL AIRPORT CA
MONTH: SEPTEMBER
YEAR: 2020
LATITUDE: 34 2 N
LONGITUDE: 117 37 W
[TEMPERATURE DATA] [PRECIPITATION DATA] SYMBOLS USED IN COLUMN 16
AVERAGE MONTHLY: 81.5 TOTAL FOR MONTH: 0.00 1 = FOG OR MIST
DPTR FM NORMAL: 5.7 DPTR FM NORMAL: -0.27 2 = FOG REDUCING VISIBILITY
HIGHEST: 118 ON 5 GRTST 24HR 0.00 ON 30-30 TO 1/4 MILE OR LESS
LOWEST: 61 ON 26,10 3 = THUNDER
SNOW, ICE PELLETS, HAIL 4 = ICE PELLETS
TOTAL MONTH: 0.0 INCH 5 = HAIL
GRTST 24HR 0.0 6 = FREEZING RAIN OR DRIZZLE
GRTST DEPTH: 0 7 = DUSTSTORM OR SANDSTORM:
VSBY 1/2 MILE OR LESS
8 = SMOKE OR HAZE
[NO. OF DAYS WITH] [WEATHER - DAYS WITH] 9 = BLOWING SNOW
X = TORNADO
MAX 32 OR BELOW: 0 0.01 INCH OR MORE: 0
MAX 90 OR ABOVE: 27 0.10 INCH OR MORE: 0
MIN 32 OR BELOW: 0 0.50 INCH OR MORE: 0
MIN 0 OR BELOW: 0 1.00 INCH OR MORE: 0
[HDD (BASE 65) ]
TOTAL THIS MO. 0 CLEAR (SCALE 0-3) 17
DPTR FM NORMAL -3 PTCLDY (SCALE 4-7) 9
TOTAL FM JUL 1 0 CLOUDY (SCALE 8-10) 3
DPTR FM NORMAL -3
[CDD (BASE 65) ]
TOTAL THIS MO. 503
DPTR FM NORMAL 175 [PRESSURE DATA]
TOTAL FM JAN 1 2131 HIGHEST SLP 29.98 ON 16
DPTR FM NORMAL 580 LOWEST SLP 29.60 ON 8
[REMARKS]
#FINAL-09-20#