000
CXUS53 KLOT 010800
CF6ORD
PRELIMINARY LOCAL CLIMATOLOGICAL DATA (WS FORM: F-6)
STATION: CHICAGO-OHARE
MONTH: SEPTEMBER
YEAR: 2022
LATITUDE: 41 58 N
LONGITUDE: 87 54 W
TEMPERATURE IN F: :PCPN: SNOW: WIND :SUNSHINE: SKY :PK WND
================================================================================
1 2 3 4 5 6A 6B 7 8 9 10 11 12 13 14 15 16 17 18
12Z AVG MX 2MIN
DY MAX MIN AVG DEP HDD CDD WTR SNW DPTH SPD SPD DIR MIN PSBL S-S WX SPD DR
================================================================================
1 88 67 78 7 0 13 0.00 0.0 0 6.7 17 250 M M 4 24 260
2 86 70 78 7 0 13 0.00 0.0 0 8.1 17 180 M M 7 27 160
3 88 68 78 7 0 13 T 0.0 0 11.0 21 20 M M 6 3 25 30
4 73 67 70 0 0 5 T 0.0 0 13.5 20 30 M M 10 26 40
5 70 64 67 -3 0 2 0.00 0.0 0 12.1 17 20 M M 10 23 10
6 80 64 72 2 0 7 0.00 0.0 0 6.8 14 30 M M 8 17 20
7 81 63 72 2 0 7 0.00 0.0 0 5.9 13 30 M M 4 19 30
8 84 62 73 4 0 8 0.00 0.0 0 4.2 9 180 M M 1 14 170
9 84 62 73 4 0 8 0.00 0.0 0 7.0 15 160 M M 1 21 210
10 84 63 74 5 0 9 0.00 0.0 0 4.7 15 10 M M 4 19 20
11 71 58 65 -3 0 0 1.45 0.0 0 13.8 23 300 M M 9 13 34 290
12 67 54 61 -7 4 0 0.02 0.0 0 8.6 20 270 M M 9 18 27 270
13 78 60 69 1 0 4 0.01 0.0 0 6.9 14 330 M M 6 1 19 310
14 79 58 69 2 0 4 0.00 0.0 0 4.9 14 40 M M 2 20 60
15 81 60 71 4 0 6 0.00 0.0 0 5.6 14 220 M M 6 1 19 240
16 82 63 73 7 0 8 0.00 0.0 0 6.9 17 170 M M 7 24 180
17 85 68 77 11 0 12 0.00 0.0 0 10.5 22 220 M M 7 33 220
18 85 67 76 10 0 11 0.44 0.0 0 6.8 21 250 M M 7 13 33 250
19 78 63 71 6 0 6 0.00 0.0 0 6.2 14 30 M M 3 19 20
20 86 63 75 10 0 10 0.16 0.0 0 8.8 20 20 M M 5 13 28 240
21 85 60 73 9 0 8 0.00 0.0 0 11.8 21 330 M M 6 30 340
22 64 50 57 -7 8 0 0.00 0.0 0 11.4 20 360 M M 4 28 360
23 64 50 57 -7 8 0 T 0.0 0 6.6 14 110 M M 8 19 110
24 71 52 62 -1 3 0 0.09 0.0 0 7.7 14 220 M M 9 18 21 210
25 68 55 62 -1 3 0 0.03 0.0 0 10.8 30 350 M M 7 35 350
26 64 51 58 -4 7 0 0.00 0.0 0 11.8 23 300 M M 4 31 310
27 61 46 54 -8 11 0 0.00 0.0 0 10.6 21 320 M M 5 30 320
28 61 45 53 -8 12 0 0.00 0.0 0 9.3 17 20 M M 4 21 40
29 64 44 54 -7 11 0 0.00 0.0 0 3.6 13 90 M M 5 20 110
30 67 47 57 -3 8 0 0.00 0.0 0 5.0 13 60 M M 2 19 80
================================================================================
SM 2279 1764 75 154 2.20 0.0 247.6 M 170
================================================================================
AV 76.0 58.8 8.3 FASTST M M 6 MAX(MPH)
MISC ----> 30 350 35 350
================================================================================
NOTES:
# LAST OF SEVERAL OCCURRENCES
COLUMN 17 PEAK WIND IN M.P.H.
PRELIMINARY LOCAL CLIMATOLOGICAL DATA (WS FORM: F-6) , PAGE 2
STATION: CHICAGO-OHARE
MONTH: SEPTEMBER
YEAR: 2022
LATITUDE: 41 58 N
LONGITUDE: 87 54 W
[TEMPERATURE DATA] [PRECIPITATION DATA] SYMBOLS USED IN COLUMN 16
AVERAGE MONTHLY: 67.4 TOTAL FOR MONTH: 2.20 1 = FOG OR MIST
DPTR FM NORMAL: 1.1 DPTR FM NORMAL: -0.99 2 = FOG REDUCING VISIBILITY
HIGHEST: 88 ON 3, 1 GRTST 24HR 1.45 ON 11-11 TO 1/4 MILE OR LESS
LOWEST: 44 ON 29 3 = THUNDER
SNOW, ICE PELLETS, HAIL 4 = ICE PELLETS
TOTAL MONTH: 0.0 INCH 5 = HAIL
GRTST 24HR 0.0 6 = FREEZING RAIN OR DRIZZLE
GRTST DEPTH: 0 7 = DUSTSTORM OR SANDSTORM:
VSBY 1/2 MILE OR LESS
8 = SMOKE OR HAZE
[NO. OF DAYS WITH] [WEATHER - DAYS WITH] 9 = BLOWING SNOW
X = TORNADO
MAX 32 OR BELOW: 0 0.01 INCH OR MORE: 7
MAX 90 OR ABOVE: 0 0.10 INCH OR MORE: 3
MIN 32 OR BELOW: 0 0.50 INCH OR MORE: 1
MIN 0 OR BELOW: 0 1.00 INCH OR MORE: 1
[HDD (BASE 65) ]
TOTAL THIS MO. 75 CLEAR (SCALE 0-3) 5
DPTR FM NORMAL -2 PTCLDY (SCALE 4-7) 20
TOTAL FM JUL 1 75 CLOUDY (SCALE 8-10) 5
DPTR FM NORMAL -7
[CDD (BASE 65) ]
TOTAL THIS MO. 154
DPTR FM NORMAL 38 [PRESSURE DATA]
TOTAL FM JAN 1 1155 HIGHEST SLP M ON M
DPTR FM NORMAL 167 LOWEST SLP 29.68 ON 25
[REMARKS]
#FINAL-09-22#