000
CXUS51 KAKQ 011152
CF6ORF
PRELIMINARY LOCAL CLIMATOLOGICAL DATA (WS FORM: F-6)
STATION: NORFOLK VA
MONTH: JUNE
YEAR: 2022
LATITUDE: 36 54 N
LONGITUDE: 76 12 W
TEMPERATURE IN F: :PCPN: SNOW: WIND :SUNSHINE: SKY :PK WND
================================================================================
1 2 3 4 5 6A 6B 7 8 9 10 11 12 13 14 15 16 17 18
12Z AVG MX 2MIN
DY MAX MIN AVG DEP HDD CDD WTR SNW DPTH SPD SPD DIR MIN PSBL S-S WX SPD DR
================================================================================
1 91 73 82 10 0 17 0.00 0.0 0 6.5 15 210 M M 0 18 210
2 95 73 84 11 0 19 0.00 0.0 0 7.7 20 220 M M 2 23 220
3 81 71 76 3 0 11 0.03 0.0 0 6.6 17 350 M M 2 18 24 10
4 80 64 72 -1 0 7 0.00 0.0 0 5.8 13 30 M M 1 16 40
5 79 63 71 -3 0 6 0.00 0.0 0 8.8 21 60 M M 0 25 60
6 75 64 70 -4 0 5 0.00 0.0 0 8.1 15 50 M M 0 22 110
7 84 65 75 1 0 10 0.00 0.0 0 10.3 18 160 M M 2 24 150
8 89 72 81 6 0 16 0.84 0.0 0 11.1 24 210 M M 4 18 33 220
9 89 74 82 7 0 17 0.00 0.0 0 12.6 21 210 M M 5 26 200
10 78 64 71 -4 0 6 0.00 0.0 0 7.7 16 30 M M 2 19 40
11 83 63 73 -3 0 8 0.00 0.0 0 6.4 17 150 M M 1 23 120
12 88 68 78 2 0 13 0.39 0.0 0 8.9 26 350 M M 2 18 36 330
13 92 70 81 5 0 16 0.00 0.0 0 6.9 18 270 M M 1 8 24 260
14 87 70 79 3 0 14 0.00 0.0 0 7.2 16 360 M M 2 18 23 270
15 84 68 76 -1 0 11 0.00 0.0 0 5.7 13 30 M M 0 18 120
16 83 71 77 0 0 12 0.00 0.0 0 9.7 24 200 M M 5 33 190
17 97 73 85 8 0 20 0.00 0.0 0 8.1 20 260 M M 0 8 30 300
18 82 69 76 -2 0 11 0.00 0.0 0 9.0 24 360 M M 2 30 20
19 77 61 69 -9 0 4 0.00 0.0 0 8.6 23 350 M M 0 34 360
20 79 63 71 -7 0 6 0.00 0.0 0 6.8 16 30 M M 0 26 340
21 82 61 72 -6 0 7 0.00 0.0 0 7.2 13 180 M M 1 20 150
22 86 67 77 -2 0 12 0.59 0.0 0 6.6 26 20 M M 4 13 37 10
23 72 67 70 -9 0 5 0.07 0.0 0 6.9 15 30 M M 9 1 18 30
24 78 65 72 -7 0 7 0.00 0.0 0 7.5 13 30 M M 0 15 40
25 83 63 73 -6 0 8 0.00 0.0 0 5.5 12 90 M M 0 19 130
26 86 64 75 -5 0 10 0.00 0.0 0 8.2 17 190 M M 2 12 22 190
27 92 68 80 0 0 15 0.33 0.0 0 12.7 23 220 M M 5 1 27 200
28 78 66 72 -8 0 7 0.02 0.0 0 9.3 22 20 M M 1 1 29 360
29 83 64 74 -6 0 9 0.00 0.0 0 5.7 13 190 M M 0 17 170
30 89 67 78 -2 0 13 0.00 0.0 0 8.0 17 140 M M 0 26 130
================================================================================
SM 2522 2011 0 322 2.27 0.0 240.1 M 53
================================================================================
AV 84.1 67.0 8.0 FASTST M M 2 MAX(MPH)
MISC ----> # 26 350 37 10
================================================================================
NOTES:
# LAST OF SEVERAL OCCURRENCES
COLUMN 17 PEAK WIND IN M.P.H.
PRELIMINARY LOCAL CLIMATOLOGICAL DATA (WS FORM: F-6) , PAGE 2
STATION: NORFOLK VA
MONTH: JUNE
YEAR: 2022
LATITUDE: 36 54 N
LONGITUDE: 76 12 W
[TEMPERATURE DATA] [PRECIPITATION DATA] SYMBOLS USED IN COLUMN 16
AVERAGE MONTHLY: 75.6 TOTAL FOR MONTH: 2.27 1 = FOG OR MIST
DPTR FM NORMAL: -1.1 DPTR FM NORMAL: -2.16 2 = FOG REDUCING VISIBILITY
HIGHEST: 97 ON 17 GRTST 24HR 0.84 ON 8- 8 TO 1/4 MILE OR LESS
LOWEST: 61 ON 21,19 3 = THUNDER
SNOW, ICE PELLETS, HAIL 4 = ICE PELLETS
TOTAL MONTH: 0.0 INCH 5 = HAIL
GRTST 24HR 0.0 6 = FREEZING RAIN OR DRIZZLE
GRTST DEPTH: 0 7 = DUSTSTORM OR SANDSTORM:
VSBY 1/2 MILE OR LESS
8 = SMOKE OR HAZE
[NO. OF DAYS WITH] [WEATHER - DAYS WITH] 9 = BLOWING SNOW
X = TORNADO
MAX 32 OR BELOW: 0 0.01 INCH OR MORE: 7
MAX 90 OR ABOVE: 5 0.10 INCH OR MORE: 4
MIN 32 OR BELOW: 0 0.50 INCH OR MORE: 2
MIN 0 OR BELOW: 0 1.00 INCH OR MORE: 0
[HDD (BASE 65) ]
TOTAL THIS MO. 0 CLEAR (SCALE 0-3) 24
DPTR FM NORMAL -4 PTCLDY (SCALE 4-7) 5
TOTAL FM JUL 1 2960 CLOUDY (SCALE 8-10) 1
DPTR FM NORMAL -107
[CDD (BASE 65) ]
TOTAL THIS MO. 322
DPTR FM NORMAL -31 [PRESSURE DATA]
TOTAL FM JAN 1 553 HIGHEST SLP 30.29 ON 29
DPTR FM NORMAL -16 LOWEST SLP 29.65 ON 2
[REMARKS]
#FINAL-06-22#