331
CXUS51 KAKQ 040921
CF6ORF
PRELIMINARY LOCAL CLIMATOLOGICAL DATA (WS FORM: F-6)
STATION: NORFOLK VA
MONTH: MARCH
YEAR: 2020
LATITUDE: 36 54 N
LONGITUDE: 76 12 W
TEMPERATURE IN F: :PCPN: SNOW: WIND :SUNSHINE: SKY :PK WND
================================================================================
1 2 3 4 5 6A 6B 7 8 9 10 11 12 13 14 15 16 17 18
12Z AVG MX 2MIN
DY MAX MIN AVG DEP HDD CDD WTR SNW DPTH SPD SPD DIR MIN PSBL S-S WX SPD DR
================================================================================
1 53 32 43 -2 22 0 0.00 0.0 0 5.9 15 240 M M 0 18 230
2 71 38 55 9 10 0 0.00 0.0 0 15.8 28 200 M M 1 34 210
3 73 50 62 16 3 0 0.01 0.0 0 15.0 25 230 M M 3 34 210
4 65 49 57 11 8 0 0.00 0.0 0 6.6 16 260 M M 0 26 270
5 56 46 51 5 14 0 0.00 0.0 0 10.4 21 20 M M 1 27 10
6 51 44 48 2 17 0 0.74 0.0 0 8.9 22 360 M M 8 1 32 360
7 51 42 47 0 18 0 T 0.0 0 12.3 25 350 M M 6 34 320
8 60 31 46 -1 19 0 0.00 0.0 0 4.9 12 220 M M 0 15 190
9 73 40 57 10 8 0 0.00 0.0 0 13.2 24 230 M M 0 32 210
10 76 59 68 20 0 3 0.07 0.0 0 17.1 31 230 M M 3 43 220
11 66 51 59 11 6 0 T 0.0 0 7.8 15 60 M M 3 20 220
12 62 50 56 8 9 0 0.00 0.0 0 6.0 15 30 M M 1 19 40
13 79 59 69 21 0 4 0.09 0.0 0 12.0 25 230 M M 2 1 32 230
14 59 50 55 6 10 0 0.01 0.0 0 7.8 20 30 M M 5 23 30
15 54 48 51 2 14 0 T 0.0 0 12.8 22 30 M M 10 26 30
16 52 47 50 1 15 0 0.00 0.0 0 12.6 20 60 M M 10 1 26 60
17 69 45 57 7 8 0 0.00 0.0 0 6.1 15 30 M M 5 19 270
18 58 51 55 5 10 0 0.00 0.0 0 9.8 20 60 M M 5 25 40
19 83 54 69 19 0 4 0.13 0.0 0 10.2 21 230 M M 4 1 28 240
20 88 69 79 29 0 14 T 0.0 0 16.9 30 220 M M 2 39 220
21 75 49 62 11 3 0 0.09 0.0 0 10.4 23 10 M M 10 1 30 360
22 55 48 52 1 13 0 0.03 0.0 0 15.2 23 70 M M 8 18 30 80
23 53 49 51 0 14 0 1.55 0.0 0 9.2 24 60 M M 10 1 31 60
24 56 49 53 1 12 0 T 0.0 0 7.3 13 100 M M 6 30 210
25 54 48 51 -1 14 0 1.48 0.0 0 15.8 26 80 M M 9 1 33 70
26 58 47 53 1 12 0 0.00 0.0 0 8.5 20 220 M M 5 24 220
27 75 53 64 12 1 0 T 0.0 0 10.2 22 230 M M 2 29 230
28 80 57 69 16 0 4 T 0.0 0 6.2 14 30 M M 4 1 17 140
29 87 55 71 18 0 6 0.00 0.0 0 8.2 22 200 M M 3 12 26 200
30 78 52 65 12 0 0 0.00 0.0 0 8.4 26 30 M M 2 1 30 30
31 53 48 51 -3 14 0 0.99 0.0 0 14.2 31 60 M M 9 1 41 70
================================================================================
SM 2023 1510 274 35 5.19 0.0 325.7 M 137
================================================================================
AV 65.3 48.7 10.5 FASTST M M 4 MAX(MPH)
MISC ----> # 31 230 # 43 220
================================================================================
NOTES:
# LAST OF SEVERAL OCCURRENCES
COLUMN 17 PEAK WIND IN M.P.H.
PRELIMINARY LOCAL CLIMATOLOGICAL DATA (WS FORM: F-6) , PAGE 2
STATION: NORFOLK VA
MONTH: MARCH
YEAR: 2020
LATITUDE: 36 54 N
LONGITUDE: 76 12 W
[TEMPERATURE DATA] [PRECIPITATION DATA] SYMBOLS USED IN COLUMN 16
AVERAGE MONTHLY: 57.0 TOTAL FOR MONTH: 5.19 1 = FOG OR MIST
DPTR FM NORMAL: 7.6 DPTR FM NORMAL: 1.51 2 = FOG REDUCING VISIBILITY
HIGHEST: 88 ON 20 GRTST 24HR 1.55 ON 23-23 TO 1/4 MILE OR LESS
LOWEST: 31 ON 8 3 = THUNDER
SNOW, ICE PELLETS, HAIL 4 = ICE PELLETS
TOTAL MONTH: 0.0 INCH 5 = HAIL
GRTST 24HR 0.0 6 = FREEZING RAIN OR DRIZZLE
GRTST DEPTH: 0 7 = DUSTSTORM OR SANDSTORM:
VSBY 1/2 MILE OR LESS
8 = SMOKE OR HAZE
[NO. OF DAYS WITH] [WEATHER - DAYS WITH] 9 = BLOWING SNOW
X = TORNADO
MAX 32 OR BELOW: 0 0.01 INCH OR MORE: 11
MAX 90 OR ABOVE: 0 0.10 INCH OR MORE: 5
MIN 32 OR BELOW: 2 0.50 INCH OR MORE: 4
MIN 0 OR BELOW: 0 1.00 INCH OR MORE: 2
[HDD (BASE 65) ]
TOTAL THIS MO. 274 CLEAR (SCALE 0-3) 14
DPTR FM NORMAL -218 PTCLDY (SCALE 4-7) 10
TOTAL FM JUL 1 2224 CLOUDY (SCALE 8-10) 7
DPTR FM NORMAL -837
[CDD (BASE 65) ]
TOTAL THIS MO. 35
DPTR FM NORMAL 29 [PRESSURE DATA]
TOTAL FM JAN 1 39 HIGHEST SLP 30.61 ON 8
DPTR FM NORMAL 32 LOWEST SLP 29.59 ON 3
[REMARKS]
#FINAL-03-20#