000
CXUS53 KGRB 311508
CF6OSH
PRELIMINARY LOCAL CLIMATOLOGICAL DATA (WS FORM: F-6)
STATION: OSHKOSH WI
MONTH: MAY
YEAR: 2020
LATITUDE: 44 0 N
LONGITUDE: 88 34 W
TEMPERATURE IN F: :PCPN: SNOW: WIND :SUNSHINE: SKY :PK WND
================================================================================
1 2 3 4 5 6A 6B 7 8 9 10 11 12 13 14 15 16 17 18
12Z AVG MX 2MIN
DY MAX MIN AVG DEP HDD CDD WTR SNW DPTH SPD SPD DIR MIN PSBL S-S WX SPD DR
================================================================================
1 66 35 51 -1 14 0 T 0.0 0 8.6 16 150 M M 3 22 170
2 75 53 64 12 1 0 T 0.0 0 11.8 22 300 M M 1 31 290
3 70 39 55 3 10 0 0.00 0.0 0 12.6 30 300 M M 0 45 300
4 51 38 45 -8 20 0 0.00 0.0 0 11.0 18 20 M M 4 24 60
5 52 38 45 -8 20 0 0.00 0.0 0 9.9 17 60 M M 2 24 60
6 66 32 49 -4 16 0 0.00 0.0 0 6.1 17 290 M M 1 24 290
7 59 37 48 -6 17 0 0.00 0.0 0 11.1 22 330 M M 0 28 330
8 44 31 38 -16 27 0 0.00 0.0 0 11.8 26 360 M M 5 37 340
9 57 30 44 -10 21 0 T 0.0 0 9.4 23 300 M M 5 35 310
10 47 37 42 -13 23 0 0.01 0.0 0 13.1 24 40 M M 10 33 30
11 54 33 44 -11 21 0 0.00 0.0 0 9.5 17 340 M M 6 24 340
12 56 27 42 -13 23 0 0.00 0.0 0 7.2 18 140 M M 0 24 120
13 62 32 47 -9 18 0 0.00 0.0 0 11.3 24 120 M M 4 37 150
14 66 50 58 2 7 0 0.08 0.0 0 5.6 15 180 M M 9 1 22 180
15 73 50 62 6 3 0 0.00 0.0 0 8.0 20 100 M M 0 1 29 110
16 67 46 57 0 8 0 0.00 0.0 0 10.0 16 70 M M 0 21 80
17 54 50 52 -5 13 0 2.88 0.0 0 18.2 30 60 M M 10 1 47 60
18 52 49 51 -6 14 0 0.15 0.0 0 18.9 26 40 M M 10 1 36 40
19 61 48 55 -3 10 0 0.01 0.0 0 12.8 24 40 M M 10 1 34 30
20 71 50 61 3 4 0 0.00 0.0 0 6.9 15 130 M M 1 20 120
21 71 48 60 2 5 0 0.00 0.0 0 6.2 14 140 M M 3 21 150
22 66 56 61 2 4 0 0.00 0.0 0 4.5 13 190 M M 10 17 170
23 74 52 63 4 2 0 0.70 0.0 0 7.6 18 140 M M 5 13 27 130
24 79 60 70 10 0 5 0.01 0.0 0 4.7 10 210 M M 6 1 16 250
25 85 63 74 14 0 9 0.00 0.0 0 8.5 20 200 M M 1 1 30 210
26 87 62 75 15 0 10 0.00 0.0 0 8.7 20 190 M M 2 27 180
27 86 68 77 16 0 12 0.03 0.0 0 8.0 16 190 M M 2 13 23 180
28 70 62 66 5 0 1 1.74 0.0 0 5.1 21 340 M M 8 13 28 330
29 65 53 59 -2 6 0 0.00 0.0 0 11.3 20 310 M M 5 27 300
30 67 48 58 -4 7 0 0.00 0.0 0 9.6 17 110 M M 5 24 320
31 70 40 55 -7 10 0 0.00 0.0 0 5.9 12 200 M M 0 18 180
================================================================================
SM 2023 1417 324 37 5.61 0.0 293.9 M 128
================================================================================
AV 65.3 45.7 9.5 FASTST M M 4 MAX(MPH)
MISC ----> # 30 300 # 47 60
================================================================================
NOTES:
# LAST OF SEVERAL OCCURRENCES
COLUMN 17 PEAK WIND IN M.P.H.
PRELIMINARY LOCAL CLIMATOLOGICAL DATA (WS FORM: F-6) , PAGE 2
STATION: OSHKOSH WI
MONTH: MAY
YEAR: 2020
LATITUDE: 44 0 N
LONGITUDE: 88 34 W
[TEMPERATURE DATA] [PRECIPITATION DATA] SYMBOLS USED IN COLUMN 16
AVERAGE MONTHLY: 55.5 TOTAL FOR MONTH: 5.61 1 = FOG OR MIST
DPTR FM NORMAL: -1.3 DPTR FM NORMAL: 2.32 2 = FOG REDUCING VISIBILITY
HIGHEST: 87 ON 26 GRTST 24HR 2.88 ON 17-17 TO 1/4 MILE OR LESS
LOWEST: 27 ON 12 3 = THUNDER
SNOW, ICE PELLETS, HAIL 4 = ICE PELLETS
TOTAL MONTH: 0.0 INCH 5 = HAIL
GRTST 24HR 0.0 6 = FREEZING RAIN OR DRIZZLE
GRTST DEPTH: 0 7 = DUSTSTORM OR SANDSTORM:
VSBY 1/2 MILE OR LESS
8 = SMOKE OR HAZE
[NO. OF DAYS WITH] [WEATHER - DAYS WITH] 9 = BLOWING SNOW
X = TORNADO
MAX 32 OR BELOW: 0 0.01 INCH OR MORE: 9
MAX 90 OR ABOVE: 0 0.10 INCH OR MORE: 4
MIN 32 OR BELOW: 5 0.50 INCH OR MORE: 3
MIN 0 OR BELOW: 0 1.00 INCH OR MORE: 2
[HDD (BASE 65) ]
TOTAL THIS MO. 324 CLEAR (SCALE 0-3) 14
DPTR FM NORMAL 46 PTCLDY (SCALE 4-7) 10
TOTAL FM JUL 1 7193 CLOUDY (SCALE 8-10) 7
DPTR FM NORMAL -206
[CDD (BASE 65) ]
TOTAL THIS MO. 37
DPTR FM NORMAL 13 [PRESSURE DATA]
TOTAL FM JAN 1 37 HIGHEST SLP 30.37 ON 31
DPTR FM NORMAL 12 LOWEST SLP 29.73 ON 2
[REMARKS]
#FINAL-05-20#