000
CXUS53 KDMX 041529
CF6OTM
PRELIMINARY LOCAL CLIMATOLOGICAL DATA (WS FORM: F-6)
STATION: OTTUMWA IA
MONTH: JULY
YEAR: 2020
LATITUDE: 41 6 N
LONGITUDE: 92 27 W
TEMPERATURE IN F: :PCPN: SNOW: WIND :SUNSHINE: SKY :PK WND
================================================================================
1 2 3 4 5 6A 6B 7 8 9 10 11 12 13 14 15 16 17 18
12Z AVG MX 2MIN
DY MAX MIN AVG DEP HDD CDD WTR SNW DPTH SPD SPD DIR MIN PSBL S-S WX SPD DR
================================================================================
1 80 68 74 -1 0 9 2.42 0.0 0 5.0 17 110 M M 7 13 23 110
2 88 66 77 2 0 12 0.00 0.0 0 5.3 16 100 M M 3 12 22 100
3 87 70 79 4 0 14 0.00 0.0 0 6.7 14 90 M M 1 18 100
4 89 69 79 4 0 14 0.00 0.0 0 5.3 12 90 M M 2 14 90
5 89 65 77 2 0 12 0.00 0.0 0 2.4 9 150 M M 0 12 13 130
6 89 66 78 3 0 13 0.00 0.0 0 2.5 8 160 M M 1 1 13 170
7 90 71 81 6 0 16 0.00 0.0 0 4.7 9 250 M M 1 8 12 180
8 91 73 82 7 0 17 0.00 0.0 0 6.2 10 160 M M 1 8 14 170
9 89 67 78 3 0 13 T 0.0 0 10.2 25 320 M M 2 34 310
10 88 63 76 1 0 11 0.00 0.0 0 6.6 14 310 M M 0 1 20 310
11 90 65 78 3 0 13 0.00 0.0 0 7.6 29 10 M M 1 42 10
12 85 62 74 -1 0 9 0.00 0.0 0 7.7 15 20 M M 1 21 360
13 85 63 74 -1 0 9 0.00 0.0 0 8.8 16 150 M M 0 22 150
14 86 68 77 2 0 12 0.10 0.0 0 10.3 23 320 M M 1 138 32 320
15 76 63 70 -5 0 5 0.99 0.0 0 7.7 22 140 M M 7 13 30 140
16 83 63 73 -2 0 8 0.00 0.0 0 4.3 8 130 M M 3 12 14 290
17 89 66 78 3 0 13 0.00 0.0 0 8.0 16 130 M M 0 1 22 130
18 90 74 82 7 0 17 T 0.0 0 12.8 23 190 M M 0 33 200
19 85 69 77 2 0 12 0.24 0.0 0 8.1 25 250 M M 2 13 39 250
20 75 67 71 -4 0 6 0.02 0.0 0 5.0 13 20 M M 7 1 17 30
21 77 66 72 -3 0 7 0.57 0.0 0 4.1 12 200 M M 3 1 18 210
22 82 64 73 -2 0 8 T 0.0 0 6.1 12 330 M M 3 1 16 320
23 85 62 74 -1 0 9 0.00 0.0 0 6.2 12 90 M M 0 15 90
24 88 66 77 2 0 12 0.00 0.0 0 8.1 13 140 M M 0 17 160
25 90 73 82 7 0 17 0.00 0.0 0 8.7 17 190 M M 0 1 22 190
26 91 74 83 8 0 18 T 0.0 0 9.2 17 300 M M 1 3 23 300
27 84 64 74 -1 0 9 0.25 0.0 0 6.6 14 330 M M 1 13 18 280
28 86 59 73 -2 0 8 0.00 0.0 0 6.1 16 210 M M 0 12 22 190
29 88 66 77 2 0 12 0.00 0.0 0 4.6 16 160 M M 2 3 24 150
30 81 68 75 0 0 10 T 0.0 0 6.8 21 90 M M 4 1 25 70
31 81 64 73 -1 0 8 0.00 0.0 0 8.2 16 60 M M 1 22 70
================================================================================
SM 2657 2064 0 353 4.59 0.0 209.9 M 55
================================================================================
AV 85.7 66.6 6.8 FASTST M M 2 MAX(MPH)
MISC ----> # 29 10 # 42 10
================================================================================
NOTES:
# LAST OF SEVERAL OCCURRENCES
COLUMN 17 PEAK WIND IN M.P.H.
PRELIMINARY LOCAL CLIMATOLOGICAL DATA (WS FORM: F-6) , PAGE 2
STATION: OTTUMWA IA
MONTH: JULY
YEAR: 2020
LATITUDE: 41 6 N
LONGITUDE: 92 27 W
[TEMPERATURE DATA] [PRECIPITATION DATA] SYMBOLS USED IN COLUMN 16
AVERAGE MONTHLY: 76.2 TOTAL FOR MONTH: 4.59 1 = FOG OR MIST
DPTR FM NORMAL: 1.1 DPTR FM NORMAL: 0.12 2 = FOG REDUCING VISIBILITY
HIGHEST: 91 ON 26, 8 GRTST 24HR 2.42 ON 1- 1 TO 1/4 MILE OR LESS
LOWEST: 59 ON 28 3 = THUNDER
SNOW, ICE PELLETS, HAIL 4 = ICE PELLETS
TOTAL MONTH: 0.0 INCH 5 = HAIL
GRTST 24HR 0.0 6 = FREEZING RAIN OR DRIZZLE
GRTST DEPTH: 0 7 = DUSTSTORM OR SANDSTORM:
VSBY 1/2 MILE OR LESS
8 = SMOKE OR HAZE
[NO. OF DAYS WITH] [WEATHER - DAYS WITH] 9 = BLOWING SNOW
X = TORNADO
MAX 32 OR BELOW: 0 0.01 INCH OR MORE: 7
MAX 90 OR ABOVE: 6 0.10 INCH OR MORE: 6
MIN 32 OR BELOW: 0 0.50 INCH OR MORE: 3
MIN 0 OR BELOW: 0 1.00 INCH OR MORE: 1
[HDD (BASE 65) ]
TOTAL THIS MO. 0 CLEAR (SCALE 0-3) 24
DPTR FM NORMAL -2 PTCLDY (SCALE 4-7) 7
TOTAL FM JUL 1 0 CLOUDY (SCALE 8-10) 0
DPTR FM NORMAL -2
[CDD (BASE 65) ]
TOTAL THIS MO. 353
DPTR FM NORMAL 39 [PRESSURE DATA]
TOTAL FM JAN 1 638 HIGHEST SLP 30.13 ON 23
DPTR FM NORMAL 59 LOWEST SLP 29.70 ON 9
[REMARKS]
#FINAL-07-20#