452
CXUS53 KARX 011000
CF6OVS
PRELIMINARY LOCAL CLIMATOLOGICAL DATA (WS FORM: F-6)
STATION: BOSCOBEL_(ASOS) WI
MONTH: FEBRUARY
YEAR: 2021
LATITUDE: 43 9 N
LONGITUDE: 90 41 W
TEMPERATURE IN F: :PCPN: SNOW: WIND :SUNSHINE: SKY :PK WND
================================================================================
1 2 3 4 5 6A 6B 7 8 9 10 11 12 13 14 15 16 17 18
12Z AVG MX 2MIN
DY MAX MIN AVG DEP HDD CDD WTR SNW DPTH SPD SPD DIR MIN PSBL S-S WX SPD DR
================================================================================
1 35 19 27 7 38 0 0.00 0.0 M 4.1 13 340 M M 9 1 19 330
2 33 6 20 0 45 0 0.00 0.0 M 2.9 9 10 M M 6 18 12 360
3 32 4 18 -2 47 0 0.00 0.0 M 2.2 10 200 M M 1 18 15 180
4 36 12 24 3 41 0 0.41 M M 6.3 22 280 M M 10 128 35 290
5 14 5 10 -11 55 0 0.00 0.0 M 11.2 22 260 M M 5 89 35 260
6 8 -7 1 -20 64 0 0.00 0.0 M 7.4 14 280 M M 3 8 21 250
7 2 -22 -10 -32 75 0 0.00 0.0 M 4.0 9 300 M M 3 15 260
8 10 -12 -1 -23 66 0 T M M 1.1 8 320 M M 7 18 12 350
9 12 -19 -3 -25 68 0 0.00 0.0 M 3.6 12 290 M M 0 8 16 280
10 15 -13 1 -21 64 0 0.00 0.0 M 1.7 10 280 M M 4 8 14 290
11 7 -14 -3 -26 68 0 0.02 M M 3.4 10 10 M M 7 18 16 10
12 5 -9 -2 -25 67 0 M M M 5.9 14 320 M M 4 8 20 330
13 3 -17 -7 -31 72 0 0.01 M M 5.1 14 360 M M 6 8 20 320
14 -1 -18 -9 -33 74 0 0.00 0.0 M 5.6 16 10 M M 3 8 26 340
15 5 -20 -7 -31 72 0 0.00 0.0 M 5.5 13 10 M M 1 20 40
16 19 -11 4 -21 61 0 0.00 0.0 M 1.4 8 20 M M 2 18 13 350
17 18 -18 0 -25 65 0 0.00 0.0 M 0.8 8 230 M M 3 18 11 210
18 25 2 14 -11 51 0 0.00 M M 3.0 12 230 M M 8 18 15 220
19 22 0 11 -15 54 0 T T M 4.6 14 320 M M 5 18 18 280
20 25 -12 7 -19 58 0 0.00 0.0 M 1.0 7 110 M M 4 18 11 110
21 30 15 23 -3 42 0 0.07 M M 3.4 12 70 M M 8 128 20 80
22 40 26 33 6 32 0 T 0.0 M 9.3 17 220 M M 7 18 24 220
23 46 31 39 12 26 0 0.00 0.0 M 5.7 12 210 M M 2 18 19 250
24 43 24 34 6 31 0 0.00 0.0 M 6.4 18 340 M M 3 18 27 330
25 43 21 32 4 33 0 0.00 0.0 M 5.7 13 220 M M 1 18 18 250
26 42 14 28 0 37 0 0.00 0.0 M 3.1 15 190 M M 5 128 30 210
27 50 22 36 7 29 0 0.00 0.0 M 2.7 9 230 M M 1 12 13 230
28 41 25 33 4 32 0 0.00 0.0 M 7.2 21 290 M M 7 128 31 300
================================================================================
SM 660 34 1467 0 0.51 T 124.3 M 125
================================================================================
AV 23.6 1.2 4.4 FASTST M M 4 MAX(MPH)
MISC ----> # 22 280 # 35 290
================================================================================
NOTES:
# LAST OF SEVERAL OCCURRENCES
COLUMN 17 PEAK WIND IN M.P.H.
PRELIMINARY LOCAL CLIMATOLOGICAL DATA (WS FORM: F-6) , PAGE 2
STATION: BOSCOBEL_(ASOS) WI
MONTH: FEBRUARY
YEAR: 2021
LATITUDE: 43 9 N
LONGITUDE: 90 41 W
[TEMPERATURE DATA] [PRECIPITATION DATA] SYMBOLS USED IN COLUMN 16
AVERAGE MONTHLY: 12.4 TOTAL FOR MONTH: 0.51 1 = FOG OR MIST
DPTR FM NORMAL: -11.9 DPTR FM NORMAL: -0.41 2 = FOG REDUCING VISIBILITY
HIGHEST: 50 ON 27 GRTST 24HR 0.41 ON 4- 4 TO 1/4 MILE OR LESS
LOWEST: -22 ON 7 3 = THUNDER
SNOW, ICE PELLETS, HAIL 4 = ICE PELLETS
TOTAL MONTH: T 5 = HAIL
GRTST 24HR T ON 19-19 6 = FREEZING RAIN OR DRIZZLE
GRTST DEPTH: M ON M 7 = DUSTSTORM OR SANDSTORM:
VSBY 1/2 MILE OR LESS
8 = SMOKE OR HAZE
[NO. OF DAYS WITH] [WEATHER - DAYS WITH] 9 = BLOWING SNOW
X = TORNADO
MAX 32 OR BELOW: 18 0.01 INCH OR MORE: 4
MAX 90 OR ABOVE: 0 0.10 INCH OR MORE: 1
MIN 32 OR BELOW: 28 0.50 INCH OR MORE: 0
MIN 0 OR BELOW: 14 1.00 INCH OR MORE: 0
[HDD (BASE 65) ]
TOTAL THIS MO. 1467 CLEAR (SCALE 0-3) 11
DPTR FM NORMAL 326 PTCLDY (SCALE 4-7) 14
TOTAL FM JUL 1 5103 CLOUDY (SCALE 8-10) 3
DPTR FM NORMAL -271
[CDD (BASE 65) ]
TOTAL THIS MO. 0
DPTR FM NORMAL 0 [PRESSURE DATA]
TOTAL FM JAN 1 0 HIGHEST SLP 30.71 ON 14
DPTR FM NORMAL 0 LOWEST SLP 29.38 ON 4
[REMARKS]
#FINAL-02-21#