000
CXUS56 KLKN 161840
CF6P68
PRELIMINARY LOCAL CLIMATOLOGICAL DATA (WS FORM: F-6)
STATION: EUREKA AIRPORT NV
MONTH: NOVEMBER
YEAR: 2020
LATITUDE: 39 30 N
LONGITUDE: 115 58 W
TEMPERATURE IN F: :PCPN: SNOW: WIND :SUNSHINE: SKY :PK WND
================================================================================
1 2 3 4 5 6A 6B 7 8 9 10 11 12 13 14 15 16 17 18
12Z AVG MX 2MIN
DY MAX MIN AVG DEP HDD CDD WTR SNW DPTH SPD SPD DIR MIN PSBL S-S WX SPD DR
================================================================================
1 73 25 49 8 16 0 0.00 M M 5.8 15 160 M M M 18 170
2 74 29 52 11 13 0 0.00 M M 7.3 25 180 M M M 32 180
3 71 35 53 13 12 0 0.00 M M 6.5 12 180 M M M 14 220
4 72 32 52 12 13 0 0.00 M M 6.3 13 200 M M M 14 200
5 73 26 50 10 15 0 0.00 M M 7.6 18 160 M M M 23 150
6 69 51 60 21 5 0 0.00 M M 22.7 44 170 M M M 54 170
7 55 29 42 3 23 0 0.15 M M 11.9 37 170 M M M 50 180
8 31 18 25 -13 40 0 0.00 M M 6.6 28 270 M M M 38 260
9 29 11 20 -18 45 0 0.00 M M 4.8 9 50 M M M 11 20
10 44 13 29 -9 36 0 0.00 M M 5.7 13 260 M M M 19 270
11 45 7 26 -11 39 0 0.00 M M 6.2 16 300 M M M 21 300
12 49 2 26 -11 39 0 0.00 M M 4.6 13 150 M M M 17 150
13 53 13 33 -3 32 0 0.29 M M 8.8 29 320 M M M 39 310
14 41 26 34 -2 31 0 0.04 M M 5.6 24 330 M M M 31 330
15 60 25 43 8 22 0 0.00 M M 6.5 15 260 M M M 22 240
16 65 26 46 11 19 0 0.00 M M 6.9 18 150 M M M 24 150
17 64 43 54 20 11 0 0.00 M M 14.1 33 180 M M M 41 180
18 53 30 42 8 23 0 0.00 M M 7.2 18 180 M M M 26 180
19 50 15 33 -1 32 0 0.00 M M 4.7 15 330 M M M 20 320
20 46 13 30 -3 35 0 0.00 M M 3.4 12 10 M M M 14 20
21 47 9 28 -5 37 0 0.00 M M 3.8 9 190 M M M 14 360
22 50 11 31 -1 34 0 0.00 M M 4.5 10 220 M M M 13 220
23 40 20 30 -2 35 0 0.00 M M 5.6 18 270 M M M 23 270
24 43 17 30 -1 35 0 0.00 M M 4.1 10 210 M M M 12 70
25 48 12 30 -1 35 0 0.00 M M 8.1 21 310 M M M 26 320
26 35 8 22 -8 43 0 0.00 M M 6.1 18 360 M M M 24 10
27 40 6 23 -7 42 0 0.00 M M 3.6 9 200 M M M 10 20
28 52 10 31 1 34 0 0.00 M M 3.9 12 210 M M M 13 210
29 51 9 30 1 35 0 0.00 M M 5.7 12 200 M M M 13 210
30 55 16 36 7 29 0 0.00 M M 7.5 20 260 M M M 27 260
================================================================================
SM 1578 587 860 0 0.48 M 206.1 M M
================================================================================
AV 52.6 19.6 6.9 FASTST M M M MAX(MPH)
MISC ----> 44 170 54 170
================================================================================
NOTES:
# LAST OF SEVERAL OCCURRENCES
COLUMN 17 PEAK WIND IN M.P.H.
PRELIMINARY LOCAL CLIMATOLOGICAL DATA (WS FORM: F-6) , PAGE 2
STATION: EUREKA AIRPORT NV
MONTH: NOVEMBER
YEAR: 2020
LATITUDE: 39 30 N
LONGITUDE: 115 58 W
[TEMPERATURE DATA] [PRECIPITATION DATA] SYMBOLS USED IN COLUMN 16
AVERAGE MONTHLY: 36.1 TOTAL FOR MONTH: 0.48 1 = FOG OR MIST
DPTR FM NORMAL: 1.0 DPTR FM NORMAL: -0.16 2 = FOG REDUCING VISIBILITY
HIGHEST: 74 ON 2 GRTST 24HR 0.29 ON 13-13 TO 1/4 MILE OR LESS
LOWEST: 2 ON 12 3 = THUNDER
SNOW, ICE PELLETS, HAIL 4 = ICE PELLETS
TOTAL MONTH: M 5 = HAIL
GRTST 24HR M ON M 6 = FREEZING RAIN OR DRIZZLE
GRTST DEPTH: M ON M 7 = DUSTSTORM OR SANDSTORM:
VSBY 1/2 MILE OR LESS
8 = SMOKE OR HAZE
[NO. OF DAYS WITH] [WEATHER - DAYS WITH] 9 = BLOWING SNOW
X = TORNADO
MAX 32 OR BELOW: 2 0.01 INCH OR MORE: 3
MAX 90 OR ABOVE: 0 0.10 INCH OR MORE: 2
MIN 32 OR BELOW: 27 0.50 INCH OR MORE: 0
MIN 0 OR BELOW: 0 1.00 INCH OR MORE: 0
[HDD (BASE 65) ]
TOTAL THIS MO. 860 CLEAR (SCALE 0-3) 0
DPTR FM NORMAL -38 PTCLDY (SCALE 4-7) 0
TOTAL FM JUL 1 1477 CLOUDY (SCALE 8-10) 30
DPTR FM NORMAL -214
[CDD (BASE 65) ]
TOTAL THIS MO. 0
DPTR FM NORMAL 0 [PRESSURE DATA]
TOTAL FM JAN 1 508 HIGHEST SLP M ON M
DPTR FM NORMAL 152 LOWEST SLP 29.18 ON 7
[REMARKS]
#FINAL-11-20#