000
CXUS53 KPAH 012240
CF6PAH
PRELIMINARY LOCAL CLIMATOLOGICAL DATA (WS FORM: F-6)
STATION: PADUCAH KY
MONTH: MAY
YEAR: 2021
LATITUDE: 37 4 N
LONGITUDE: 88 46 W
TEMPERATURE IN F: :PCPN: SNOW: WIND :SUNSHINE: SKY :PK WND
================================================================================
1 2 3 4 5 6A 6B 7 8 9 10 11 12 13 14 15 16 17 18
12Z AVG MX 2MIN
DY MAX MIN AVG DEP HDD CDD WTR SNW DPTH SPD SPD DIR MIN PSBL S-S WX SPD DR
================================================================================
1 79 50 65 1 0 0 0.00 0.0 0 5.5 14 230 M M 0 22 220
2 73 61 67 3 0 2 0.63 0.0 0 6.3 13 170 M M 8 1 18 160
3 80 62 71 6 0 6 0.02 0.0 0 6.8 20 240 M M 7 18 29 220
4 76 55 66 1 0 1 1.78 T 0 8.6 31 270 M M 9 1358 45 250
5 68 49 59 -6 6 0 0.00 0.0 0 6.4 16 10 M M 4 26 40
6 69 47 58 -8 7 0 0.38 T 0 5.1 21 10 M M 3 35 32 10
7 70 45 58 -8 7 0 0.00 0.0 0 8.7 20 250 M M 1 26 270
8 66 54 60 -6 5 0 0.01 0.0 0 7.7 14 140 M M 5 22 130
9 69 51 60 -6 5 0 0.66 0.0 0 12.1 23 350 M M 8 13 36 180
10 64 48 56 -11 9 0 0.00 0.0 0 6.6 16 40 M M 6 22 40
11 68 44 56 -11 9 0 0.00 0.0 0 9.0 17 40 M M 5 24 40
12 67 46 57 -10 8 0 0.00 0.0 0 10.0 20 30 M M 2 31 50
13 69 42 56 -12 9 0 0.00 0.0 0 4.0 15 70 M M 1 19 80
14 73 42 58 -10 7 0 0.00 0.0 0 1.2 10 100 M M 0 15 40
15 74 46 60 -8 5 0 T 0.0 0 3.3 9 60 M M 4 14 160
16 82 58 70 2 0 5 T 0.0 0 4.8 12 240 M M 6 18 250
17 76 63 70 1 0 5 0.04 0.0 0 5.8 12 170 M M 6 18 170
18 75 63 69 0 0 4 0.44 0.0 0 9.6 18 170 M M 10 1 28 170
19 80 66 73 4 0 8 0.03 0.0 0 9.0 17 130 M M 5 18 26 130
20 85 65 75 5 0 10 0.00 0.0 0 9.2 20 150 M M 0 26 130
21 84 63 74 4 0 9 0.00 0.0 0 5.8 16 170 M M 0 8 22 150
22 88 60 74 4 0 9 0.00 0.0 0 3.2 9 230 M M 1 8 14 230
23 89 60 75 5 0 10 0.00 0.0 0 2.9 9 230 M M 0 18 14 260
24 92 63 78 7 0 13 0.00 0.0 0 3.5 14 250 M M 1 17 270
25 91 68 80 9 0 15 0.00 0.0 0 5.6 16 220 M M 1 8 26 210
26 82 67 75 4 0 10 0.08 0.0 0 M M M M M 6 18 M M
27 87 64 76 4 0 11 1.60 0.0 0 5.1 25 330 M M 3 1238 37 310
28 78 52 65 -7 0 0 0.02 0.0 0 8.5 21 330 M M 9 1 35 340
29 58 51 55 -17 10 0 0.00 0.0 0 7.0 14 360 M M 10 21 10
30 73 46 60 -12 5 0 0.00 0.0 0 4.4 15 50 M M 0 1 23 50
31 78 47 63 -10 2 0 0.00 0.0 0 2.3 10 150 M M 0 14 160
================================================================================
SM 2363 1698 94 118 5.69 T 188.0 M 121
================================================================================
AV 76.2 54.8 6.3 FASTST M M 4 MAX(MPH)
MISC ----> 31 270 45 250
================================================================================
NOTES:
# LAST OF SEVERAL OCCURRENCES
COLUMN 17 PEAK WIND IN M.P.H.
PRELIMINARY LOCAL CLIMATOLOGICAL DATA (WS FORM: F-6) , PAGE 2
STATION: PADUCAH KY
MONTH: MAY
YEAR: 2021
LATITUDE: 37 4 N
LONGITUDE: 88 46 W
[TEMPERATURE DATA] [PRECIPITATION DATA] SYMBOLS USED IN COLUMN 16
AVERAGE MONTHLY: 65.5 TOTAL FOR MONTH: 5.69 1 = FOG OR MIST
DPTR FM NORMAL: -2.9 DPTR FM NORMAL: 0.82 2 = FOG REDUCING VISIBILITY
HIGHEST: 92 ON 24 GRTST 24HR 1.78 ON 4- 4 TO 1/4 MILE OR LESS
LOWEST: 42 ON 14,13 3 = THUNDER
SNOW, ICE PELLETS, HAIL 4 = ICE PELLETS
TOTAL MONTH: T 5 = HAIL
GRTST 24HR T ON 4- 4 6 = FREEZING RAIN OR DRIZZLE
GRTST DEPTH: 0 7 = DUSTSTORM OR SANDSTORM:
VSBY 1/2 MILE OR LESS
8 = SMOKE OR HAZE
[NO. OF DAYS WITH] [WEATHER - DAYS WITH] 9 = BLOWING SNOW
X = TORNADO
MAX 32 OR BELOW: 0 0.01 INCH OR MORE: 12
MAX 90 OR ABOVE: 2 0.10 INCH OR MORE: 6
MIN 32 OR BELOW: 0 0.50 INCH OR MORE: 4
MIN 0 OR BELOW: 0 1.00 INCH OR MORE: 2
[HDD (BASE 65) ]
TOTAL THIS MO. 94 CLEAR (SCALE 0-3) 15
DPTR FM NORMAL 39 PTCLDY (SCALE 4-7) 11
TOTAL FM JUL 1 3888 CLOUDY (SCALE 8-10) 5
DPTR FM NORMAL -36
[CDD (BASE 65) ]
TOTAL THIS MO. 118
DPTR FM NORMAL -42 [PRESSURE DATA]
TOTAL FM JAN 1 147 HIGHEST SLP 30.38 ON 22
DPTR FM NORMAL -63 LOWEST SLP 29.55 ON 3
[REMARKS]
#FINAL-05-21#