000
CXUS53 KPAH 010830
CF6PAH
PRELIMINARY LOCAL CLIMATOLOGICAL DATA (WS FORM: F-6)
STATION: PADUCAH KY
MONTH: NOVEMBER
YEAR: 2023
LATITUDE: 37 4 N
LONGITUDE: 88 46 W
TEMPERATURE IN F: :PCPN: SNOW: WIND :SUNSHINE: SKY :PK WND
================================================================================
1 2 3 4 5 6A 6B 7 8 9 10 11 12 13 14 15 16 17 18
12Z AVG MX 2MIN
DY MAX MIN AVG DEP HDD CDD WTR SNW DPTH SPD SPD DIR MIN PSBL S-S WX SPD DR
================================================================================
1 51 26 39 -14 26 0 0.00 0.0 0 1.8 9 50 M M 0 1 13 340
2 58 28 43 -10 22 0 0.00 0.0 0 2.5 12 170 M M 0 1 19 190
3 65 31 48 -5 17 0 0.00 0.0 0 4.9 14 180 M M 0 25 180
4 72 48 60 8 5 0 0.00 0.0 0 3.1 12 270 M M 0 19 260
5 72 42 57 5 8 0 0.00 0.0 0 1.5 8 80 M M 0 1 13 90
6 78 46 62 10 3 0 0.00 0.0 0 5.8 17 230 M M 2 8 30 240
7 79 58 69 18 0 4 0.00 0.0 0 4.5 9 180 M M 1 17 240
8 82 65 74 23 0 9 0.00 0.0 0 7.7 18 220 M M 1 8 31 180
9 71 48 60 10 5 0 0.03 0.0 0 7.4 18 350 M M 6 8 27 20
10 66 44 55 5 10 0 0.06 0.0 0 3.8 10 350 M M 2 15 320
11 60 37 49 -1 16 0 0.00 0.0 0 5.7 14 30 M M 0 18 30
12 66 36 51 2 14 0 0.00 0.0 0 1.1 9 80 M M 0 12 90
13 72 35 54 5 11 0 0.00 0.0 0 1.2 8 330 M M 0 12 340
14 66 35 51 3 14 0 0.00 0.0 0 2.7 12 100 M M 0 17 100
15 71 34 53 5 12 0 0.00 0.0 0 2.4 12 220 M M 2 18 220
16 74 44 59 11 6 0 T 0.0 0 2.9 12 160 M M 5 22 170
17 68 47 58 11 7 0 0.06 0.0 0 4.7 13 360 M M 7 1 20 350
18 60 33 47 0 18 0 0.00 0.0 0 3.3 10 360 M M 0 16 340
19 62 30 46 -1 19 0 0.00 0.0 0 1.6 8 80 M M 0 11 140
20 62 48 55 9 10 0 0.57 0.0 0 5.7 26 130 M M 9 1 34 130
21 56 44 50 4 15 0 0.01 0.0 0 5.7 16 320 M M 10 18 24 320
22 48 32 40 -6 25 0 0.00 0.0 0 4.6 12 310 M M 8 1 16 340
23 60 31 46 1 19 0 0.00 0.0 0 2.4 10 210 M M 0 1 17 210
24 53 34 44 -1 21 0 0.00 0.0 0 8.0 15 30 M M 0 23 30
25 51 30 41 -4 24 0 0.00 0.0 0 2.3 9 70 M M 0 18 13 80
26 47 31 39 -5 26 0 0.16 0.0 0 4.4 16 300 M M 7 1 28 270
27 43 27 35 -9 30 0 0.00 0.0 0 5.0 15 320 M M 0 23 320
28 41 24 33 -11 32 0 0.00 0.0 0 3.2 13 320 M M 0 16 340
29 58 27 43 0 22 0 0.00 0.0 0 5.5 14 260 M M 0 20 250
30 61 42 52 9 13 0 0.12 0.0 0 6.7 20 180 M M 4 1 32 180
================================================================================
SM 1873 1137 450 13 1.01 0.0 122.1 M 64
================================================================================
AV 62.4 37.9 4.1 FASTST M M 2 MAX(MPH)
MISC ----> 26 130 34 130
================================================================================
NOTES:
# LAST OF SEVERAL OCCURRENCES
COLUMN 17 PEAK WIND IN M.P.H.
PRELIMINARY LOCAL CLIMATOLOGICAL DATA (WS FORM: F-6) , PAGE 2
STATION: PADUCAH KY
MONTH: NOVEMBER
YEAR: 2023
LATITUDE: 37 4 N
LONGITUDE: 88 46 W
[TEMPERATURE DATA] [PRECIPITATION DATA] SYMBOLS USED IN COLUMN 16
AVERAGE MONTHLY: 50.2 TOTAL FOR MONTH: 1.01 1 = FOG OR MIST
DPTR FM NORMAL: 2.2 DPTR FM NORMAL: -3.08 2 = FOG REDUCING VISIBILITY
HIGHEST: 82 ON 8 GRTST 24HR 0.58 ON 20-21 TO 1/4 MILE OR LESS
LOWEST: 24 ON 28 3 = THUNDER
SNOW, ICE PELLETS, HAIL 4 = ICE PELLETS
TOTAL MONTH: 0.0 INCH 5 = HAIL
GRTST 24HR 0.0 6 = FREEZING RAIN OR DRIZZLE
GRTST DEPTH: 0 7 = DUSTSTORM OR SANDSTORM:
VSBY 1/2 MILE OR LESS
8 = SMOKE OR HAZE
[NO. OF DAYS WITH] [WEATHER - DAYS WITH] 9 = BLOWING SNOW
X = TORNADO
MAX 32 OR BELOW: 0 0.01 INCH OR MORE: 7
MAX 90 OR ABOVE: 0 0.10 INCH OR MORE: 3
MIN 32 OR BELOW: 11 0.50 INCH OR MORE: 1
MIN 0 OR BELOW: 0 1.00 INCH OR MORE: 0
[HDD (BASE 65) ]
TOTAL THIS MO. 450 CLEAR (SCALE 0-3) 22
DPTR FM NORMAL -65 PTCLDY (SCALE 4-7) 6
TOTAL FM JUL 1 623 CLOUDY (SCALE 8-10) 2
DPTR FM NORMAL -133
[CDD (BASE 65) ]
TOTAL THIS MO. 13
DPTR FM NORMAL 8 [PRESSURE DATA]
TOTAL FM JAN 1 1670 HIGHEST SLP 30.50 ON 1
DPTR FM NORMAL -13 LOWEST SLP 29.70 ON 8
[REMARKS]
#FINAL-11-23#