000
CXUS54 KLZK 011902
CF6PBF
PRELIMINARY LOCAL CLIMATOLOGICAL DATA (WS FORM: F-6)
STATION: PINE BLUFF
MONTH: OCTOBER
YEAR: 2022
LATITUDE: 34 10 N
LONGITUDE: 91 56 W
TEMPERATURE IN F: :PCPN: SNOW: WIND :SUNSHINE: SKY :PK WND
================================================================================
1 2 3 4 5 6A 6B 7 8 9 10 11 12 13 14 15 16 17 18
12Z AVG MX 2MIN
DY MAX MIN AVG DEP HDD CDD WTR SNW DPTH SPD SPD DIR MIN PSBL S-S WX SPD DR
================================================================================
1 82 50 66 -4 0 1 0.00 0.0 0 6.7 15 360 M M 0 8 23 20
2 85 51 68 -1 0 3 0.00 0.0 0 7.1 17 10 M M 0 22 10
3 84 56 70 1 0 5 0.00 0.0 0 7.7 17 10 M M 0 8 22 10
4 83 53 68 0 0 3 0.00 0.0 0 4.3 14 50 M M 0 8 17 50
5 84 49 67 -1 0 2 0.00 0.0 0 3.0 8 360 M M 0 8 M M
6 90 51 71 3 0 6 0.00 0.0 0 4.0 16 330 M M 0 20 330
7 87 57 72 5 0 7 0.00 0.0 0 6.5 16 30 M M 0 8 22 10
8 76 51 64 -3 1 0 0.00 0.0 0 7.6 14 40 M M 0 20 40
9 81 46 64 -2 1 0 0.00 0.0 0 2.3 13 270 M M 0 18 240
10 87 52 70 4 0 5 0.00 0.0 0 2.1 9 270 M M 2 M M
11 87 54 71 5 0 6 0.00 0.0 0 5.9 17 190 M M 0 8 23 200
12 92 54 73 8 0 8 0.75 0.0 0 7.0 29 280 M M 1 138 39 280
13 78 50 64 -1 1 0 0.00 0.0 0 4.5 15 300 M M 0 20 320
14 85 45 65 1 0 0 0.00 0.0 0 7.3 20 240 M M 0 27 260
15 91 61 76 12 0 11 0.06 0.0 0 10.2 31 320 M M 2 3 41 320
16 78 61 70 6 0 5 T 0.0 0 4.5 10 50 M M 2 M M
17 67 48 58 -5 7 0 0.00 0.0 0 10.1 21 360 M M 0 25 20
18 54 36 45 -18 20 0 0.00 0.0 0 9.5 21 320 M M 0 28 310
19 60 31 46 -16 19 0 0.00 0.0 0 3.2 13 270 M M 0 18 290
20 76 33 55 -7 10 0 0.00 0.0 0 4.8 14 200 M M 0 22 180
21 84 45 65 3 0 0 0.00 0.0 0 5.3 16 200 M M 0 21 200
22 82 63 73 12 0 8 0.00 0.0 0 14.9 28 180 M M 1 34 180
23 86 65 76 15 0 11 0.00 0.0 0 14.2 24 180 M M 2 30 210
24 86 69 78 18 0 13 0.00 0.0 0 16.5 28 170 M M 4 33 170
25 78 46 62 2 3 0 0.11 0.0 0 13.8 26 250 M M 6 18 40 240
26 71 43 57 -3 8 0 0.00 0.0 0 7.4 17 30 M M 0 8 24 30
27 71 42 57 -2 8 0 0.00 0.0 0 6.7 17 100 M M 0 21 110
28 75 45 60 1 5 0 0.00 0.0 0 7.7 16 60 M M 1 8 20 70
29 65 61 63 4 2 0 1.07 0.0 0 8.9 21 90 M M 8 13 27 80
30 65 59 62 4 3 0 0.03 0.0 0 6.2 10 200 M M 10 1 14 230
31 75 54 65 7 0 0 0.00 0.0 0 3.4 10 280 M M 3 1 14 260
================================================================================
SM 2445 1581 88 94 2.02 0.0 223.3 M 42
================================================================================
AV 78.9 51.0 7.2 FASTST M M 1 MAX(MPH)
MISC ----> 31 320 41 320
================================================================================
NOTES:
# LAST OF SEVERAL OCCURRENCES
COLUMN 17 PEAK WIND IN M.P.H.
PRELIMINARY LOCAL CLIMATOLOGICAL DATA (WS FORM: F-6) , PAGE 2
STATION: PINE BLUFF
MONTH: OCTOBER
YEAR: 2022
LATITUDE: 34 10 N
LONGITUDE: 91 56 W
[TEMPERATURE DATA] [PRECIPITATION DATA] SYMBOLS USED IN COLUMN 16
AVERAGE MONTHLY: 64.9 TOTAL FOR MONTH: 2.02 1 = FOG OR MIST
DPTR FM NORMAL: 1.2 DPTR FM NORMAL: -2.56 2 = FOG REDUCING VISIBILITY
HIGHEST: 92 ON 12 GRTST 24HR 1.07 ON 28-29 TO 1/4 MILE OR LESS
LOWEST: 31 ON 19 3 = THUNDER
SNOW, ICE PELLETS, HAIL 4 = ICE PELLETS
TOTAL MONTH: 0.0 INCH 5 = HAIL
GRTST 24HR 0.0 6 = FREEZING RAIN OR DRIZZLE
GRTST DEPTH: 0 7 = DUSTSTORM OR SANDSTORM:
VSBY 1/2 MILE OR LESS
8 = SMOKE OR HAZE
[NO. OF DAYS WITH] [WEATHER - DAYS WITH] 9 = BLOWING SNOW
X = TORNADO
MAX 32 OR BELOW: 0 0.01 INCH OR MORE: 5
MAX 90 OR ABOVE: 3 0.10 INCH OR MORE: 3
MIN 32 OR BELOW: 1 0.50 INCH OR MORE: 2
MIN 0 OR BELOW: 0 1.00 INCH OR MORE: 1
[HDD (BASE 65) ]
TOTAL THIS MO. 88 CLEAR (SCALE 0-3) 27
DPTR FM NORMAL -37 PTCLDY (SCALE 4-7) 2
TOTAL FM JUL 1 90 CLOUDY (SCALE 8-10) 2
DPTR FM NORMAL -44
[CDD (BASE 65) ]
TOTAL THIS MO. 94
DPTR FM NORMAL 11 [PRESSURE DATA]
TOTAL FM JAN 1 2554 HIGHEST SLP 30.43 ON 8
DPTR FM NORMAL 415 LOWEST SLP 29.61 ON 25
[REMARKS]
#FINAL-10-22#