000
CXUS54 KLZK 032016
CF6PBF
PRELIMINARY LOCAL CLIMATOLOGICAL DATA (WS FORM: F-6)
STATION: PINE BLUFF
MONTH: DECEMBER
YEAR: 2021
LATITUDE: 34 10 N
LONGITUDE: 91 56 W
TEMPERATURE IN F: :PCPN: SNOW: WIND :SUNSHINE: SKY :PK WND
================================================================================
1 2 3 4 5 6A 6B 7 8 9 10 11 12 13 14 15 16 17 18
12Z AVG MX 2MIN
DY MAX MIN AVG DEP HDD CDD WTR SNW DPTH SPD SPD DIR MIN PSBL S-S WX SPD DR
================================================================================
1 70 46 58 10 7 0 0.00 0.0 0 5.8 17 230 M M 2 1 25 200
2 78 41 60 12 5 0 0.00 0.0 0 3.7 10 220 M M 1 12 15 200
3 75 51 63 15 2 0 0.00 0.0 0 6.4 16 200 M M 7 12 20 220
4 68 58 63 16 2 0 0.05 0.0 0 5.0 15 10 M M 10 123 17 10
5 76 54 65 18 0 0 0.01 0.0 0 9.0 20 190 M M 6 123 28 190
6 67 38 53 6 12 0 0.65 0.0 0 9.9 29 340 M M 4 13 39 340
7 49 35 42 -4 23 0 0.00 0.0 0 6.2 14 70 M M 7 17 80
8 57 36 47 1 18 0 0.00 0.0 0 3.4 8 150 M M 1 10 110
9 67 36 52 6 13 0 0.00 0.0 0 5.9 13 190 M M 8 18 15 190
10 80 66 73 27 0 8 0.03 0.0 M 13.3 28 190 M M 8 13 38 190
11 75 34 55 9 10 0 0.35 0.0 0 10.5 29 230 M M 2 13 37 240
12 54 29 42 -4 23 0 0.00 0.0 0 3.8 14 120 M M 0 17 120
13 65 30 48 3 17 0 0.00 0.0 0 3.0 12 190 M M 1 15 190
14 73 48 61 16 4 0 0.01 0.0 0 6.6 14 170 M M 8 1 20 90
15 72 65 69 24 0 4 0.00 0.0 0 12.9 22 180 M M 8 27 180
16 74 55 65 20 0 0 0.47 0.0 0 11.6 25 360 M M 10 13 31 10
17 76 54 65 20 0 0 0.02 0.0 0 7.5 18 200 M M 6 1 22 200
18 64 41 53 9 12 0 1.12 0.0 0 11.0 23 360 M M 6 13 30 10
19 43 33 38 -6 27 0 0.00 0.0 0 10.1 18 10 M M 5 26 10
20 43 28 36 -8 29 0 0.05 0.0 0 3.7 8 10 M M 4 18 10 330
21 57 35 46 2 19 0 0.00 0.0 0 3.8 9 260 M M 3 1 14 320
22 55 35 45 1 20 0 0.00 0.0 0 3.4 13 60 M M 0 17 40
23 66 35 51 7 14 0 0.00 0.0 0 7.8 18 170 M M 2 22 170
24 76 55 66 22 0 1 0.00 0.0 0 15.8 24 210 M M 4 35 190
25 80 65 73 29 0 8 0.00 0.0 M 11.9 22 210 M M 2 28 230
26 71 56 64 21 1 0 0.00 0.0 0 7.7 18 170 M M 7 12 24 180
27 78 64 71 28 0 6 T 0.0 0 9.7 17 230 M M 7 24 200
28 74 63 69 26 0 4 0.05 0.0 0 10.7 22 210 M M 7 1 27 200
29 72 51 62 19 3 0 0.30 0.0 0 5.1 22 340 M M 7 123 28 330
30 70 47 59 16 6 0 0.00 0.0 0 2.3 10 180 M M 6 12 11 170
31 73 57 65 22 0 0 0.00 0.0 0 6.5 16 200 M M 6 18 21 190
================================================================================
SM 2098 1441 267 31 3.11 0.0 234.0 M 155
================================================================================
AV 67.7 46.5 7.5 FASTST M M 5 MAX(MPH)
MISC ----> # 29 340 39 340
================================================================================
NOTES:
# LAST OF SEVERAL OCCURRENCES
COLUMN 17 PEAK WIND IN M.P.H.
PRELIMINARY LOCAL CLIMATOLOGICAL DATA (WS FORM: F-6) , PAGE 2
STATION: PINE BLUFF
MONTH: DECEMBER
YEAR: 2021
LATITUDE: 34 10 N
LONGITUDE: 91 56 W
[TEMPERATURE DATA] [PRECIPITATION DATA] SYMBOLS USED IN COLUMN 16
AVERAGE MONTHLY: 57.1 TOTAL FOR MONTH: 3.11 1 = FOG OR MIST
DPTR FM NORMAL: 12.1 DPTR FM NORMAL: -2.19 2 = FOG REDUCING VISIBILITY
HIGHEST: 80 ON 10,25 GRTST 24HR 1.12 ON 18-18 TO 1/4 MILE OR LESS
LOWEST: 28 ON 20 3 = THUNDER
SNOW, ICE PELLETS, HAIL 4 = ICE PELLETS
TOTAL MONTH: 0.0 INCH 5 = HAIL
GRTST 24HR 0.0 6 = FREEZING RAIN OR DRIZZLE
GRTST DEPTH: 0 7 = DUSTSTORM OR SANDSTORM:
VSBY 1/2 MILE OR LESS
8 = SMOKE OR HAZE
[NO. OF DAYS WITH] [WEATHER - DAYS WITH] 9 = BLOWING SNOW
X = TORNADO
MAX 32 OR BELOW: 0 0.01 INCH OR MORE: 12
MAX 90 OR ABOVE: 0 0.10 INCH OR MORE: 5
MIN 32 OR BELOW: 3 0.50 INCH OR MORE: 2
MIN 0 OR BELOW: 0 1.00 INCH OR MORE: 1
[HDD (BASE 65) ]
TOTAL THIS MO. 267 CLEAR (SCALE 0-3) 10
DPTR FM NORMAL -355 PTCLDY (SCALE 4-7) 19
TOTAL FM JUL 1 692 CLOUDY (SCALE 8-10) 2
DPTR FM NORMAL -447
[CDD (BASE 65) ]
TOTAL THIS MO. 31
DPTR FM NORMAL 29 [PRESSURE DATA]
TOTAL FM JAN 1 2478 HIGHEST SLP 30.40 ON 19
DPTR FM NORMAL 327 LOWEST SLP 29.61 ON 28
[REMARKS]
#FINAL-12-21#