000
CXUS51 KBTV 010700
CF6PBG
PRELIMINARY LOCAL CLIMATOLOGICAL DATA (WS FORM: F-6)
STATION: PLATTSBURGH NY
MONTH: JULY
YEAR: 2022
LATITUDE: 44 39 N
LONGITUDE: 73 28 W
TEMPERATURE IN F: :PCPN: SNOW: WIND :SUNSHINE: SKY :PK WND
================================================================================
1 2 3 4 5 6A 6B 7 8 9 10 11 12 13 14 15 16 17 18
12Z AVG MX 2MIN
DY MAX MIN AVG DEP HDD CDD WTR SNW DPTH SPD SPD DIR MIN PSBL S-S WX SPD DR
================================================================================
1 86 58 72 4 0 7 0.00 M M 2.4 15 340 M M 1 19 330
2 84 62 73 4 0 8 0.06 M M 4.5 14 330 M M 2 3 22 270
3 79 56 68 -1 0 3 0.00 M M 5.4 16 320 M M 1 22 320
4 76 58 67 -2 0 2 0.00 M M 4.3 10 110 M M 4 14 50
5 72 54 63 -6 2 0 0.26 M M 3.8 16 150 M M 7 1 20 130
6 76 57 67 -2 0 2 T M M 8.1 21 350 M M 7 1 25 360
7 78 51 65 -4 0 0 0.00 M M 4.1 13 140 M M 2 1 15 140
8 83 56 70 0 0 5 0.00 M M 6.2 17 320 M M 3 22 350
9 72 50 61 -9 4 0 0.00 M M 7.2 18 350 M M 0 24 350
10 78 46 62 -8 3 0 0.00 M M 6.1 17 130 M M 1 22 130
11 86 55 71 1 0 6 0.00 M M 5.0 26 220 M M 1 28 210
12 88 63 76 6 0 11 0.35 M M 4.7 15 290 M M 6 1 26 290
13 83 59 71 1 0 6 T M M 3.0 14 350 M M 6 18 360
14 74 55 65 -5 0 0 0.38 M M 4.4 20 350 M M 6 1 24 350
15 79 50 65 -5 0 0 0.00 M M 2.7 9 100 M M 1 13 50
16 83 55 69 -1 0 4 0.00 M M 4.7 15 130 M M 1 20 130
17 86 56 71 1 0 6 0.00 0.0 0 4.0 13 140 M M 1 15 140
18 76 60 68 -2 0 3 0.54 M M 3.3 13 150 M M 5 1 16 170
19 89 65 77 7 0 12 0.01 M M 4.9 18 330 M M 2 1 24 330
20 88 67 78 8 0 13 T M M 3.7 16 150 M M 3 13 20 150
21 91 73 82 12 0 17 0.18 M M 6.3 15 240 M M 3 13 26 250
22 90 64 77 7 0 12 0.00 M M 4.7 15 300 M M 0 23 280
23 93 61 77 7 0 12 T M M 3.9 15 140 M M 1 19 140
24 89 69 79 9 0 14 0.00 M M 5.4 15 150 M M 1 20 190
25 84 62 73 3 0 8 0.58 M M 6.9 18 300 M M 5 13 31 300
26 79 62 71 1 0 6 0.00 M M 4.0 14 130 M M 5 17 120
27 79 56 68 -2 0 3 0.00 M M 3.9 15 150 M M 2 18 140
28 83 57 70 0 0 5 0.91 M M 4.3 16 210 M M 2 12 28 200
29 82 63 73 3 0 8 0.00 M M 3.3 13 230 M M 4 1 19 240
30 76 62 69 -1 0 4 0.00 M M 3.9 16 310 M M 5 24 310
31 84 62 73 3 0 8 0.00 M M 3.6 12 220 M M 2 18 190
================================================================================
SM 2546 1824 9 185 3.27 0.0 142.7 M 90
================================================================================
AV 82.1 58.8 4.6 FASTST M M 3 MAX(MPH)
MISC ----> 26 220 31 300
================================================================================
NOTES:
# LAST OF SEVERAL OCCURRENCES
COLUMN 17 PEAK WIND IN M.P.H.
PRELIMINARY LOCAL CLIMATOLOGICAL DATA (WS FORM: F-6) , PAGE 2
STATION: PLATTSBURGH NY
MONTH: JULY
YEAR: 2022
LATITUDE: 44 39 N
LONGITUDE: 73 28 W
[TEMPERATURE DATA] [PRECIPITATION DATA] SYMBOLS USED IN COLUMN 16
AVERAGE MONTHLY: 70.5 TOTAL FOR MONTH: 3.27 1 = FOG OR MIST
DPTR FM NORMAL: 0.6 DPTR FM NORMAL: -0.34 2 = FOG REDUCING VISIBILITY
HIGHEST: 93 ON 23 GRTST 24HR 0.91 ON 28-28 TO 1/4 MILE OR LESS
LOWEST: 46 ON 10 3 = THUNDER
SNOW, ICE PELLETS, HAIL 4 = ICE PELLETS
TOTAL MONTH: 0.0 INCH 5 = HAIL
GRTST 24HR 0.0 6 = FREEZING RAIN OR DRIZZLE
GRTST DEPTH: 0 7 = DUSTSTORM OR SANDSTORM:
VSBY 1/2 MILE OR LESS
8 = SMOKE OR HAZE
[NO. OF DAYS WITH] [WEATHER - DAYS WITH] 9 = BLOWING SNOW
X = TORNADO
MAX 32 OR BELOW: 0 0.01 INCH OR MORE: 9
MAX 90 OR ABOVE: 3 0.10 INCH OR MORE: 7
MIN 32 OR BELOW: 0 0.50 INCH OR MORE: 3
MIN 0 OR BELOW: 0 1.00 INCH OR MORE: 0
[HDD (BASE 65) ]
TOTAL THIS MO. 9 CLEAR (SCALE 0-3) 19
DPTR FM NORMAL -3 PTCLDY (SCALE 4-7) 12
TOTAL FM JUL 1 9 CLOUDY (SCALE 8-10) 0
DPTR FM NORMAL 3
[CDD (BASE 65) ]
TOTAL THIS MO. 185
DPTR FM NORMAL 21 [PRESSURE DATA]
TOTAL FM JAN 1 255 HIGHEST SLP M ON M
DPTR FM NORMAL 11 LOWEST SLP 29.47 ON 21
[REMARKS]
#FINAL-07-22#