000
CXUS52 KMFL 011030
CF6PBI
PRELIMINARY LOCAL CLIMATOLOGICAL DATA (WS FORM: F-6)
STATION: WEST PALM BEACH
MONTH: JULY
YEAR: 2022
LATITUDE: 26 40 N
LONGITUDE: 80 7 W
TEMPERATURE IN F: :PCPN: SNOW: WIND :SUNSHINE: SKY :PK WND
================================================================================
1 2 3 4 5 6A 6B 7 8 9 10 11 12 13 14 15 16 17 18
12Z AVG MX 2MIN
DY MAX MIN AVG DEP HDD CDD WTR SNW DPTH SPD SPD DIR MIN PSBL S-S WX SPD DR
================================================================================
1 89 81 85 3 0 20 0.00 0.0 0 12.4 20 120 M M 6 3 31 130
2 89 77 83 0 0 18 0.20 0.0 0 10.2 21 110 M M 6 38 25 160
3 90 81 86 3 0 21 0.00 0.0 0 10.4 16 110 M M 5 21 140
4 91 79 85 2 0 20 0.01 0.0 0 9.0 18 100 M M 5 24 150
5 90 81 86 3 0 21 0.03 0.0 0 10.8 18 100 M M 6 23 80
6 91 78 85 2 0 20 0.05 0.0 0 8.7 18 130 M M 6 38 26 130
7 91 78 85 2 0 20 0.02 0.0 0 8.9 18 130 M M 5 24 120
8 91 81 86 3 0 21 0.00 0.0 0 11.3 20 120 M M 5 26 130
9 93 81 87 4 0 22 0.01 0.0 0 10.1 21 150 M M 4 29 130
10 95 79 87 4 0 22 T 0.0 0 7.7 21 150 M M 3 3 27 160
11 95 77 86 3 0 21 0.23 0.0 M 7.6 21 130 M M 4 38 24 140
12 93 77 85 2 0 20 0.00 0.0 0 6.8 18 150 M M 5 3 22 150
13 94 78 86 3 0 21 0.00 0.0 0 6.2 18 110 M M 5 3 24 120
14 93 76 85 2 0 20 0.00 0.0 0 7.7 21 130 M M 4 26 140
15 90 78 84 1 0 19 0.03 0.0 0 11.0 25 90 M M 5 13 31 100
16 92 75 84 1 0 19 0.18 0.0 0 8.9 22 90 M M 7 13 25 90
17 92 77 85 2 0 20 0.10 M M 7.8 23 230 M M 7 13 27 240
18 93 78 86 3 0 21 0.00 0.0 0 7.3 17 150 M M 4 25 150
19 92 77 85 2 0 20 0.00 0.0 0 8.3 15 140 M M 4 21 160
20 92 79 86 3 0 21 T 0.0 0 8.4 15 100 M M 3 21 110
21 92 81 87 4 0 22 0.08 0.0 0 10.8 18 140 M M 4 1 25 120
22 92 79 86 3 0 21 0.06 0.0 0 9.6 22 120 M M 6 13 26 120
23 92 78 85 2 0 20 0.01 0.0 0 10.3 20 110 M M 5 3 25 130
24 93 83 88 5 0 23 0.00 0.0 0 11.8 20 100 M M 5 25 120
25 92 83 88 5 0 23 T 0.0 0 13.2 18 100 M M 4 23 110
26 92 76 84 1 0 19 0.57 0.0 0 10.6 26 170 M M 6 13 34 100
27 92 74 83 0 0 18 0.42 0.0 0 9.3 24 150 M M 5 138 30 130
28 91 80 86 3 0 21 0.00 0.0 0 9.8 18 130 M M 3 22 110
29 91 82 87 4 0 22 0.00 0.0 0 11.5 18 100 M M 4 24 110
30 92 82 87 4 0 22 0.00 0.0 0 12.5 17 110 M M 5 27 100
31 91 81 86 2 0 21 T 0.0 0 11.3 17 90 M M 5 22 120
================================================================================
SM 2846 2447 0 639 2.00 0.0 300.2 M 151
================================================================================
AV 91.8 78.9 9.7 FASTST M M 5 MAX(MPH)
MISC ----> 26 170 34 100
================================================================================
NOTES:
# LAST OF SEVERAL OCCURRENCES
COLUMN 17 PEAK WIND IN M.P.H.
PRELIMINARY LOCAL CLIMATOLOGICAL DATA (WS FORM: F-6) , PAGE 2
STATION: WEST PALM BEACH
MONTH: JULY
YEAR: 2022
LATITUDE: 26 40 N
LONGITUDE: 80 7 W
[TEMPERATURE DATA] [PRECIPITATION DATA] SYMBOLS USED IN COLUMN 16
AVERAGE MONTHLY: 85.4 TOTAL FOR MONTH: 2.00 1 = FOG OR MIST
DPTR FM NORMAL: 2.3 DPTR FM NORMAL: -3.63 2 = FOG REDUCING VISIBILITY
HIGHEST: 95 ON 11,10 GRTST 24HR 0.99 ON 26-27 TO 1/4 MILE OR LESS
LOWEST: 74 ON 27 3 = THUNDER
SNOW, ICE PELLETS, HAIL 4 = ICE PELLETS
TOTAL MONTH: 0.0 INCH 5 = HAIL
GRTST 24HR 0.0 6 = FREEZING RAIN OR DRIZZLE
GRTST DEPTH: 0 7 = DUSTSTORM OR SANDSTORM:
VSBY 1/2 MILE OR LESS
8 = SMOKE OR HAZE
[NO. OF DAYS WITH] [WEATHER - DAYS WITH] 9 = BLOWING SNOW
X = TORNADO
MAX 32 OR BELOW: 0 0.01 INCH OR MORE: 15
MAX 90 OR ABOVE: 29 0.10 INCH OR MORE: 6
MIN 32 OR BELOW: 0 0.50 INCH OR MORE: 1
MIN 0 OR BELOW: 0 1.00 INCH OR MORE: 0
[HDD (BASE 65) ]
TOTAL THIS MO. 0 CLEAR (SCALE 0-3) 2
DPTR FM NORMAL 0 PTCLDY (SCALE 4-7) 29
TOTAL FM JUL 1 0 CLOUDY (SCALE 8-10) 0
DPTR FM NORMAL 0
[CDD (BASE 65) ]
TOTAL THIS MO. 639
DPTR FM NORMAL 79 [PRESSURE DATA]
TOTAL FM JAN 1 2682 HIGHEST SLP 30.22 ON 31
DPTR FM NORMAL 435 LOWEST SLP 29.93 ON 11
[REMARKS]
#FINAL-07-22#