000
CXUS56 KPDT 011810
CF6PDT
PRELIMINARY LOCAL CLIMATOLOGICAL DATA (WS FORM: F-6)
STATION: PENDLETON OR
MONTH: APRIL
YEAR: 2023
LATITUDE: 45 40 N
LONGITUDE: 118 51 W
TEMPERATURE IN F: :PCPN: SNOW: WIND :SUNSHINE: SKY :PK WND
================================================================================
1 2 3 4 5 6A 6B 7 8 9 10 11 12 13 14 15 16 17 18
12Z AVG MX 2MIN
DY MAX MIN AVG DEP HDD CDD WTR SNW DPTH SPD SPD DIR MIN PSBL S-S WX SPD DR
================================================================================
1 51 34 43 -4 22 0 0.09 0.0 0 16.1 33 270 M M 7 44 260
2 47 32 40 -8 25 0 0.03 0.0 0 8.2 21 270 M M 7 3 30 270
3 45 32 39 -9 26 0 0.16 0.6 0 12.7 26 250 M M 9 12 35 260
4 51 31 41 -7 24 0 T 0.0 0 11.5 23 250 M M 4 29 260
5 56 28 42 -6 23 0 0.00 0.0 0 6.4 14 220 M M 0 18 190
6 64 40 52 4 13 0 T 0.0 0 10.3 22 140 M M 9 28 150
7 57 45 51 3 14 0 0.36 0.0 0 5.8 17 250 M M 10 21 210
8 61 35 48 0 17 0 0.00 0.0 0 4.9 15 310 M M 4 18 310
9 65 39 52 3 13 0 0.07 0.0 0 5.7 16 310 M M 8 20 320
10 60 45 53 4 12 0 0.04 0.0 0 9.3 29 270 M M 6 38 270
11 55 40 48 -1 17 0 0.17 0.0 0 12.4 30 260 M M 7 39 260
12 44 36 40 -9 25 0 0.09 T 0 7.5 18 230 M M 9 1 22 230
13 54 35 45 -4 20 0 0.00 0.0 0 8.0 18 270 M M 3 28 240
14 57 36 47 -3 18 0 0.00 0.0 0 6.8 15 280 M M 4 19 280
15 67 34 51 1 14 0 0.00 0.0 0 7.5 17 30 M M 3 21 30
16 60 39 50 0 15 0 0.03 0.0 0 9.3 26 270 M M 5 33 280
17 59 36 48 -2 17 0 0.24 0.0 0 6.7 33 260 M M 7 3 41 250
18 54 35 45 -5 20 0 T 0.0 0 9.6 23 250 M M 3 33 240
19 52 29 41 -10 24 0 T 0.0 0 8.9 29 300 M M 4 40 210
20 54 31 43 -8 22 0 0.16 0.0 0 7.6 16 310 M M 4 21 200
21 52 43 48 -3 17 0 T 0.0 0 11.4 23 280 M M 5 29 270
22 65 42 54 3 11 0 0.00 0.0 0 5.5 12 70 M M 6 18 210
23 63 48 56 4 9 0 0.27 0.0 0 9.3 22 270 M M 9 13 28 250
24 60 45 53 1 12 0 T 0.0 0 11.2 28 270 M M 8 37 270
25 66 37 52 0 13 0 0.00 0.0 0 5.6 13 150 M M 0 17 200
26 75 42 59 7 6 0 0.00 0.0 0 7.1 20 270 M M 0 28 260
27 74 46 60 7 5 0 0.00 0.0 0 6.8 16 50 M M 0 21 20
28 82 40 61 8 4 0 0.00 0.0 0 7.2 17 60 M M 0 8 20 50
29 84 50 67 14 0 2 0.00 0.0 0 5.8 12 140 M M 0 13 150
30 76 52 64 10 1 0 0.00 0.0 0 13.4 31 270 M M 0 40 270
================================================================================
SM 1810 1157 459 2 1.71 0.6 258.5 M 141
================================================================================
AV 60.3 38.6 8.6 FASTST M M 5 MAX(MPH)
MISC ----> # 33 270 44 260
================================================================================
NOTES:
# LAST OF SEVERAL OCCURRENCES
COLUMN 17 PEAK WIND IN M.P.H.
PRELIMINARY LOCAL CLIMATOLOGICAL DATA (WS FORM: F-6) , PAGE 2
STATION: PENDLETON OR
MONTH: APRIL
YEAR: 2023
LATITUDE: 45 40 N
LONGITUDE: 118 51 W
[TEMPERATURE DATA] [PRECIPITATION DATA] SYMBOLS USED IN COLUMN 16
AVERAGE MONTHLY: 49.4 TOTAL FOR MONTH: 1.71 1 = FOG OR MIST
DPTR FM NORMAL: -0.7 DPTR FM NORMAL: 0.50 2 = FOG REDUCING VISIBILITY
HIGHEST: 84 ON 29 GRTST 24HR 0.36 ON 7- 7 TO 1/4 MILE OR LESS
LOWEST: 28 ON 5 3 = THUNDER
SNOW, ICE PELLETS, HAIL 4 = ICE PELLETS
TOTAL MONTH: 0.6 INCH 5 = HAIL
GRTST 24HR 0.6 ON 3- 3 6 = FREEZING RAIN OR DRIZZLE
GRTST DEPTH: 0 7 = DUSTSTORM OR SANDSTORM:
VSBY 1/2 MILE OR LESS
8 = SMOKE OR HAZE
[NO. OF DAYS WITH] [WEATHER - DAYS WITH] 9 = BLOWING SNOW
X = TORNADO
MAX 32 OR BELOW: 0 0.01 INCH OR MORE: 12
MAX 90 OR ABOVE: 0 0.10 INCH OR MORE: 6
MIN 32 OR BELOW: 6 0.50 INCH OR MORE: 0
MIN 0 OR BELOW: 0 1.00 INCH OR MORE: 0
[HDD (BASE 65) ]
TOTAL THIS MO. 459 CLEAR (SCALE 0-3) 9
DPTR FM NORMAL 10 PTCLDY (SCALE 4-7) 16
TOTAL FM JUL 1 4876 CLOUDY (SCALE 8-10) 5
DPTR FM NORMAL -142
[CDD (BASE 65) ]
TOTAL THIS MO. 2
DPTR FM NORMAL 1 [PRESSURE DATA]
TOTAL FM JAN 1 2 HIGHEST SLP 30.40 ON 20
DPTR FM NORMAL 1 LOWEST SLP 29.61 ON 17
[REMARKS]
#FINAL-04-23#