000
CXUS56 KPDT 011810
CF6PDT
PRELIMINARY LOCAL CLIMATOLOGICAL DATA (WS FORM: F-6)
STATION: PENDLETON OR
MONTH: SEPTEMBER
YEAR: 2021
LATITUDE: 45 40 N
LONGITUDE: 118 51 W
TEMPERATURE IN F: :PCPN: SNOW: WIND :SUNSHINE: SKY :PK WND
================================================================================
1 2 3 4 5 6A 6B 7 8 9 10 11 12 13 14 15 16 17 18
12Z AVG MX 2MIN
DY MAX MIN AVG DEP HDD CDD WTR SNW DPTH SPD SPD DIR MIN PSBL S-S WX SPD DR
================================================================================
1 73 40 57 -11 8 0 0.00 0.0 0 6.8 14 350 M M 0 19 20
2 77 46 62 -6 3 0 0.00 0.0 0 7.5 15 360 M M 0 22 30
3 84 48 66 -1 0 1 0.00 0.0 0 6.6 14 300 M M 0 18 350
4 86 51 69 2 0 4 0.00 0.0 0 6.2 13 160 M M 1 8 15 290
5 90 59 75 8 0 10 0.00 0.0 0 8.3 17 250 M M 0 8 24 260
6 87 59 73 7 0 8 0.00 0.0 0 7.3 16 290 M M 0 22 260
7 90 56 73 7 0 8 0.00 0.0 0 5.9 17 280 M M 0 23 270
8 90 57 74 8 0 9 0.00 0.0 0 7.3 17 290 M M 0 8 22 300
9 86 56 71 5 0 6 T 0.0 0 6.8 18 40 M M 1 8 22 40
10 72 59 66 1 0 1 0.09 0.0 0 9.4 20 250 M M 6 18 25 250
11 75 51 63 -2 2 0 0.00 0.0 0 6.9 16 260 M M 3 23 300
12 80 50 65 0 0 0 0.00 0.0 0 9.6 26 260 M M 0 35 270
13 73 50 62 -2 3 0 0.00 0.0 0 8.3 18 270 M M 0 30 250
14 82 44 63 -1 2 0 0.00 0.0 0 6.6 21 250 M M 0 27 250
15 78 49 64 0 1 0 0.00 0.0 0 14.8 30 270 M M 0 42 270
16 69 38 54 -10 11 0 0.00 0.0 0 4.7 14 20 M M 0 19 10
17 76 39 58 -5 7 0 0.00 0.0 0 4.9 12 310 M M 1 14 310
18 68 52 60 -3 5 0 0.21 0.0 0 10.4 40 270 M M 7 138 52 270
19 68 48 58 -5 7 0 T 0.0 0 14.3 33 250 M M 5 41 260
20 70 45 58 -4 7 0 0.00 0.0 0 6.2 16 260 M M 1 21 260
21 83 42 63 1 2 0 0.00 0.0 M 7.6 18 50 M M 0 8 23 50
22 78 46 62 0 3 0 0.00 0.0 0 10.1 29 280 M M 1 8 38 280
23 77 47 62 1 3 0 0.00 0.0 0 5.6 13 70 M M 0 14 290
24 83 43 63 2 2 0 0.00 0.0 0 5.1 15 50 M M 0 20 40
25 87 50 69 9 0 4 0.00 0.0 0 7.2 16 260 M M 0 27 270
26 82 51 67 7 0 2 0.00 0.0 0 6.6 16 300 M M 0 20 310
27 78 51 65 5 0 0 0.32 0.0 M 9.3 29 290 M M 9 1 36 260
28 65 48 57 -2 8 0 0.00 0.0 0 12.8 26 270 M M 6 34 260
29 67 44 56 -3 9 0 0.00 0.0 M 6.3 13 130 M M 1 15 300
30 80 46 63 5 2 0 0.01 0.0 M 7.0 22 290 M M 3 29 280
================================================================================
SM 2354 1465 85 53 0.63 0.0 236.4 M 45
================================================================================
AV 78.5 48.8 7.9 FASTST M M 2 MAX(MPH)
MISC ----> 40 270 52 270
================================================================================
NOTES:
# LAST OF SEVERAL OCCURRENCES
COLUMN 17 PEAK WIND IN M.P.H.
PRELIMINARY LOCAL CLIMATOLOGICAL DATA (WS FORM: F-6) , PAGE 2
STATION: PENDLETON OR
MONTH: SEPTEMBER
YEAR: 2021
LATITUDE: 45 40 N
LONGITUDE: 118 51 W
[TEMPERATURE DATA] [PRECIPITATION DATA] SYMBOLS USED IN COLUMN 16
AVERAGE MONTHLY: 63.7 TOTAL FOR MONTH: 0.63 1 = FOG OR MIST
DPTR FM NORMAL: 0.2 DPTR FM NORMAL: 0.10 2 = FOG REDUCING VISIBILITY
HIGHEST: 90 ON 7, 8 GRTST 24HR 0.32 ON 27-27 TO 1/4 MILE OR LESS
LOWEST: 38 ON 16 3 = THUNDER
SNOW, ICE PELLETS, HAIL 4 = ICE PELLETS
TOTAL MONTH: 0.0 INCH 5 = HAIL
GRTST 24HR 0.0 6 = FREEZING RAIN OR DRIZZLE
GRTST DEPTH: 0 7 = DUSTSTORM OR SANDSTORM:
VSBY 1/2 MILE OR LESS
8 = SMOKE OR HAZE
[NO. OF DAYS WITH] [WEATHER - DAYS WITH] 9 = BLOWING SNOW
X = TORNADO
MAX 32 OR BELOW: 0 0.01 INCH OR MORE: 4
MAX 90 OR ABOVE: 3 0.10 INCH OR MORE: 2
MIN 32 OR BELOW: 0 0.50 INCH OR MORE: 0
MIN 0 OR BELOW: 0 1.00 INCH OR MORE: 0
[HDD (BASE 65) ]
TOTAL THIS MO. 85 CLEAR (SCALE 0-3) 25
DPTR FM NORMAL -22 PTCLDY (SCALE 4-7) 4
TOTAL FM JUL 1 98 CLOUDY (SCALE 8-10) 1
DPTR FM NORMAL -29
[CDD (BASE 65) ]
TOTAL THIS MO. 53
DPTR FM NORMAL -9 [PRESSURE DATA]
TOTAL FM JAN 1 1003 HIGHEST SLP 30.35 ON 20
DPTR FM NORMAL 369 LOWEST SLP 29.59 ON 18
[REMARKS]
#FINAL-09-21#