000
CXUS56 KPQR 011155
CF6PDX
PRELIMINARY LOCAL CLIMATOLOGICAL DATA (WS FORM: F-6)
STATION: PORTLAND OR
MONTH: OCTOBER
YEAR: 2022
LATITUDE: 45 35 N
LONGITUDE: 122 36 W
TEMPERATURE IN F: :PCPN: SNOW: WIND :SUNSHINE: SKY :PK WND
================================================================================
1 2 3 4 5 6A 6B 7 8 9 10 11 12 13 14 15 16 17 18
12Z AVG MX 2MIN
DY MAX MIN AVG DEP HDD CDD WTR SNW DPTH SPD SPD DIR MIN PSBL S-S WX SPD DR
================================================================================
1 86 54 70 9 0 5 0.00 0.0 0 7.7 23 80 M M 1 30 90
2 88 56 72 12 0 7 0.00 0.0 0 5.5 12 290 M M 0 14 270
3 82 55 69 9 0 4 0.00 0.0 0 2.6 8 300 M M 3 128 10 300
4 68 56 62 2 3 0 0.00 0.0 0 3.3 9 310 M M 6 1 12 300
5 72 58 65 6 0 0 T 0.0 0 3.5 9 290 M M 6 1 11 280
6 81 56 69 10 0 4 0.00 0.0 0 3.7 10 290 M M 5 18 12 280
7 82 53 68 9 0 3 0.00 0.0 0 2.5 7 270 M M 3 128 9 270
8 87 52 70 12 0 5 0.00 0.0 0 3.3 10 320 M M 2 128 15 320
9 85 54 70 12 0 5 0.00 0.0 0 2.4 10 280 M M 1 1 12 280
10 77 51 64 6 1 0 0.00 0.0 0 3.9 14 300 M M 4 18 18 320
11 73 50 62 5 3 0 0.00 0.0 0 4.5 13 300 M M 3 17 320
12 80 49 65 8 0 0 0.00 0.0 0 2.8 8 290 M M 1 11 290
13 84 50 67 11 0 2 0.00 0.0 0 3.2 12 270 M M 1 18 13 290
14 82 49 66 10 0 1 0.00 0.0 0 2.7 13 320 M M 1 18 17 320
15 87 50 69 13 0 4 0.00 0.0 0 8.2 25 90 M M 0 32 80
16 86 54 70 15 0 5 0.00 0.0 0 4.6 16 120 M M 1 21 130
17 71 50 61 6 4 0 0.00 0.0 0 1.4 7 300 M M 3 12 10 330
18 72 51 62 7 3 0 0.00 0.0 0 2.2 9 290 M M 5 128 10 270
19 75 49 62 8 3 0 0.00 0.0 0 3.0 8 310 M M 3 128 10 320
20 70 48 59 5 6 0 0.00 0.0 0 2.5 10 320 M M 4 18 13 310
21 56 47 52 -2 13 0 0.45 0.0 0 4.9 20 330 M M 7 1 25 330
22 61 48 55 2 10 0 0.13 0.0 0 5.5 15 300 M M 6 1 19 310
23 61 48 55 2 10 0 0.00 0.0 0 4.7 9 120 M M 7 14 110
24 57 48 53 0 12 0 0.15 0.0 0 5.4 21 200 M M 9 1 27 200
25 57 46 52 0 13 0 0.37 0.0 0 6.3 20 200 M M 8 1 24 240
26 57 47 52 0 13 0 0.39 0.0 0 3.8 13 350 M M 9 1 21 320
27 62 44 53 1 12 0 0.00 0.0 0 4.6 12 110 M M 7 1 15 110
28 55 50 53 1 12 0 0.61 0.0 0 4.3 15 120 M M 10 1 19 120
29 58 53 56 5 9 0 0.07 0.0 0 2.0 8 310 M M 10 18 10 320
30 59 53 56 5 9 0 T 0.0 0 7.0 21 210 M M 10 1 24 200
31 59 48 54 3 11 0 1.01 0.0 0 6.5 18 200 M M 10 1 24 200
================================================================================
SM 2230 1577 147 45 3.18 0.0 128.5 M 146
================================================================================
AV 71.9 50.9 4.1 FASTST M M 5 MAX(MPH)
MISC ----> 25 90 32 80
================================================================================
NOTES:
# LAST OF SEVERAL OCCURRENCES
COLUMN 17 PEAK WIND IN M.P.H.
PRELIMINARY LOCAL CLIMATOLOGICAL DATA (WS FORM: F-6) , PAGE 2
STATION: PORTLAND OR
MONTH: OCTOBER
YEAR: 2022
LATITUDE: 45 35 N
LONGITUDE: 122 36 W
[TEMPERATURE DATA] [PRECIPITATION DATA] SYMBOLS USED IN COLUMN 16
AVERAGE MONTHLY: 61.4 TOTAL FOR MONTH: 3.18 1 = FOG OR MIST
DPTR FM NORMAL: 5.8 DPTR FM NORMAL: -0.24 2 = FOG REDUCING VISIBILITY
HIGHEST: 88 ON 2 GRTST 24HR 1.01 ON 31-31 TO 1/4 MILE OR LESS
LOWEST: 44 ON 27 3 = THUNDER
SNOW, ICE PELLETS, HAIL 4 = ICE PELLETS
TOTAL MONTH: 0.0 INCH 5 = HAIL
GRTST 24HR 0.0 6 = FREEZING RAIN OR DRIZZLE
GRTST DEPTH: 0 7 = DUSTSTORM OR SANDSTORM:
VSBY 1/2 MILE OR LESS
8 = SMOKE OR HAZE
[NO. OF DAYS WITH] [WEATHER - DAYS WITH] 9 = BLOWING SNOW
X = TORNADO
MAX 32 OR BELOW: 0 0.01 INCH OR MORE: 8
MAX 90 OR ABOVE: 0 0.10 INCH OR MORE: 7
MIN 32 OR BELOW: 0 0.50 INCH OR MORE: 2
MIN 0 OR BELOW: 0 1.00 INCH OR MORE: 1
[HDD (BASE 65) ]
TOTAL THIS MO. 147 CLEAR (SCALE 0-3) 13
DPTR FM NORMAL -149 PTCLDY (SCALE 4-7) 12
TOTAL FM JUL 1 153 CLOUDY (SCALE 8-10) 6
DPTR FM NORMAL -222
[CDD (BASE 65) ]
TOTAL THIS MO. 45
DPTR FM NORMAL 41 [PRESSURE DATA]
TOTAL FM JAN 1 865 HIGHEST SLP 30.33 ON 29
DPTR FM NORMAL 357 LOWEST SLP 29.54 ON 21
[REMARKS]
#FINAL-10-22#