000
CXUS56 KPQR 011716
CF6PDX
PRELIMINARY LOCAL CLIMATOLOGICAL DATA (WS FORM: F-6)
STATION: PORTLAND OR
MONTH: OCTOBER
YEAR: 2023
LATITUDE: 45 35 N
LONGITUDE: 122 36 W
TEMPERATURE IN F: :PCPN: SNOW: WIND :SUNSHINE: SKY :PK WND
================================================================================
1 2 3 4 5 6A 6B 7 8 9 10 11 12 13 14 15 16 17 18
12Z AVG MX 2MIN
DY MAX MIN AVG DEP HDD CDD WTR SNW DPTH SPD SPD DIR MIN PSBL S-S WX SPD DR
================================================================================
1 71 44 58 -3 7 0 0.00 0.0 0 3.0 13 300 M M 2 16 310
2 61 52 57 -3 8 0 0.31 0.0 0 5.4 15 210 M M 9 1 18 220
3 71 56 64 4 1 0 0.02 0.0 0 4.4 10 310 M M 7 1 14 320
4 69 54 62 2 3 0 T 0.0 0 2.7 8 80 M M 6 1 10 100
5 81 51 66 7 0 1 0.00 0.0 0 4.6 12 290 M M 3 12 13 290
6 86 56 71 12 0 6 0.00 0.0 0 8.0 22 90 M M 0 27 90
7 85 54 70 11 0 5 0.00 0.0 0 4.9 12 130 M M 0 13 130
8 81 57 69 11 0 4 0.00 0.0 0 3.8 12 100 M M 4 128 12 100
9 65 58 62 4 3 0 0.04 0.0 0 6.3 15 210 M M 9 18 210
10 65 56 61 3 4 0 0.17 0.0 0 11.2 21 210 M M 9 18 28 190
11 65 55 60 3 5 0 0.21 0.0 0 10.9 20 190 M M 9 28 200
12 72 50 61 4 4 0 0.00 0.0 0 7.7 22 110 M M 4 1 27 90
13 69 57 63 7 2 0 0.08 0.0 0 10.5 23 110 M M 7 29 110
14 65 55 60 4 5 0 0.04 0.0 0 5.1 13 110 M M 9 1 15 120
15 67 54 61 5 4 0 T 0.0 0 3.2 9 300 M M 9 1 11 300
16 68 53 61 6 4 0 0.79 0.0 0 6.1 15 300 M M 8 1 21 170
17 66 49 58 3 7 0 0.00 0.0 0 2.7 9 280 M M 6 12 11 270
18 73 48 61 6 4 0 0.00 0.0 0 2.0 7 280 M M 5 12 8 270
19 73 48 61 7 4 0 0.00 0.0 0 1.8 8 290 M M 5 128 9 300
20 70 54 62 8 3 0 0.00 0.0 0 3.8 14 300 M M 7 1 16 310
21 61 57 59 5 6 0 0.03 0.0 0 2.3 8 70 M M 10 18 10 70
22 65 52 59 6 6 0 0.00 0.0 0 4.0 10 310 M M 8 1 14 320
23 62 52 57 4 8 0 0.00 0.0 0 5.5 16 310 M M 9 20 320
24 53 47 50 -3 15 0 0.44 0.0 0 6.3 16 170 M M 10 1 24 160
25 51 44 48 -4 17 0 0.36 0.0 0 6.9 17 200 M M 9 13 22 200
26 51 42 47 -5 18 0 0.00 0.0 0 2.8 10 320 M M 8 12 300
27 56 39 48 -4 17 0 0.00 0.0 0 5.5 15 70 M M 5 20 70
28 56 30 43 -9 22 0 0.00 0.0 0 8.2 22 70 M M 0 29 80
29 59 34 47 -4 18 0 0.00 0.0 0 7.7 22 100 M M 1 26 90
30 61 32 47 -4 18 0 0.00 0.0 0 7.8 22 100 M M 0 1 26 100
31 59 36 48 -3 17 0 0.00 0.0 0 5.9 15 130 M M 6 18 130
================================================================================
SM 2057 1526 230 16 2.49 0.0 171.0 M 184
================================================================================
AV 66.4 49.2 5.5 FASTST M M 6 MAX(MPH)
MISC ----> 23 110 # 29 110
================================================================================
NOTES:
# LAST OF SEVERAL OCCURRENCES
COLUMN 17 PEAK WIND IN M.P.H.
PRELIMINARY LOCAL CLIMATOLOGICAL DATA (WS FORM: F-6) , PAGE 2
STATION: PORTLAND OR
MONTH: OCTOBER
YEAR: 2023
LATITUDE: 45 35 N
LONGITUDE: 122 36 W
[TEMPERATURE DATA] [PRECIPITATION DATA] SYMBOLS USED IN COLUMN 16
AVERAGE MONTHLY: 57.8 TOTAL FOR MONTH: 2.49 1 = FOG OR MIST
DPTR FM NORMAL: 2.2 DPTR FM NORMAL: -0.93 2 = FOG REDUCING VISIBILITY
HIGHEST: 86 ON 6 GRTST 24HR 0.79 ON 16-16 TO 1/4 MILE OR LESS
LOWEST: 30 ON 28 3 = THUNDER
SNOW, ICE PELLETS, HAIL 4 = ICE PELLETS
TOTAL MONTH: 0.0 INCH 5 = HAIL
GRTST 24HR 0.0 6 = FREEZING RAIN OR DRIZZLE
GRTST DEPTH: 0 7 = DUSTSTORM OR SANDSTORM:
VSBY 1/2 MILE OR LESS
8 = SMOKE OR HAZE
[NO. OF DAYS WITH] [WEATHER - DAYS WITH] 9 = BLOWING SNOW
X = TORNADO
MAX 32 OR BELOW: 0 0.01 INCH OR MORE: 11
MAX 90 OR ABOVE: 0 0.10 INCH OR MORE: 6
MIN 32 OR BELOW: 2 0.50 INCH OR MORE: 1
MIN 0 OR BELOW: 0 1.00 INCH OR MORE: 0
[HDD (BASE 65) ]
TOTAL THIS MO. 230 CLEAR (SCALE 0-3) 7
DPTR FM NORMAL -66 PTCLDY (SCALE 4-7) 13
TOTAL FM JUL 1 275 CLOUDY (SCALE 8-10) 11
DPTR FM NORMAL -100
[CDD (BASE 65) ]
TOTAL THIS MO. 16
DPTR FM NORMAL 12 [PRESSURE DATA]
TOTAL FM JAN 1 898 HIGHEST SLP 30.51 ON 28
DPTR FM NORMAL 390 LOWEST SLP 29.49 ON 10
[REMARKS]
#FINAL-10-23#