000
CXUS54 KMAF 011110
CF6PEQ
PRELIMINARY LOCAL CLIMATOLOGICAL DATA (WS FORM: F-6)
STATION: PECOS MUNICIPAL AIRPORT
MONTH: MARCH
YEAR: 2022
LATITUDE: 31 22 N
LONGITUDE: 103 31 W
TEMPERATURE IN F: :PCPN: SNOW: WIND :SUNSHINE: SKY :PK WND
================================================================================
1 2 3 4 5 6A 6B 7 8 9 10 11 12 13 14 15 16 17 18
12Z AVG MX 2MIN
DY MAX MIN AVG DEP HDD CDD WTR SNW DPTH SPD SPD DIR MIN PSBL S-S WX SPD DR
================================================================================
1 72 40 56 M 9 0 M M M 5.2 9 80 M M 0 17 0
2 74 38 56 M 9 0 M M M 5.2 9 50 M M 0 21 50
3 78 33 56 M 9 0 M M M 6.8 14 110 M M 0 17 80
4 86 41 64 M 1 0 M M M 5.9 13 150 M M 0 18 150
5 78 44 61 M 4 0 M M M 10.0 24 250 M M 0 35 250
6 82 33 58 M 7 0 M M M 11.4 36 280 M M 0 8 44 280
7 50 29 40 M 25 0 M M M 8.1 14 10 M M 0 17 100
8 58 31 45 M 20 0 M M M 6.1 12 60 M M 0 M M
9 71 28 50 M 15 0 M M M 4.2 12 130 M M 0 21 230
10 71 32 52 M 13 0 M M M 8.5 15 350 M M 0 25 10
11 49 25 37 M 28 0 M M M 12.1 21 40 M M 2 32 350
12 65 17 41 M 24 0 M M M 3.8 10 160 M M 0 16 190
13 77 22 50 M 15 0 M M M 4.1 13 240 M M 0 22 140
14 75 37 56 M 9 0 M M M 14.2 30 330 M M 0 8 38 320
15 76 31 54 M 11 0 M M M 3.6 9 90 M M 0 16 250
16 87 32 60 M 5 0 M M M 3.2 7 200 M M 0 M M
17 76 45 61 M 4 0 M M M 19.4 38 270 M M 1 8 51 270
18 62 32 47 M 18 0 M M M 4.4 13 330 M M 0 22 330
19 77 29 53 M 12 0 M M M 4.2 15 110 M M 0 M M
20 86 36 61 M 4 0 M M M 15.2 28 150 M M 0 36 150
21 67 47 57 M 8 0 M M M 21.1 37 250 M M 2 8 46 240
22 58 39 49 M 16 0 M M M 15.0 25 310 M M 5 33 310
23 63 33 48 M 17 0 M M M 10.4 31 310 M M 0 36 310
24 79 29 54 M 11 0 M M M 6.8 16 280 M M 0 26 280
25 85 35 60 M 5 0 M M M 3.1 9 90 M M 0 M M
26 89 39 64 M 1 0 M M M 3.8 8 120 M M 0 M M
27 93 41 67 M 0 2 M M M 5.4 10 100 M M 0 M M
28 93 47 70 M 0 5 M M M 4.3 12 260 M M 0 20 260
29 91 59 75 M 0 10 M M M 15.3 35 280 M M 1 8 43 290
30 73 52 63 M 2 0 M M M 19.5 35 250 M M 2 8 44 250
31 72 42 57 M 8 0 M M M 7.9 22 310 M M 0 33 260
================================================================================
SM 2313 1118 310 17 M M 268.1 M 13
================================================================================
AV 74.6 36.1 8.6 FASTST M M 0 MAX(MPH)
MISC ----> 38 270 51 270
================================================================================
NOTES:
# LAST OF SEVERAL OCCURRENCES
COLUMN 17 PEAK WIND IN M.P.H.
PRELIMINARY LOCAL CLIMATOLOGICAL DATA (WS FORM: F-6) , PAGE 2
STATION: PECOS MUNICIPAL AIRPORT
MONTH: MARCH
YEAR: 2022
LATITUDE: 31 22 N
LONGITUDE: 103 31 W
[TEMPERATURE DATA] [PRECIPITATION DATA] SYMBOLS USED IN COLUMN 16
AVERAGE MONTHLY: 55.3 TOTAL FOR MONTH: M 1 = FOG OR MIST
DPTR FM NORMAL: 0.0 DPTR FM NORMAL: M 2 = FOG REDUCING VISIBILITY
HIGHEST: 93 ON 28,27 GRTST 24HR M ON M TO 1/4 MILE OR LESS
LOWEST: 17 ON 12 3 = THUNDER
SNOW, ICE PELLETS, HAIL 4 = ICE PELLETS
TOTAL MONTH: M 5 = HAIL
GRTST 24HR M ON M 6 = FREEZING RAIN OR DRIZZLE
GRTST DEPTH: M ON M 7 = DUSTSTORM OR SANDSTORM:
VSBY 1/2 MILE OR LESS
8 = SMOKE OR HAZE
[NO. OF DAYS WITH] [WEATHER - DAYS WITH] 9 = BLOWING SNOW
X = TORNADO
MAX 32 OR BELOW: 0 0.01 INCH OR MORE: 0
MAX 90 OR ABOVE: 3 0.10 INCH OR MORE: 0
MIN 32 OR BELOW: 12 0.50 INCH OR MORE: 0
MIN 0 OR BELOW: 0 1.00 INCH OR MORE: 0
[HDD (BASE 65) ]
TOTAL THIS MO. 310 CLEAR (SCALE 0-3) 30
DPTR FM NORMAL M PTCLDY (SCALE 4-7) 1
TOTAL FM JUL 1 2124 CLOUDY (SCALE 8-10) 0
DPTR FM NORMAL M
[CDD (BASE 65) ]
TOTAL THIS MO. 17
DPTR FM NORMAL M [PRESSURE DATA]
TOTAL FM JAN 1 17 HIGHEST SLP M ON M
DPTR FM NORMAL M LOWEST SLP M ON M
[REMARKS]
#FINAL-03-22#